000
CDUS43 KPAH 040639
CLIEVV


CLIMATE REPORT
NATIONAL WEATHER SERVICE PADUCAH KY
135 AM CDT SAT JUL 4 2015


...................................

...THE EVANSVILLE IN CLIMATE SUMMARY FOR JULY 3 2015...

CLIMATE NORMAL PERIOD 1981 TO 2010
CLIMATE RECORD PERIOD 1896 TO 2015


WEATHER ITEM   OBSERVED TIME   RECORD YEAR NORMAL DEPARTURE LAST
                VALUE   (LST)  VALUE       VALUE  FROM      YEAR
                                                  NORMAL
..................................................................
TEMPERATURE (F)
 YESTERDAY
  MAXIMUM         83    330 PM 101    1911  89     -6       75
  MINIMUM         69   1159 PM  50    1930  68      1       60
  AVERAGE         76                        78     -2       68

PRECIPITATION (IN)
  YESTERDAY        0.62          1.86 1981   0.12   0.50     0.00
  MONTH TO DATE    1.01                      0.38   0.63     2.22
  SINCE JUN 1      8.40                      4.16   4.24     6.09
  SINCE JAN 1     30.84                     24.40   6.44    27.58

SNOWFALL (IN)
  YESTERDAY        0.0                       0.0    0.0      0.0
  MONTH TO DATE    0.0                       0.0    0.0      0.0
  SINCE JUN 1      0.0                       0.0    0.0      0.0
  SINCE JUL 1      0.0                       0.0    0.0      0.0
  SNOW DEPTH       0

DEGREE DAYS
 HEATING
  YESTERDAY        0                         0      0        0
  MONTH TO DATE    0                         0      0        0
  SINCE JUN 1      7                         6      1        0
  SINCE JUL 1      0                         0      0        0

 COOLING
  YESTERDAY       11                        13     -2        3
  MONTH TO DATE   33                        39     -6       28
  SINCE JUN 1    385                       337     48      390
  SINCE JAN 1    576                       472    104      601
..................................................................


WIND (MPH)
  HIGHEST WIND SPEED    12   HIGHEST WIND DIRECTION    NE (50)
  HIGHEST GUST SPEED    17   HIGHEST GUST DIRECTION    NW (320)
  AVERAGE WIND SPEED     3.9


SKY COVER
  AVERAGE SKY COVER 0.6


WEATHER CONDITIONS
 THE FOLLOWING WEATHER WAS RECORDED YESTERDAY.
  THUNDERSTORM
  HEAVY RAIN
  RAIN
  LIGHT RAIN
  FOG
  HAZE


RELATIVE HUMIDITY (PERCENT)
 HIGHEST    97
 LOWEST     65
 AVERAGE    81

..........................................................


THE EVANSVILLE IN CLIMATE NORMALS FOR TODAY
                         NORMAL    RECORD    YEAR
 MAXIMUM TEMPERATURE (F)   89       103      2012
 MINIMUM TEMPERATURE (F)   68        50      1968


SUNRISE AND SUNSET
JULY  4 2015..........SUNRISE   532 AM CDT   SUNSET   816 PM CDT
JULY  5 2015..........SUNRISE   533 AM CDT   SUNSET   816 PM CDT


-  INDICATES NEGATIVE NUMBERS.
R  INDICATES RECORD WAS SET OR TIED.
MM INDICATES DATA IS MISSING.
T  INDICATES TRACE AMOUNT.




$$
