000
CDUS43 KPAH 180631
CLIEVV


CLIMATE REPORT
NATIONAL WEATHER SERVICE PADUCAH KY
130 AM CDT THU SEP 18 2014


...................................

...THE EVANSVILLE IN CLIMATE SUMMARY FOR SEPTEMBER 17 2014...

CLIMATE NORMAL PERIOD 1981 TO 2010
CLIMATE RECORD PERIOD 1896 TO 2014


WEATHER ITEM   OBSERVED TIME   RECORD YEAR NORMAL DEPARTURE LAST
                VALUE   (LST)  VALUE       VALUE  FROM      YEAR
                                                  NORMAL
..................................................................
TEMPERATURE (F)
 YESTERDAY
  MAXIMUM         71    351 PM  96    1931  81    -10       MM
                                      1927
  MINIMUM         46    606 AM  44    1999  56    -10       58
                                      1984
                                      1961
  AVERAGE         59                        69    -10       MM

PRECIPITATION (IN)
  YESTERDAY        0.00          2.37 2012   0.10  -0.10     0.00
  MONTH TO DATE    1.64                      1.73  -0.09     1.30
  SINCE SEP 1      1.64                      1.73  -0.09     1.30
  SINCE JAN 1     35.82                     32.65   3.17    36.63

SNOWFALL (IN)
  YESTERDAY        0.0           0.0    MM   0.0    0.0      0.0
  MONTH TO DATE    0.0                       0.0    0.0      0.0
  SINCE SEP 1      0.0                       0.0    0.0      0.0
  SINCE JUL 1      0.0                       0.0    0.0      0.0
  SNOW DEPTH       0

DEGREE DAYS
 HEATING
  YESTERDAY        6                         1      5       MM
  MONTH TO DATE   27                         7     20        4
  SINCE SEP 1     27                         7     20        4
  SINCE JUL 1     27                         8     19        4

 COOLING
  YESTERDAY        0                         5     -5       MM
  MONTH TO DATE  108                       123    -15      154
  SINCE SEP 1    108                       123    -15      154
  SINCE JAN 1   1388                      1322     66     1346
..................................................................


WIND (MPH)
  HIGHEST WIND SPEED    12   HIGHEST WIND DIRECTION     E (100)
  HIGHEST GUST SPEED    15   HIGHEST GUST DIRECTION     E (80)
  AVERAGE WIND SPEED     3.0


SKY COVER
  AVERAGE SKY COVER 0.3


WEATHER CONDITIONS
 THE FOLLOWING WEATHER WAS RECORDED YESTERDAY.
  FOG
  HAZE


RELATIVE HUMIDITY (PERCENT)
 HIGHEST    93
 LOWEST     51
 AVERAGE    72

..........................................................


THE EVANSVILLE IN CLIMATE NORMALS FOR TODAY
                         NORMAL    RECORD    YEAR
 MAXIMUM TEMPERATURE (F)   81        98      1953
                                             1908
 MINIMUM TEMPERATURE (F)   56        42      1901


SUNRISE AND SUNSET
SEPTEMBER 18 2014.....SUNRISE   634 AM CDT   SUNSET   653 PM CDT
SEPTEMBER 19 2014.....SUNRISE   635 AM CDT   SUNSET   652 PM CDT


-  INDICATES NEGATIVE NUMBERS.
R  INDICATES RECORD WAS SET OR TIED.
MM INDICATES DATA IS MISSING.
T  INDICATES TRACE AMOUNT.




$$
