000
CDUS43 KPAH 140637
CLIEVV


CLIMATE REPORT
NATIONAL WEATHER SERVICE PADUCAH KY
131 AM CDT MON APR 14 2014


...................................

...THE EVANSVILLE IN CLIMATE SUMMARY FOR APRIL 13 2014...

CLIMATE NORMAL PERIOD 1981 TO 2010
CLIMATE RECORD PERIOD 1896 TO 2014


WEATHER ITEM   OBSERVED TIME   RECORD YEAR NORMAL DEPARTURE LAST
                VALUE   (LST)  VALUE       VALUE  FROM      YEAR
                                                  NORMAL
..................................................................
TEMPERATURE (F)
 YESTERDAY
  MAXIMUM         78   1233 PM  86    1977  67     11       63
  MINIMUM         62   1159 PM  26    1957  44     18       34
                                      1950
  AVERAGE         70                        55     15       49

PRECIPITATION (IN)
  YESTERDAY        0.42          2.33 1911   0.14   0.28     0.00
  MONTH TO DATE    7.41                      1.75   5.66     1.48
  SINCE MAR 1     10.26                      5.99   4.27     5.56
  SINCE JAN 1     14.21                     12.26   1.95    15.09

SNOWFALL (IN)
  YESTERDAY        0.0           T    1997   0.0    0.0      0.0
  MONTH TO DATE    0.0                       0.1   -0.1      0.0
  SINCE MAR 1      2.6                       1.1    1.5       T
  SINCE JUL 1     12.6                      11.8    0.8     12.3
  SNOW DEPTH       0

DEGREE DAYS
 HEATING
  YESTERDAY        0                        10    -10       16
  MONTH TO DATE  100                       158    -58      158
  SINCE MAR 1    813                       750     63      939
  SINCE JUL 1   4775                      4324    451     4302

 COOLING
  YESTERDAY        5                         1      4        0
  MONTH TO DATE    5                         5      0       19
  SINCE MAR 1      5                         8     -3       19
  SINCE JAN 1      5                         8     -3       19
..................................................................


WIND (MPH)
  HIGHEST WIND SPEED    30   HIGHEST WIND DIRECTION    SW (220)
  HIGHEST GUST SPEED    38   HIGHEST GUST DIRECTION    SW (220)
  AVERAGE WIND SPEED    13.5


SKY COVER
  AVERAGE SKY COVER 0.5


WEATHER CONDITIONS
 THE FOLLOWING WEATHER WAS RECORDED YESTERDAY.
  HEAVY RAIN
  RAIN
  LIGHT RAIN
  FOG


RELATIVE HUMIDITY (PERCENT)
 HIGHEST    78
 LOWEST     43
 AVERAGE    61

..........................................................


THE EVANSVILLE IN CLIMATE NORMALS FOR TODAY
                         NORMAL    RECORD    YEAR
 MAXIMUM TEMPERATURE (F)   67        86      2010
 MINIMUM TEMPERATURE (F)   44        24      1950


SUNRISE AND SUNSET
APRIL 14 2014.........SUNRISE   616 AM CDT   SUNSET   725 PM CDT
APRIL 15 2014.........SUNRISE   615 AM CDT   SUNSET   726 PM CDT


-  INDICATES NEGATIVE NUMBERS.
R  INDICATES RECORD WAS SET OR TIED.
MM INDICATES DATA IS MISSING.
T  INDICATES TRACE AMOUNT.




$$
