000
CDUS43 KPAH 260630
CLIEVV


CLIMATE REPORT
NATIONAL WEATHER SERVICE PADUCAH KY
129 AM CDT MON SEP 26 2016

...................................

...THE EVANSVILLE IN CLIMATE SUMMARY FOR SEPTEMBER 25 2016...

CLIMATE NORMAL PERIOD 1981 TO 2010
CLIMATE RECORD PERIOD 1896 TO 2016

WEATHER ITEM   OBSERVED TIME   RECORD YEAR NORMAL DEPARTURE LAST
                VALUE   (LST)  VALUE       VALUE  FROM      YEAR
                                                  NORMAL
..................................................................
TEMPERATURE (F)
 YESTERDAY
  MAXIMUM         93R   216 PM  92    1931  78     15       88
  MINIMUM         66    608 AM  37    1950  53     13       61
  AVERAGE         80                        65     15       75

PRECIPITATION (IN)
  YESTERDAY        0.00          3.25 1945   0.11  -0.11      T
  MONTH TO DATE    2.43                      2.52  -0.09     0.13
  SINCE SEP 1      2.43                      2.52  -0.09     0.13
  SINCE JAN 1     40.89                     33.44   7.45    37.69

SNOWFALL (IN)
  YESTERDAY        0.0           0.0  2002   0.0    0.0      0.0
                                      2001
  MONTH TO DATE    0.0                       0.0    0.0      0.0
  SINCE SEP 1      0.0                       0.0    0.0      0.0
  SINCE JUL 1      0.0                       0.0    0.0      0.0
  SNOW DEPTH       0

DEGREE DAYS
 HEATING
  YESTERDAY        0                         3     -3        0
  MONTH TO DATE    0                        26    -26        6
  SINCE SEP 1      0                        26    -26        6
  SINCE JUL 1      0                        27    -27        6

 COOLING
  YESTERDAY       15                         3     12       10
  MONTH TO DATE  281                       153    128      207
  SINCE SEP 1    281                       153    128      207
  SINCE JAN 1   1667                      1352    315     1506
..................................................................

WIND (MPH)
  HIGHEST WIND SPEED     8   HIGHEST WIND DIRECTION    SW (240)
  HIGHEST GUST SPEED    10   HIGHEST GUST DIRECTION     W (260)
  AVERAGE WIND SPEED     1.9

SKY COVER
  AVERAGE SKY COVER 0.0

WEATHER CONDITIONS
 THE FOLLOWING WEATHER WAS RECORDED YESTERDAY.
  FOG
  HAZE

RELATIVE HUMIDITY (PERCENT)
 HIGHEST    93
 LOWEST     41
 AVERAGE    67
..........................................................

THE EVANSVILLE IN CLIMATE NORMALS FOR TODAY
                         NORMAL    RECORD    YEAR
 MAXIMUM TEMPERATURE (F)   77        94      1897
 MINIMUM TEMPERATURE (F)   52        37      2001

SUNRISE AND SUNSET
SEPTEMBER 26 2016.....SUNRISE   642 AM CDT   SUNSET   640 PM CDT
SEPTEMBER 27 2016.....SUNRISE   643 AM CDT   SUNSET   638 PM CDT

-  INDICATES NEGATIVE NUMBERS.
R  INDICATES RECORD WAS SET OR TIED.
MM INDICATES DATA IS MISSING.
T  INDICATES TRACE AMOUNT.

$$
