659
CDUS43 KPAH 240632
CLIEVV


CLIMATE REPORT
NATIONAL WEATHER SERVICE PADUCAH KY
126 AM CDT SUN SEP 24 2017


...................................

...THE EVANSVILLE IN CLIMATE SUMMARY FOR SEPTEMBER 23 2017...

CLIMATE NORMAL PERIOD 1981 TO 2010
CLIMATE RECORD PERIOD 1896 TO 2017


WEATHER ITEM   OBSERVED TIME   RECORD YEAR NORMAL DEPARTURE LAST
                VALUE   (LST)  VALUE       VALUE  FROM      YEAR
                                                  NORMAL
..................................................................
TEMPERATURE (F)
 YESTERDAY
  MAXIMUM         89    217 PM  96    2010  78     11       92
  MINIMUM         66    609 AM  36    1995  54     12       65
  AVERAGE         78                        66     12       79

PRECIPITATION (IN)
  YESTERDAY        0.00          2.40 1955   0.10  -0.10     0.00
  MONTH TO DATE    3.24                      2.31   0.93     2.43
  SINCE SEP 1      3.24                      2.31   0.93     2.43
  SINCE JAN 1     35.65                     33.23   2.42    40.89

SNOWFALL (IN)
  YESTERDAY        0.0           0.0  2002   0.0    0.0      0.0
                                      2001
  MONTH TO DATE    0.0                       0.0    0.0      0.0
  SINCE SEP 1      0.0                       0.0    0.0      0.0
  SINCE JUL 1      0.0                       0.0    0.0      0.0
  SNOW DEPTH       0

DEGREE DAYS
 HEATING
  YESTERDAY        0                         3     -3        0
  MONTH TO DATE   12                        20     -8        0
  SINCE SEP 1     12                        20     -8        0
  SINCE JUL 1     12                        21     -9        0

 COOLING
  YESTERDAY       13                         3     10       14
  MONTH TO DATE  142                       147     -5      251
  SINCE SEP 1    142                       147     -5      251
  SINCE JAN 1   1432                      1346     86     1637
..................................................................


WIND (MPH)
  HIGHEST WIND SPEED    12   HIGHEST WIND DIRECTION     E (100)
  HIGHEST GUST SPEED    16   HIGHEST GUST DIRECTION     E (80)
  AVERAGE WIND SPEED     2.7


SKY COVER
  AVERAGE SKY COVER 0.0


WEATHER CONDITIONS
 THE FOLLOWING WEATHER WAS RECORDED YESTERDAY.
  FOG


RELATIVE HUMIDITY (PERCENT)
 HIGHEST    93
 LOWEST     40
 AVERAGE    67

..........................................................


THE EVANSVILLE IN CLIMATE NORMALS FOR TODAY
                         NORMAL    RECORD    YEAR
 MAXIMUM TEMPERATURE (F)   78        94      2016
                                             2007
                                             1961
 MINIMUM TEMPERATURE (F)   53        34      1983


SUNRISE AND SUNSET
SEPTEMBER 24 2017.....SUNRISE   640 AM CDT   SUNSET   644 PM CDT
SEPTEMBER 25 2017.....SUNRISE   641 AM CDT   SUNSET   642 PM CDT


-  INDICATES NEGATIVE NUMBERS.
R  INDICATES RECORD WAS SET OR TIED.
MM INDICATES DATA IS MISSING.
T  INDICATES TRACE AMOUNT.




$$
