000
CDUS43 KPAH 270638
CLIEVV


CLIMATE REPORT
NATIONAL WEATHER SERVICE PADUCAH KY
1235 AM CST SAT DEC 27 2014


...................................

...THE EVANSVILLE IN CLIMATE SUMMARY FOR DECEMBER 26 2014...

CLIMATE NORMAL PERIOD 1981 TO 2010
CLIMATE RECORD PERIOD 1896 TO 2014


WEATHER ITEM   OBSERVED TIME   RECORD YEAR NORMAL DEPARTURE LAST
                VALUE   (LST)  VALUE       VALUE  FROM      YEAR
                                                  NORMAL
..................................................................
TEMPERATURE (F)
 YESTERDAY
  MAXIMUM         58    254 PM  73    1942  42     16       43
  MINIMUM         35    626 AM   3    1903  25     10       26
  AVERAGE         47                        34     13       35

PRECIPITATION (IN)
  YESTERDAY        0.00          1.38 1916   0.11  -0.11     0.00
  MONTH TO DATE    2.98                      3.22  -0.24     7.20
  SINCE DEC 1      2.98                      3.22  -0.24     7.20
  SINCE JAN 1     46.76                     44.77   1.99    53.45

SNOWFALL (IN)
  YESTERDAY        0.0           7.7  2012   0.1   -0.1      0.0
  MONTH TO DATE    T                         2.5   -2.5      7.2
  SINCE DEC 1      T                         2.5   -2.5      7.2
  SINCE JUL 1      2.4                       2.8   -0.4      7.2
  SNOW DEPTH       0

DEGREE DAYS
 HEATING
  YESTERDAY       18                        32    -14       30
  MONTH TO DATE  629                       752   -123      765
  SINCE DEC 1    629                       752   -123      765
  SINCE JUL 1   1632                      1613     19     1679

 COOLING
  YESTERDAY        0                         0      0        0
  MONTH TO DATE    0                         0      0        0
  SINCE DEC 1      0                         0      0        0
  SINCE JAN 1   1477                      1397     80     1464
..................................................................


WIND (MPH)
  HIGHEST WIND SPEED    17   HIGHEST WIND DIRECTION    SW (230)
  HIGHEST GUST SPEED    23   HIGHEST GUST DIRECTION    SW (230)
  AVERAGE WIND SPEED     7.7


SKY COVER
  AVERAGE SKY COVER 0.1


WEATHER CONDITIONS
 THE FOLLOWING WEATHER WAS RECORDED YESTERDAY.
  NO SIGNIFICANT WEATHER WAS OBSERVED.


RELATIVE HUMIDITY (PERCENT)
 HIGHEST    89
 LOWEST     57
 AVERAGE    73

..........................................................


THE EVANSVILLE IN CLIMATE NORMALS FOR TODAY
                         NORMAL    RECORD    YEAR
 MAXIMUM TEMPERATURE (F)   42        73      2008
 MINIMUM TEMPERATURE (F)   25         0      1925


SUNRISE AND SUNSET
DECEMBER 27 2014......SUNRISE   705 AM CST   SUNSET   437 PM CST
DECEMBER 28 2014......SUNRISE   705 AM CST   SUNSET   438 PM CST


-  INDICATES NEGATIVE NUMBERS.
R  INDICATES RECORD WAS SET OR TIED.
MM INDICATES DATA IS MISSING.
T  INDICATES TRACE AMOUNT.




$$
