000
CDUS43 KPAH 140642
CLIEVV


CLIMATE REPORT
NATIONAL WEATHER SERVICE PADUCAH KY
1239 AM CST SUN JAN 14 2018


...................................

...THE EVANSVILLE IN CLIMATE SUMMARY FOR JANUARY 13 2018...

CLIMATE NORMAL PERIOD 1981 TO 2010
CLIMATE RECORD PERIOD 1896 TO 2018


WEATHER ITEM   OBSERVED TIME   RECORD YEAR NORMAL DEPARTURE LAST
                VALUE   (LST)  VALUE       VALUE  FROM      YEAR
                                                  NORMAL
..................................................................
TEMPERATURE (F)
 YESTERDAY
  MAXIMUM         22    206 PM  67    1995  41    -19       37
  MINIMUM          5   1153 PM  -8    1977  24    -19       33
  AVERAGE         14                        32    -18       35

PRECIPITATION (IN)
  YESTERDAY        T             1.62 2013   0.10  -0.10     0.46
  MONTH TO DATE    1.69                      1.28   0.41     1.18
  SINCE DEC 1      4.11                      5.04  -0.93     5.10
  SINCE JAN 1      1.69                      1.28   0.41     1.18

SNOWFALL (IN)
  YESTERDAY        T             1.8  1968   0.1   -0.1      0.0
  MONTH TO DATE    4.3                       1.4    2.9      0.4
  SINCE DEC 1      4.3                       4.6   -0.3      0.4
  SINCE JUL 1      4.3                       4.9   -0.6      0.4
  SNOW DEPTH       4

DEGREE DAYS
 HEATING
  YESTERDAY       51                        33     18       30
  MONTH TO DATE  503                       424     79      391
  SINCE DEC 1   1384                      1335     49     1291
  SINCE JUL 1   2164                      2196    -32     1821

 COOLING
  YESTERDAY        0                         0      0        0
  MONTH TO DATE    0                         0      0        0
  SINCE DEC 1      0                         0      0        0
  SINCE JAN 1      0                         0      0        0
..................................................................


WIND (MPH)
  HIGHEST WIND SPEED    18   HIGHEST WIND DIRECTION    NW (330)
  HIGHEST GUST SPEED    27   HIGHEST GUST DIRECTION    NW (320)
  AVERAGE WIND SPEED     7.2


SKY COVER
  AVERAGE SKY COVER 0.2


WEATHER CONDITIONS
 THE FOLLOWING WEATHER WAS RECORDED YESTERDAY.
  LIGHT SNOW


RELATIVE HUMIDITY (PERCENT)
 HIGHEST   100
 LOWEST     62
 AVERAGE    81

..........................................................


THE EVANSVILLE IN CLIMATE NORMALS FOR TODAY
                         NORMAL    RECORD    YEAR
 MAXIMUM TEMPERATURE (F)   41        68      1932
 MINIMUM TEMPERATURE (F)   24        -6      1964


SUNRISE AND SUNSET
JANUARY 14 2018.......SUNRISE   705 AM CST   SUNSET   453 PM CST
JANUARY 15 2018.......SUNRISE   705 AM CST   SUNSET   454 PM CST


-  INDICATES NEGATIVE NUMBERS.
R  INDICATES RECORD WAS SET OR TIED.
MM INDICATES DATA IS MISSING.
T  INDICATES TRACE AMOUNT.




$$
