000
CDUS43 KPAH 280629
CLIEVV


CLIMATE REPORT
NATIONAL WEATHER SERVICE PADUCAH KY
129 AM CDT THU MAY 28 2015


...................................

...THE EVANSVILLE IN CLIMATE SUMMARY FOR MAY 27 2015...

CLIMATE NORMAL PERIOD 1981 TO 2010
CLIMATE RECORD PERIOD 1896 TO 2015


WEATHER ITEM   OBSERVED TIME   RECORD YEAR NORMAL DEPARTURE LAST
                VALUE   (LST)  VALUE       VALUE  FROM      YEAR
                                                  NORMAL
..................................................................
TEMPERATURE (F)
 YESTERDAY
  MAXIMUM         80    123 PM  96    1911  80      0       89
  MINIMUM         62    453 AM  35    1961  58      4       69
  AVERAGE         71                        69      2       79

PRECIPITATION (IN)
  YESTERDAY        0.01          3.49 2008   0.17  -0.16      T
  MONTH TO DATE    2.97                      4.67  -1.70     3.66
  SINCE MAR 1     16.44                     13.28   3.16    17.48
  SINCE JAN 1     21.97                     19.55   2.42    21.43

SNOWFALL (IN)
  YESTERDAY        0.0           0.0  2002   0.0    0.0      0.0
                                      2001
  MONTH TO DATE    0.0                       0.0    0.0      0.0
  SINCE MAR 1      8.5                       1.1    7.4      2.6
  SINCE JUL 1     18.5                      11.8    6.7     12.6
  SNOW DEPTH       0

DEGREE DAYS
 HEATING
  YESTERDAY        0                         1     -1        0
  MONTH TO DATE   52                        82    -30       92
  SINCE MAR 1    867                       963    -96     1018
  SINCE JUL 1   4703                      4537    166     4980

 COOLING
  YESTERDAY        6                         5      1       14
  MONTH TO DATE  132                        84     48      152
  SINCE MAR 1    160                       111     49      162
  SINCE JAN 1    160                       111     49      162
..................................................................


WIND (MPH)
  HIGHEST WIND SPEED    21   HIGHEST WIND DIRECTION    SW (220)
  HIGHEST GUST SPEED    26   HIGHEST GUST DIRECTION    SW (220)
  AVERAGE WIND SPEED     6.8


SKY COVER
  AVERAGE SKY COVER 0.0


WEATHER CONDITIONS
 THE FOLLOWING WEATHER WAS RECORDED YESTERDAY.
  THUNDERSTORM
  LIGHT RAIN
  FOG
  HAZE


RELATIVE HUMIDITY (PERCENT)
 HIGHEST    93
 LOWEST     56
 AVERAGE    75

..........................................................


THE EVANSVILLE IN CLIMATE NORMALS FOR TODAY
                         NORMAL    RECORD    YEAR
 MAXIMUM TEMPERATURE (F)   81        98      1911
 MINIMUM TEMPERATURE (F)   58        43      1961


SUNRISE AND SUNSET
MAY 28 2015...........SUNRISE   531 AM CDT   SUNSET   804 PM CDT
MAY 29 2015...........SUNRISE   530 AM CDT   SUNSET   805 PM CDT


-  INDICATES NEGATIVE NUMBERS.
R  INDICATES RECORD WAS SET OR TIED.
MM INDICATES DATA IS MISSING.
T  INDICATES TRACE AMOUNT.




$$
