000
CDUS43 KPAH 180627
CLIEVV


CLIMATE REPORT
NATIONAL WEATHER SERVICE PADUCAH KY
1226 AM CST SAT FEB 18 2017


...................................

...THE EVANSVILLE IN CLIMATE SUMMARY FOR FEBRUARY 17 2017...

CLIMATE NORMAL PERIOD 1981 TO 2010
CLIMATE RECORD PERIOD 1896 TO 2017


WEATHER ITEM   OBSERVED TIME   RECORD YEAR NORMAL DEPARTURE LAST
                VALUE   (LST)  VALUE       VALUE  FROM      YEAR
                                                  NORMAL
..................................................................
TEMPERATURE (F)
 YESTERDAY
  MAXIMUM         69    332 PM  71    1911  47     22       42
  MINIMUM         41    646 AM  -3    1958  28     13       29
                                      1903
  AVERAGE         55                        37     18       36

PRECIPITATION (IN)
  YESTERDAY        0.00          1.89 1976   0.10  -0.10     0.00
  MONTH TO DATE    0.52                      1.96  -1.44     2.23
  SINCE DEC 1      6.71                      8.82  -2.11     9.43
  SINCE JAN 1      2.79                      5.06  -2.27     4.23

SNOWFALL (IN)
  YESTERDAY        0.0           3.0  1967   0.1   -0.1      0.0
  MONTH TO DATE    T                         2.5   -2.5      3.3
  SINCE DEC 1      0.4                       9.1   -8.7     14.2
  SINCE JUL 1      0.4                       9.4   -9.0     14.2
  SNOW DEPTH       0

DEGREE DAYS
 HEATING
  YESTERDAY       10                        28    -18       29
  MONTH TO DATE  387                       509   -122      509
  SINCE DEC 1   2050                      2427   -377     1990
  SINCE JUL 1   2580                      3288   -708     2599

 COOLING
  YESTERDAY        0                         0      0        0
  MONTH TO DATE    0                         0      0        0
  SINCE DEC 1      0                         0      0        3
  SINCE JAN 1      0                         0      0        0
..................................................................


WIND (MPH)
  HIGHEST WIND SPEED    21   HIGHEST WIND DIRECTION    SW (210)
  HIGHEST GUST SPEED    28   HIGHEST GUST DIRECTION    SW (220)
  AVERAGE WIND SPEED    10.1


SKY COVER
  AVERAGE SKY COVER 0.0


WEATHER CONDITIONS
 THE FOLLOWING WEATHER WAS RECORDED YESTERDAY.
  NO SIGNIFICANT WEATHER WAS OBSERVED.


RELATIVE HUMIDITY (PERCENT)
 HIGHEST    67
 LOWEST     26
 AVERAGE    47

..........................................................


THE EVANSVILLE IN CLIMATE NORMALS FOR TODAY
                         NORMAL    RECORD    YEAR
 MAXIMUM TEMPERATURE (F)   47        73      1961
 MINIMUM TEMPERATURE (F)   28        -6      1936


SUNRISE AND SUNSET
FEBRUARY 18 2017......SUNRISE   636 AM CST   SUNSET   532 PM CST
FEBRUARY 19 2017......SUNRISE   635 AM CST   SUNSET   533 PM CST


-  INDICATES NEGATIVE NUMBERS.
R  INDICATES RECORD WAS SET OR TIED.
MM INDICATES DATA IS MISSING.
T  INDICATES TRACE AMOUNT.




$$
