303
CDUS43 KPAH 160633
CLIEVV


CLIMATE REPORT
NATIONAL WEATHER SERVICE PADUCAH KY
1229 AM CST THU NOV 16 2017


...................................

...THE EVANSVILLE IN CLIMATE SUMMARY FOR NOVEMBER 15 2017...

CLIMATE NORMAL PERIOD 1981 TO 2010
CLIMATE RECORD PERIOD 1896 TO 2017


WEATHER ITEM   OBSERVED TIME   RECORD YEAR NORMAL DEPARTURE LAST
                VALUE   (LST)  VALUE       VALUE  FROM      YEAR
                                                  NORMAL
..................................................................
TEMPERATURE (F)
 YESTERDAY
  MAXIMUM         52    756 PM  80    1955  57     -5       69
  MINIMUM         40   1151 PM  17    1940  37      3       40
  AVERAGE         46                        47     -1       55

PRECIPITATION (IN)
  YESTERDAY        0.36          3.18 2005   0.15   0.21      T
  MONTH TO DATE    1.29                      2.03  -0.74     0.09
  SINCE SEP 1      8.24                      8.33  -0.09     4.59
  SINCE JAN 1     40.65                     39.25   1.40    43.05

SNOWFALL (IN)
  YESTERDAY       MM             T    2014   0.0   MM        0.0
                                      2007
                                      1970
  MONTH TO DATE    0.0                       0.0    0.0      0.0
  SINCE SEP 1      0.0                       0.2   -0.2      0.0
  SINCE JUL 1      0.0                       0.2   -0.2      0.0
  SNOW DEPTH       0

DEGREE DAYS
 HEATING
  YESTERDAY       19                        18      1       10
  MONTH TO DATE  228                       231     -3      158
  SINCE SEP 1    462                       533    -71      266
  SINCE JUL 1    462                       534    -72      266

 COOLING
  YESTERDAY        0                         0      0        0
  MONTH TO DATE    2                         0      2       11
  SINCE SEP 1    277                       196     81      389
  SINCE JAN 1   1567                      1395    172     1775
..................................................................


WIND (MPH)
  HIGHEST WIND SPEED    16   HIGHEST WIND DIRECTION    SW (220)
  HIGHEST GUST SPEED    20   HIGHEST GUST DIRECTION    SW (210)
  AVERAGE WIND SPEED     6.7


SKY COVER
  AVERAGE SKY COVER 1.0


WEATHER CONDITIONS
 THE FOLLOWING WEATHER WAS RECORDED YESTERDAY.
  HEAVY RAIN
  RAIN
  LIGHT RAIN
  FOG
  FOG W/VISIBILITY <= 1/4 MILE


RELATIVE HUMIDITY (PERCENT)
 HIGHEST   100
 LOWEST     65
 AVERAGE    83

..........................................................


THE EVANSVILLE IN CLIMATE NORMALS FOR TODAY
                         NORMAL    RECORD    YEAR
 MAXIMUM TEMPERATURE (F)   56        78      1952
                                             1931
 MINIMUM TEMPERATURE (F)   36        18      1997


SUNRISE AND SUNSET
NOVEMBER 16 2017......SUNRISE   632 AM CST   SUNSET   437 PM CST
NOVEMBER 17 2017......SUNRISE   633 AM CST   SUNSET   437 PM CST


-  INDICATES NEGATIVE NUMBERS.
R  INDICATES RECORD WAS SET OR TIED.
MM INDICATES DATA IS MISSING.
T  INDICATES TRACE AMOUNT.




$$
