000
CDUS43 KPAH 280630
CLIEVV


CLIMATE REPORT
NATIONAL WEATHER SERVICE PADUCAH KY
1227 AM CST SAT FEB 28 2015


...................................

...THE EVANSVILLE IN CLIMATE SUMMARY FOR FEBRUARY 27 2015...

CLIMATE NORMAL PERIOD 1981 TO 2010
CLIMATE RECORD PERIOD 1896 TO 2015


WEATHER ITEM   OBSERVED TIME   RECORD YEAR NORMAL DEPARTURE LAST
                VALUE   (LST)  VALUE       VALUE  FROM      YEAR
                                                  NORMAL
..................................................................
TEMPERATURE (F)
 YESTERDAY
  MAXIMUM         25    314 PM  77    1996  50    -25       30
  MINIMUM         12    646 AM  -1    1934  30    -18       16
  AVERAGE         19                        40    -21       23

PRECIPITATION (IN)
  YESTERDAY        0.00          1.24 1996   0.11  -0.11     0.00
  MONTH TO DATE    2.56                      3.06  -0.50     2.26
  SINCE DEC 1      8.96                      9.92  -0.96    11.28
  SINCE JAN 1      5.53                      6.16  -0.63     3.95

SNOWFALL (IN)
  YESTERDAY        0.0           6.9  1984   0.1   -0.1      0.0
  MONTH TO DATE    7.4                       3.7    3.7      2.2
  SINCE DEC 1      7.6                      10.3   -2.7     10.0
  SINCE JUL 1     10.0                      10.6   -0.6     10.0
  SNOW DEPTH       1

DEGREE DAYS
 HEATING
  YESTERDAY       46                        25     21       42
  MONTH TO DATE 1031                       771    260      951
  SINCE DEC 1   2795                      2689    106     3013
  SINCE JUL 1   3798                      3550    248     3927

 COOLING
  YESTERDAY        0                         0      0        0
  MONTH TO DATE    0                         0      0        0
  SINCE DEC 1      0                         0      0        0
  SINCE JAN 1      0                         0      0        0
..................................................................


WIND (MPH)
  HIGHEST WIND SPEED    12   HIGHEST WIND DIRECTION     N (20)
  HIGHEST GUST SPEED    15   HIGHEST GUST DIRECTION     N (20)
  AVERAGE WIND SPEED     6.4


SKY COVER
  AVERAGE SKY COVER 0.3


WEATHER CONDITIONS
 THE FOLLOWING WEATHER WAS RECORDED YESTERDAY.
  NO SIGNIFICANT WEATHER WAS OBSERVED.


RELATIVE HUMIDITY (PERCENT)
 HIGHEST    73
 LOWEST     50
 AVERAGE    62

..........................................................


THE EVANSVILLE IN CLIMATE NORMALS FOR TODAY
                         NORMAL    RECORD    YEAR
 MAXIMUM TEMPERATURE (F)   51        75      1918
 MINIMUM TEMPERATURE (F)   31         4      1993


SUNRISE AND SUNSET
FEBRUARY 28 2015......SUNRISE   624 AM CST   SUNSET   542 PM CST
MARCH  1 2015.........SUNRISE   622 AM CST   SUNSET   543 PM CST


-  INDICATES NEGATIVE NUMBERS.
R  INDICATES RECORD WAS SET OR TIED.
MM INDICATES DATA IS MISSING.
T  INDICATES TRACE AMOUNT.




$$
