000
CDUS43 KPAH 270645
CLIEVV


CLIMATE REPORT
NATIONAL WEATHER SERVICE PADUCAH KY
145 AM CDT MON MAR 27 2017


...................................

...THE EVANSVILLE IN CLIMATE SUMMARY FOR MARCH 26 2017...

CLIMATE NORMAL PERIOD 1981 TO 2010
CLIMATE RECORD PERIOD 1896 TO 2017


WEATHER ITEM   OBSERVED TIME   RECORD YEAR NORMAL DEPARTURE LAST
                VALUE   (LST)  VALUE       VALUE  FROM      YEAR
                                                  NORMAL
..................................................................
TEMPERATURE (F)
 YESTERDAY
  MAXIMUM         66    329 PM  80    2007  61      5       65
                                      1991
                                      1921
  MINIMUM         48   1159 PM  10    1955  38     10       32
  AVERAGE         57                        49      8       49

PRECIPITATION (IN)
  YESTERDAY        0.18          2.94 1949   0.15   0.03     0.00
  MONTH TO DATE    3.09                      3.51  -0.42     4.73
  SINCE MAR 1      3.09                      3.51  -0.42     4.73
  SINCE JAN 1      6.36                      9.78  -3.42    11.07

SNOWFALL (IN)
  YESTERDAY       MM             0.3  1978   0.0   MM        0.0
  MONTH TO DATE    1.0                       0.9    0.1       T
  SINCE MAR 1      1.0                       0.9    0.1       T
  SINCE JUL 1      1.4                      11.6  -10.2     14.2
  SNOW DEPTH       0

DEGREE DAYS
 HEATING
  YESTERDAY        8                        16     -8       16
  MONTH TO DATE  464                       516    -52      363
  SINCE MAR 1    464                       516    -52      363
  SINCE JUL 1   3163                      4090   -927     3181

 COOLING
  YESTERDAY        0                         0      0        0
  MONTH TO DATE    3                         0      3        1
  SINCE MAR 1      3                         0      3        1
  SINCE JAN 1      3                         0      3        1
..................................................................


WIND (MPH)
  HIGHEST WIND SPEED    26   HIGHEST WIND DIRECTION    SW (230)
  HIGHEST GUST SPEED    31   HIGHEST GUST DIRECTION    SW (230)
  AVERAGE WIND SPEED     9.0


SKY COVER
  AVERAGE SKY COVER 0.6


WEATHER CONDITIONS
 THE FOLLOWING WEATHER WAS RECORDED YESTERDAY.
  RAIN
  LIGHT RAIN
  FOG


RELATIVE HUMIDITY (PERCENT)
 HIGHEST    90
 LOWEST     52
 AVERAGE    71

..........................................................


THE EVANSVILLE IN CLIMATE NORMALS FOR TODAY
                         NORMAL    RECORD    YEAR
 MAXIMUM TEMPERATURE (F)   61        84      1910
 MINIMUM TEMPERATURE (F)   38        17      1955
                                             1947


SUNRISE AND SUNSET
MARCH 27 2017.........SUNRISE   643 AM CDT   SUNSET   709 PM CDT
MARCH 28 2017.........SUNRISE   641 AM CDT   SUNSET   710 PM CDT


-  INDICATES NEGATIVE NUMBERS.
R  INDICATES RECORD WAS SET OR TIED.
MM INDICATES DATA IS MISSING.
T  INDICATES TRACE AMOUNT.




$$
