000
CDUS43 KPAH 282133
CLIEVV


CLIMATE REPORT
NATIONAL WEATHER SERVICE PADUCAH KY
429 PM CDT SUN AUG 28 2016


...................................

...THE EVANSVILLE IN CLIMATE SUMMARY FOR AUGUST 28 2016...
VALID TODAY AS OF 0400 PM LOCAL TIME.

CLIMATE NORMAL PERIOD 1981 TO 2010
CLIMATE RECORD PERIOD 1896 TO 2016


WEATHER ITEM   OBSERVED TIME   RECORD YEAR NORMAL DEPARTURE LAST
                VALUE   (LST)  VALUE       VALUE  FROM      YEAR
                                                  NORMAL
..................................................................
TEMPERATURE (F)
 TODAY
  MAXIMUM         93   1234 PM 102    1936  87      6       83
  MINIMUM         73    513 AM  48    1986  64      9       57
  AVERAGE         83                        75      8       70

PRECIPITATION (IN)
  TODAY            0.00          2.50 1981   0.10  -0.10     0.00
  MONTH TO DATE    3.14                      2.70   0.44     3.06
  SINCE JUN 1     16.71                     10.40   6.31    15.12
  SINCE JAN 1     38.46                     30.64   7.82    37.56

SNOWFALL (IN)
  TODAY            0.0                                       0.0
  MONTH TO DATE    0.0                                       0.0
  SINCE JUL 1      0.0                                       0.0
  SNOW DEPTH       0

..................................................................


WIND (MPH)
  HIGHEST WIND SPEED     9   HIGHEST WIND DIRECTION     E (90)
  HIGHEST GUST SPEED    12   HIGHEST GUST DIRECTION     E (100)




..........................................................


THE EVANSVILLE IN CLIMATE NORMALS FOR TOMORROW
                         NORMAL    RECORD    YEAR
 MAXIMUM TEMPERATURE (F)   87        98      1925
                                             1897
 MINIMUM TEMPERATURE (F)   63        43      1986


SUNRISE AND SUNSET
AUGUST 28 2016........SUNRISE   617 AM CDT   SUNSET   725 PM CDT
AUGUST 29 2016........SUNRISE   618 AM CDT   SUNSET   723 PM CDT


-  INDICATES NEGATIVE NUMBERS.
R  INDICATES RECORD WAS SET OR TIED.
MM INDICATES DATA IS MISSING.
T  INDICATES TRACE AMOUNT.




$$
