000
CDUS43 KPAH 110643
CLIEVV


CLIMATE REPORT
NATIONAL WEATHER SERVICE PADUCAH KY
1238 AM CST THU FEB 11 2016


...................................

...THE EVANSVILLE IN CLIMATE SUMMARY FOR FEBRUARY 10 2016...

CLIMATE NORMAL PERIOD 1981 TO 2010
CLIMATE RECORD PERIOD 1896 TO 2016


WEATHER ITEM   OBSERVED TIME   RECORD YEAR NORMAL DEPARTURE LAST
                VALUE   (LST)  VALUE       VALUE  FROM      YEAR
                                                  NORMAL
..................................................................
TEMPERATURE (F)
 YESTERDAY
  MAXIMUM         25    506 PM  70    1898  44    -19       45
  MINIMUM         15    723 AM  -7    1899  26    -11       28
  AVERAGE         20                        35    -15       37

PRECIPITATION (IN)
  YESTERDAY        T             1.79 1985   0.11  -0.11     0.00
  MONTH TO DATE    1.92                      1.17   0.75     0.67
  SINCE DEC 1      9.12                      8.03   1.09     7.07
  SINCE JAN 1      3.92                      4.27  -0.35     3.64

SNOWFALL (IN)
  YESTERDAY        T             3.0  1964   0.2   -0.2      0.0
  MONTH TO DATE    0.9                       1.5   -0.6      0.2
  SINCE DEC 1     11.8                       8.1    3.7      0.4
  SINCE JUL 1     11.8                       8.4    3.4      2.8
  SNOW DEPTH       T

DEGREE DAYS
 HEATING
  YESTERDAY       45                        30     15       28
  MONTH TO DATE  263                       308    -45      285
  SINCE DEC 1   1744                      2226   -482     2049
  SINCE JUL 1   2353                      3087   -734     3052

 COOLING
  YESTERDAY        0                         0      0        0
  MONTH TO DATE    0                         0      0        0
  SINCE DEC 1      3                         0      3        0
  SINCE JAN 1      0                         0      0        0
..................................................................


WIND (MPH)
  HIGHEST WIND SPEED    16   HIGHEST WIND DIRECTION     W (260)
  HIGHEST GUST SPEED    25   HIGHEST GUST DIRECTION     W (270)
  AVERAGE WIND SPEED     9.1


SKY COVER
  AVERAGE SKY COVER 0.6


WEATHER CONDITIONS
 THE FOLLOWING WEATHER WAS RECORDED YESTERDAY.
  LIGHT SNOW


RELATIVE HUMIDITY (PERCENT)
 HIGHEST    74
 LOWEST     50
 AVERAGE    62

..........................................................


THE EVANSVILLE IN CLIMATE NORMALS FOR TODAY
                         NORMAL    RECORD    YEAR
 MAXIMUM TEMPERATURE (F)   45        75      1999
 MINIMUM TEMPERATURE (F)   26         1      1955
                                             1899


SUNRISE AND SUNSET
FEBRUARY 11 2016......SUNRISE   645 AM CST   SUNSET   524 PM CST
FEBRUARY 12 2016......SUNRISE   644 AM CST   SUNSET   525 PM CST


-  INDICATES NEGATIVE NUMBERS.
R  INDICATES RECORD WAS SET OR TIED.
MM INDICATES DATA IS MISSING.
T  INDICATES TRACE AMOUNT.

&&
.........................................................
$$
