000
CDUS43 KPAH 160629
CLIEVV


CLIMATE REPORT
NATIONAL WEATHER SERVICE PADUCAH KY
128 AM CDT MON OCT 16 2017


...................................

...THE EVANSVILLE IN CLIMATE SUMMARY FOR OCTOBER 15 2017...

CLIMATE NORMAL PERIOD 1981 TO 2010
CLIMATE RECORD PERIOD 1896 TO 2017


WEATHER ITEM   OBSERVED TIME   RECORD YEAR NORMAL DEPARTURE LAST
                VALUE   (LST)  VALUE       VALUE  FROM      YEAR
                                                  NORMAL
..................................................................
TEMPERATURE (F)
 YESTERDAY
  MAXIMUM         74   1245 AM  90    1963  70      4       81
  MINIMUM         51   1159 PM  29    1961  46      5       54
  AVERAGE         63                        58      5       68

PRECIPITATION (IN)
  YESTERDAY        0.12          1.56 1928   0.11   0.01     0.00
  MONTH TO DATE    1.55                      1.52   0.03     0.34
  SINCE SEP 1      4.79                      4.57   0.22     4.35
  SINCE JAN 1     37.20                     35.49   1.71    42.81

SNOWFALL (IN)
  YESTERDAY        0.0           0.0  2002   0.0    0.0      0.0
                                      2001
  MONTH TO DATE    0.0                       0.0    0.0      0.0
  SINCE SEP 1      0.0                       0.0    0.0      0.0
  SINCE JUL 1      0.0                       0.0    0.0      0.0
  SNOW DEPTH       0

DEGREE DAYS
 HEATING
  YESTERDAY        2                         8     -6        0
  MONTH TO DATE   15                        95    -80       33
  SINCE SEP 1     30                       141   -111       42
  SINCE JUL 1     30                       142   -112       42

 COOLING
  YESTERDAY        0                         1     -1        3
  MONTH TO DATE   73                        22     51       42
  SINCE SEP 1    271                       189     82      323
  SINCE JAN 1   1561                      1388    173     1709
..................................................................


WIND (MPH)
  HIGHEST WIND SPEED    22   HIGHEST WIND DIRECTION     W (290)
  HIGHEST GUST SPEED    30   HIGHEST GUST DIRECTION    NW (320)
  AVERAGE WIND SPEED    10.4


SKY COVER
  AVERAGE SKY COVER 0.7


WEATHER CONDITIONS
 THE FOLLOWING WEATHER WAS RECORDED YESTERDAY.
  RAIN
  LIGHT RAIN
  FOG
  HAZE


RELATIVE HUMIDITY (PERCENT)
 HIGHEST    87
 LOWEST     57
 AVERAGE    72

..........................................................


THE EVANSVILLE IN CLIMATE NORMALS FOR TODAY
                         NORMAL    RECORD    YEAR
 MAXIMUM TEMPERATURE (F)   70        88      1938
 MINIMUM TEMPERATURE (F)   45        27      1991


SUNRISE AND SUNSET
OCTOBER 16 2017.......SUNRISE   700 AM CDT   SUNSET   611 PM CDT
OCTOBER 17 2017.......SUNRISE   701 AM CDT   SUNSET   609 PM CDT


-  INDICATES NEGATIVE NUMBERS.
R  INDICATES RECORD WAS SET OR TIED.
MM INDICATES DATA IS MISSING.
T  INDICATES TRACE AMOUNT.




$$
