000
CDUS43 KPAH 220637
CLIEVV


CLIMATE REPORT
NATIONAL WEATHER SERVICE PADUCAH KY
131 AM CDT MON MAY 22 2017


...................................

...THE EVANSVILLE IN CLIMATE SUMMARY FOR MAY 21 2017...

CLIMATE NORMAL PERIOD 1981 TO 2010
CLIMATE RECORD PERIOD 1896 TO 2017


WEATHER ITEM   OBSERVED TIME   RECORD YEAR NORMAL DEPARTURE LAST
                VALUE   (LST)  VALUE       VALUE  FROM      YEAR
                                                  NORMAL
..................................................................
TEMPERATURE (F)
 YESTERDAY
  MAXIMUM         79    336 PM  94    1987  78      1       74
  MINIMUM         60   1159 PM  40    2002  56      4       53
                                      1954
  AVERAGE         70                        67      3       64

PRECIPITATION (IN)
  YESTERDAY        0.01          1.73 1983   0.18  -0.17      T
  MONTH TO DATE    3.03                      3.66  -0.63     3.75
  SINCE MAR 1     16.77                     12.27   4.50    15.11
  SINCE JAN 1     20.04                     18.54   1.50    21.45

SNOWFALL (IN)
  YESTERDAY        0.0           T    1950   0.0    0.0      0.0
  MONTH TO DATE    0.0                       0.0    0.0      0.0
  SINCE MAR 1      1.0                       1.1   -0.1       T
  SINCE JUL 1      1.4                      11.8  -10.4     14.2
  SNOW DEPTH       0

DEGREE DAYS
 HEATING
  YESTERDAY        0                         2     -2        1
  MONTH TO DATE   68                        72     -4      114
  SINCE MAR 1    688                       953   -265      760
  SINCE JUL 1   3387                      4527  -1140     3578

 COOLING
  YESTERDAY        5                         4      1        0
  MONTH TO DATE  109                        55     54       15
  SINCE MAR 1    170                        82     88       37
  SINCE JAN 1    170                        82     88       37
..................................................................


WIND (MPH)
  HIGHEST WIND SPEED    16   HIGHEST WIND DIRECTION     W (250)
  HIGHEST GUST SPEED    21   HIGHEST GUST DIRECTION    NW (300)
  AVERAGE WIND SPEED     7.7


SKY COVER
  AVERAGE SKY COVER 0.5


WEATHER CONDITIONS
 THE FOLLOWING WEATHER WAS RECORDED YESTERDAY.
  LIGHT RAIN


RELATIVE HUMIDITY (PERCENT)
 HIGHEST    90
 LOWEST     39
 AVERAGE    65

..........................................................


THE EVANSVILLE IN CLIMATE NORMALS FOR TODAY
                         NORMAL    RECORD    YEAR
 MAXIMUM TEMPERATURE (F)   79        93      1975
 MINIMUM TEMPERATURE (F)   56        38      1963


SUNRISE AND SUNSET
MAY 22 2017...........SUNRISE   534 AM CDT   SUNSET   800 PM CDT
MAY 23 2017...........SUNRISE   534 AM CDT   SUNSET   801 PM CDT


-  INDICATES NEGATIVE NUMBERS.
R  INDICATES RECORD WAS SET OR TIED.
MM INDICATES DATA IS MISSING.
T  INDICATES TRACE AMOUNT.




$$
