000
CDUS43 KPAH 270632
CLIEVV


CLIMATE REPORT
NATIONAL WEATHER SERVICE PADUCAH KY
132 AM CDT THU AUG 27 2015


...................................

...THE EVANSVILLE IN CLIMATE SUMMARY FOR AUGUST 26 2015...

CLIMATE NORMAL PERIOD 1981 TO 2010
CLIMATE RECORD PERIOD 1896 TO 2015


WEATHER ITEM   OBSERVED TIME   RECORD YEAR NORMAL DEPARTURE LAST
                VALUE   (LST)  VALUE       VALUE  FROM      YEAR
                                                  NORMAL
..................................................................
TEMPERATURE (F)
 YESTERDAY
  MAXIMUM         81    222 PM 102    1943  88     -7       94
  MINIMUM         55    246 AM  50    1958  64     -9       74
                                      1945
  AVERAGE         68                        76     -8       84

PRECIPITATION (IN)
  YESTERDAY        0.00          2.42 2004   0.09  -0.09     0.00
  MONTH TO DATE    3.06                      2.51   0.55     3.97
  SINCE JUN 1     15.12                     10.21   4.91    11.86
  SINCE JAN 1     37.56                     30.45   7.11    33.35

SNOWFALL (IN)
  YESTERDAY        0.0           0.0  2002   0.0    0.0      0.0
                                      2001
  MONTH TO DATE    0.0                       0.0    0.0      0.0
  SINCE JUN 1      0.0                       0.0    0.0      0.0
  SINCE JUL 1      0.0                       0.0    0.0      0.0
  SNOW DEPTH       0

DEGREE DAYS
 HEATING
  YESTERDAY        0                         0      0        0
  MONTH TO DATE    0                         0      0        0
  SINCE JUN 1      7                         6      1        0
  SINCE JUL 1      0                         0      0        0

 COOLING
  YESTERDAY        3                        11     -8       19
  MONTH TO DATE  265                       310    -45      333
  SINCE JUN 1   1061                      1011     50      990
  SINCE JAN 1   1252                      1146    106     1201
..................................................................


WIND (MPH)
  HIGHEST WIND SPEED    10   HIGHEST WIND DIRECTION     N (10)
  HIGHEST GUST SPEED    14   HIGHEST GUST DIRECTION     N (20)
  AVERAGE WIND SPEED     3.1


SKY COVER
  AVERAGE SKY COVER 0.3


WEATHER CONDITIONS
 THE FOLLOWING WEATHER WAS RECORDED YESTERDAY.
  NO SIGNIFICANT WEATHER WAS OBSERVED.


RELATIVE HUMIDITY (PERCENT)
 HIGHEST    93
 LOWEST     39
 AVERAGE    66

..........................................................


THE EVANSVILLE IN CLIMATE NORMALS FOR TODAY
                         NORMAL    RECORD    YEAR
 MAXIMUM TEMPERATURE (F)   87       102      1936
 MINIMUM TEMPERATURE (F)   64        51      1946


SUNRISE AND SUNSET
AUGUST 27 2015........SUNRISE   615 AM CDT   SUNSET   727 PM CDT
AUGUST 28 2015........SUNRISE   616 AM CDT   SUNSET   726 PM CDT


-  INDICATES NEGATIVE NUMBERS.
R  INDICATES RECORD WAS SET OR TIED.
MM INDICATES DATA IS MISSING.
T  INDICATES TRACE AMOUNT.




$$
