000
CDUS43 KPAH 230637
CLIEVV


CLIMATE REPORT
NATIONAL WEATHER SERVICE PADUCAH KY
1235 AM CST TUE DEC 23 2014


...................................

...THE EVANSVILLE IN CLIMATE SUMMARY FOR DECEMBER 22 2014...

CLIMATE NORMAL PERIOD 1981 TO 2010
CLIMATE RECORD PERIOD 1896 TO 2014


WEATHER ITEM   OBSERVED TIME   RECORD YEAR NORMAL DEPARTURE LAST
                VALUE   (LST)  VALUE       VALUE  FROM      YEAR
                                                  NORMAL
..................................................................
TEMPERATURE (F)
 YESTERDAY
  MAXIMUM         53   1159 PM  64    1900  42     11       46
  MINIMUM         33   1217 AM -15    1989  26      7       35
  AVERAGE         43                        34      9       41

PRECIPITATION (IN)
  YESTERDAY        0.18          1.52 1907   0.12   0.06     0.01
  MONTH TO DATE    2.63                      2.74  -0.11     7.20
  SINCE DEC 1      2.63                      2.74  -0.11     7.20
  SINCE JAN 1     46.41                     44.29   2.12    53.45

SNOWFALL (IN)
  YESTERDAY        0.0          19.3  2004   0.1   -0.1      0.0
  MONTH TO DATE    T                         2.0   -2.0      7.2
  SINCE DEC 1      T                         2.0   -2.0      7.2
  SINCE JUL 1      2.4                       2.3    0.1      7.2
  SNOW DEPTH       0

DEGREE DAYS
 HEATING
  YESTERDAY       22                        31     -9       24
  MONTH TO DATE  554                       627    -73      620
  SINCE DEC 1    554                       627    -73      620
  SINCE JUL 1   1557                      1488     69     1534

 COOLING
  YESTERDAY        0                         0      0        0
  MONTH TO DATE    0                         0      0        0
  SINCE DEC 1      0                         0      0        0
  SINCE JAN 1   1477                      1397     80     1464
..................................................................


WIND (MPH)
  HIGHEST WIND SPEED    14   HIGHEST WIND DIRECTION    SE (130)
  HIGHEST GUST SPEED    20   HIGHEST GUST DIRECTION    SE (140)
  AVERAGE WIND SPEED     7.1


SKY COVER
  AVERAGE SKY COVER 1.0


WEATHER CONDITIONS
 THE FOLLOWING WEATHER WAS RECORDED YESTERDAY.
  RAIN
  LIGHT RAIN
  FOG


RELATIVE HUMIDITY (PERCENT)
 HIGHEST    89
 LOWEST     73
 AVERAGE    81

..........................................................


THE EVANSVILLE IN CLIMATE NORMALS FOR TODAY
                         NORMAL    RECORD    YEAR
 MAXIMUM TEMPERATURE (F)   42        68      1933
 MINIMUM TEMPERATURE (F)   26       -13      1989


SUNRISE AND SUNSET
DECEMBER 23 2014......SUNRISE   704 AM CST   SUNSET   435 PM CST
DECEMBER 24 2014......SUNRISE   704 AM CST   SUNSET   436 PM CST


-  INDICATES NEGATIVE NUMBERS.
R  INDICATES RECORD WAS SET OR TIED.
MM INDICATES DATA IS MISSING.
T  INDICATES TRACE AMOUNT.




$$
