000
CDUS43 KPAH 280632
CLIEVV


CLIMATE REPORT
NATIONAL WEATHER SERVICE PADUCAH KY
130 AM CDT THU APR 28 2016


...................................

...THE EVANSVILLE IN CLIMATE SUMMARY FOR APRIL 27 2016...

CLIMATE NORMAL PERIOD 1981 TO 2010
CLIMATE RECORD PERIOD 1896 TO 2016


WEATHER ITEM   OBSERVED TIME   RECORD YEAR NORMAL DEPARTURE LAST
                VALUE   (LST)  VALUE       VALUE  FROM      YEAR
                                                  NORMAL
..................................................................
TEMPERATURE (F)
 YESTERDAY
  MAXIMUM         71    350 PM  91    1989  71      0       66
  MINIMUM         57    504 AM  32    1946  48      9       43
  AVERAGE         64                        60      4       55

PRECIPITATION (IN)
  YESTERDAY        1.66R         1.15 1999   0.16   1.50     0.00
  MONTH TO DATE    5.09                      3.88   1.21     6.62
  SINCE MAR 1     10.96                      8.12   2.84    13.47
  SINCE JAN 1     17.30                     14.39   2.91    19.00

SNOWFALL (IN)
  YESTERDAY        0.0           0.0  2002   0.0    0.0      0.0
                                      2001
  MONTH TO DATE    0.0                       0.1   -0.1      0.0
  SINCE MAR 1      T                         1.1   -1.1      8.5
  SINCE JUL 1     14.2                      11.8    2.4     18.5
  SNOW DEPTH       0

DEGREE DAYS
 HEATING
  YESTERDAY        1                         6     -5       10
  MONTH TO DATE  234                       271    -37      172
  SINCE MAR 1    639                       863   -224      791
  SINCE JUL 1   3457                      4437   -980     4627

 COOLING
  YESTERDAY        0                         1     -1        0
  MONTH TO DATE   19                        19      0       28
  SINCE MAR 1     20                        22     -2       28
  SINCE JAN 1     20                        22     -2       28
..................................................................


WIND (MPH)
  HIGHEST WIND SPEED    13   HIGHEST WIND DIRECTION    SW (210)
  HIGHEST GUST SPEED    16   HIGHEST GUST DIRECTION    SE (130)
  AVERAGE WIND SPEED     5.3


SKY COVER
  AVERAGE SKY COVER 0.8


WEATHER CONDITIONS
 THE FOLLOWING WEATHER WAS RECORDED YESTERDAY.
  THUNDERSTORM
  HEAVY RAIN
  RAIN
  LIGHT RAIN
  FOG
  FOG W/VISIBILITY <= 1/4 MILE


RELATIVE HUMIDITY (PERCENT)
 HIGHEST   100
 LOWEST     84
 AVERAGE    92

..........................................................


THE EVANSVILLE IN CLIMATE NORMALS FOR TODAY
                         NORMAL    RECORD    YEAR
 MAXIMUM TEMPERATURE (F)   72        87      1981
                                             1951
 MINIMUM TEMPERATURE (F)   49        35      1928


SUNRISE AND SUNSET
APRIL 28 2016.........SUNRISE   557 AM CDT   SUNSET   739 PM CDT
APRIL 29 2016.........SUNRISE   556 AM CDT   SUNSET   740 PM CDT


-  INDICATES NEGATIVE NUMBERS.
R  INDICATES RECORD WAS SET OR TIED.
MM INDICATES DATA IS MISSING.
T  INDICATES TRACE AMOUNT.




$$
