000
CDUS43 KPAH 200634
CLIEVV


CLIMATE REPORT
NATIONAL WEATHER SERVICE PADUCAH KY
130 AM CDT MON OCT 20 2014


...................................

...THE EVANSVILLE IN CLIMATE SUMMARY FOR OCTOBER 19 2014...

CLIMATE NORMAL PERIOD 1981 TO 2010
CLIMATE RECORD PERIOD 1896 TO 2014


WEATHER ITEM   OBSERVED TIME   RECORD YEAR NORMAL DEPARTURE LAST
                VALUE   (LST)  VALUE       VALUE  FROM      YEAR
                                                  NORMAL
..................................................................
TEMPERATURE (F)
 YESTERDAY
  MAXIMUM         61    258 PM  88    2005  69     -8       57
  MINIMUM         40    550 AM  26    1972  45     -5       42
  AVERAGE         51                        57     -6       50

PRECIPITATION (IN)
  YESTERDAY        0.00          1.56 1905   0.11  -0.11     0.19
  MONTH TO DATE    3.60                      1.94   1.66     4.83
  SINCE SEP 1      6.15                      4.99   1.16     7.64
  SINCE JAN 1     40.33                     35.91   4.42    42.97

SNOWFALL (IN)
  YESTERDAY        0.0           0.9  1989   0.1   -0.1      0.0
  MONTH TO DATE    0.0                       0.1   -0.1      0.0
  SINCE SEP 1      0.0                       0.1   -0.1      0.0
  SINCE JUL 1      0.0                       0.1   -0.1      0.0
  SNOW DEPTH       0

DEGREE DAYS
 HEATING
  YESTERDAY       14                         9      5       15
  MONTH TO DATE  111                       129    -18       72
  SINCE SEP 1    147                       175    -28       82
  SINCE JUL 1    147                       176    -29       82

 COOLING
  YESTERDAY        0                         1     -1        0
  MONTH TO DATE   28                        26      2       55
  SINCE SEP 1    191                       193     -2      270
  SINCE JAN 1   1471                      1392     79     1462
..................................................................


WIND (MPH)
  HIGHEST WIND SPEED     9   HIGHEST WIND DIRECTION     S (200)
  HIGHEST GUST SPEED    14   HIGHEST GUST DIRECTION    SW (230)
  AVERAGE WIND SPEED     1.6


SKY COVER
  AVERAGE SKY COVER 0.1


WEATHER CONDITIONS
 THE FOLLOWING WEATHER WAS RECORDED YESTERDAY.
  NO SIGNIFICANT WEATHER WAS OBSERVED.


RELATIVE HUMIDITY (PERCENT)
 HIGHEST    93
 LOWEST     51
 AVERAGE    72

..........................................................


THE EVANSVILLE IN CLIMATE NORMALS FOR TODAY
                         NORMAL    RECORD    YEAR
 MAXIMUM TEMPERATURE (F)   68        89      1963
 MINIMUM TEMPERATURE (F)   44        24      1972


SUNRISE AND SUNSET
OCTOBER 20 2014.......SUNRISE   704 AM CDT   SUNSET   606 PM CDT
OCTOBER 21 2014.......SUNRISE   705 AM CDT   SUNSET   604 PM CDT


-  INDICATES NEGATIVE NUMBERS.
R  INDICATES RECORD WAS SET OR TIED.
MM INDICATES DATA IS MISSING.
T  INDICATES TRACE AMOUNT.




$$
