000
CDUS43 KPAH 110627
CLIEVV


CLIMATE REPORT
NATIONAL WEATHER SERVICE PADUCAH KY
1226 AM CST MON DEC 11 2017


...................................

...THE EVANSVILLE IN CLIMATE SUMMARY FOR DECEMBER 10 2017...

CLIMATE NORMAL PERIOD 1981 TO 2010
CLIMATE RECORD PERIOD 1896 TO 2017


WEATHER ITEM   OBSERVED TIME   RECORD YEAR NORMAL DEPARTURE LAST
                VALUE   (LST)  VALUE       VALUE  FROM      YEAR
                                                  NORMAL
..................................................................
TEMPERATURE (F)
 YESTERDAY
  MAXIMUM         45    337 PM  70    1971  45      0       36
  MINIMUM         19    548 AM  -4    1917  28     -9       18
  AVERAGE         32                        37     -5       27

PRECIPITATION (IN)
  YESTERDAY        0.00          1.20 1964   0.13  -0.13     0.00
  MONTH TO DATE    0.74                      1.32  -0.58     0.86
  SINCE DEC 1      0.74                      1.32  -0.58     0.86
  SINCE JAN 1     41.80                     42.87  -1.07    46.52

SNOWFALL (IN)
  YESTERDAY        0.0           0.7  1962   0.1   -0.1      0.0
  MONTH TO DATE    T                         0.6   -0.6       T
  SINCE DEC 1      T                         0.6   -0.6       T
  SINCE JUL 1      T                         0.9   -0.9       T
  SNOW DEPTH       0

DEGREE DAYS
 HEATING
  YESTERDAY       33                        28      5       38
  MONTH TO DATE  256                       268    -12      291
  SINCE DEC 1    256                       268    -12      291
  SINCE JUL 1   1036                      1129    -93      821

 COOLING
  YESTERDAY        0                         0      0        0
  MONTH TO DATE    0                         0      0        0
  SINCE DEC 1      0                         0      0        0
  SINCE JAN 1   1567                      1397    170     1775
..................................................................


WIND (MPH)
  HIGHEST WIND SPEED    24   HIGHEST WIND DIRECTION    SW (210)
  HIGHEST GUST SPEED    32   HIGHEST GUST DIRECTION    SW (220)
  AVERAGE WIND SPEED     8.2


SKY COVER
  AVERAGE SKY COVER 0.1


WEATHER CONDITIONS
 THE FOLLOWING WEATHER WAS RECORDED YESTERDAY.
  NO SIGNIFICANT WEATHER WAS OBSERVED.


RELATIVE HUMIDITY (PERCENT)
 HIGHEST    84
 LOWEST     45
 AVERAGE    65

..........................................................


THE EVANSVILLE IN CLIMATE NORMALS FOR TODAY
                         NORMAL    RECORD    YEAR
 MAXIMUM TEMPERATURE (F)   45        73      1931
 MINIMUM TEMPERATURE (F)   28        -2      1962


SUNRISE AND SUNSET
DECEMBER 11 2017......SUNRISE   656 AM CST   SUNSET   431 PM CST
DECEMBER 12 2017......SUNRISE   657 AM CST   SUNSET   431 PM CST


-  INDICATES NEGATIVE NUMBERS.
R  INDICATES RECORD WAS SET OR TIED.
MM INDICATES DATA IS MISSING.
T  INDICATES TRACE AMOUNT.




$$
