000
CDUS43 KPAH 210629
CLIEVV


CLIMATE REPORT
NATIONAL WEATHER SERVICE PADUCAH KY
1228 AM CST SUN DEC 21 2014

...................................

...THE EVANSVILLE IN CLIMATE SUMMARY FOR DECEMBER 20 2014...

CLIMATE NORMAL PERIOD 1981 TO 2010
CLIMATE RECORD PERIOD 1896 TO 2014

WEATHER ITEM   OBSERVED TIME   RECORD YEAR NORMAL DEPARTURE LAST
                VALUE   (LST)  VALUE       VALUE  FROM      YEAR
                                                  NORMAL
..................................................................
TEMPERATURE (F)
 YESTERDAY
  MAXIMUM         40    343 PM  68    1949  43     -3       64
  MINIMUM         27   1159 PM  -4    1901  26      1       55
  AVERAGE         34                        34      0       60

PRECIPITATION (IN)
  YESTERDAY        T             0.98 1962   0.11  -0.11     0.08
  MONTH TO DATE    2.45                      2.50  -0.05     2.77
  SINCE DEC 1      2.45                      2.50  -0.05     2.77
  SINCE JAN 1     46.23                     44.05   2.18    49.02

SNOWFALL (IN)
  YESTERDAY        T             4.5  1973   0.1   -0.1      0.0
  MONTH TO DATE    T                         1.8   -1.8      7.2
  SINCE DEC 1      T                         1.8   -1.8      7.2
  SINCE JUL 1      2.4                       2.1    0.3      7.2
  SNOW DEPTH       0

DEGREE DAYS
 HEATING
  YESTERDAY       31                        31      0        5
  MONTH TO DATE  503                       565    -62      581
  SINCE DEC 1    503                       565    -62      581
  SINCE JUL 1   1506                      1426     80     1495

 COOLING
  YESTERDAY        0                         0      0        0
  MONTH TO DATE    0                         0      0        0
  SINCE DEC 1      0                         0      0        0
  SINCE JAN 1   1477                      1397     80     1464
..................................................................

WIND (MPH)
  HIGHEST WIND SPEED     7   HIGHEST WIND DIRECTION     E (90)
  HIGHEST GUST SPEED     9   HIGHEST GUST DIRECTION     E (70)
  AVERAGE WIND SPEED     2.8

SKY COVER
  AVERAGE SKY COVER 0.7

WEATHER CONDITIONS
 THE FOLLOWING WEATHER WAS RECORDED YESTERDAY.
  LIGHT SNOW
  FOG
  HAZE

RELATIVE HUMIDITY (PERCENT)
 HIGHEST    85
 LOWEST     59
 AVERAGE    72
..........................................................

THE EVANSVILLE IN CLIMATE NORMALS FOR TODAY
                         NORMAL    RECORD    YEAR
 MAXIMUM TEMPERATURE (F)   43        69      1967
 MINIMUM TEMPERATURE (F)   26       -13      1989

SUNRISE AND SUNSET
DECEMBER 21 2014......SUNRISE   703 AM CST   SUNSET   434 PM CST
DECEMBER 22 2014......SUNRISE   703 AM CST   SUNSET   434 PM CST

-  INDICATES NEGATIVE NUMBERS.
R  INDICATES RECORD WAS SET OR TIED.
MM INDICATES DATA IS MISSING.
T  INDICATES TRACE AMOUNT.

$$
