044
CDUS43 KPAH 030627
CLIEVV


CLIMATE REPORT
NATIONAL WEATHER SERVICE PADUCAH KY
1225 AM CST SAT DEC 3 2016

...................................

...THE EVANSVILLE IN CLIMATE SUMMARY FOR DECEMBER 2 2016...

CLIMATE NORMAL PERIOD 1981 TO 2010
CLIMATE RECORD PERIOD 1896 TO 2016

WEATHER ITEM   OBSERVED TIME   RECORD YEAR NORMAL DEPARTURE LAST
                VALUE   (LST)  VALUE       VALUE  FROM      YEAR
                                                  NORMAL
..................................................................
TEMPERATURE (F)
 YESTERDAY
  MAXIMUM         48    236 PM  77    1982  48      0       46
  MINIMUM         25    645 AM   7    1929  31     -6       33
  AVERAGE         37                        39     -2       40

PRECIPITATION (IN)
  YESTERDAY        0.00          1.81 1991   0.13  -0.13     0.01
  MONTH TO DATE    0.00                      0.26  -0.26     0.05
  SINCE DEC 1      0.00                      0.26  -0.26     0.05
  SINCE JAN 1     45.66                     41.81   3.85    46.79

SNOWFALL (IN)
  YESTERDAY        0.0           0.1  1952   0.1   -0.1      0.0
  MONTH TO DATE    0.0                       0.1   -0.1      0.0
  SINCE DEC 1      0.0                       0.1   -0.1      0.0
  SINCE JUL 1      0.0                       0.4   -0.4      0.0
  SNOW DEPTH       0

DEGREE DAYS
 HEATING
  YESTERDAY       28                        26      2       25
  MONTH TO DATE   54                        51      3       46
  SINCE DEC 1     54                        51      3       46
  SINCE JUL 1    584                       912   -328      655

 COOLING
  YESTERDAY        0                         0      0        0
  MONTH TO DATE    0                         0      0        0
  SINCE DEC 1      0                         0      0        0
  SINCE JAN 1   1775                      1397    378     1576
..................................................................

WIND (MPH)
  HIGHEST WIND SPEED    10   HIGHEST WIND DIRECTION    NW (330)
  HIGHEST GUST SPEED    14   HIGHEST GUST DIRECTION    NW (310)
  AVERAGE WIND SPEED     2.3

SKY COVER
  AVERAGE SKY COVER 0.1

WEATHER CONDITIONS
 THE FOLLOWING WEATHER WAS RECORDED YESTERDAY.
  FOG
  HAZE

RELATIVE HUMIDITY (PERCENT)
 HIGHEST    92
 LOWEST     53
 AVERAGE    73
..........................................................

THE EVANSVILLE IN CLIMATE NORMALS FOR TODAY
                         NORMAL    RECORD    YEAR
 MAXIMUM TEMPERATURE (F)   48        76      1982
 MINIMUM TEMPERATURE (F)   30         4      1929

SUNRISE AND SUNSET
DECEMBER  3 2016......SUNRISE   650 AM CST   SUNSET   430 PM CST
DECEMBER  4 2016......SUNRISE   651 AM CST   SUNSET   430 PM CST

-  INDICATES NEGATIVE NUMBERS.
R  INDICATES RECORD WAS SET OR TIED.
MM INDICATES DATA IS MISSING.
T  INDICATES TRACE AMOUNT.

$$
