000
CDUS43 KPAH 150633
CLIEVV


CLIMATE REPORT
NATIONAL WEATHER SERVICE PADUCAH KY
130 AM CDT TUE APR 15 2014


...................................

...THE EVANSVILLE IN CLIMATE SUMMARY FOR APRIL 14 2014...

CLIMATE NORMAL PERIOD 1981 TO 2010
CLIMATE RECORD PERIOD 1896 TO 2014


WEATHER ITEM   OBSERVED TIME   RECORD YEAR NORMAL DEPARTURE LAST
                VALUE   (LST)  VALUE       VALUE  FROM      YEAR
                                                  NORMAL
..................................................................
TEMPERATURE (F)
 YESTERDAY
  MAXIMUM         63    944 AM  86    2010  67     -4       76
  MINIMUM         37   1150 PM  24    1950  44     -7       43
  AVERAGE         50                        56     -6       60

PRECIPITATION (IN)
  YESTERDAY        0.62          1.32 1922   0.13   0.49     0.00
  MONTH TO DATE    8.03                      1.88   6.15     1.48
  SINCE MAR 1     10.88                      6.12   4.76     5.56
  SINCE JAN 1     14.83                     12.39   2.44    15.09

SNOWFALL (IN)
  YESTERDAY        0.0           T    1980   0.0    0.0      0.0
  MONTH TO DATE    0.0                       0.1   -0.1      0.0
  SINCE MAR 1      2.6                       1.1    1.5       T
  SINCE JUL 1     12.6                      11.8    0.8     12.3
  SNOW DEPTH       0

DEGREE DAYS
 HEATING
  YESTERDAY       15                        10      5        5
  MONTH TO DATE  115                       168    -53      163
  SINCE MAR 1    828                       760     68      944
  SINCE JUL 1   4790                      4334    456     4307

 COOLING
  YESTERDAY        0                         1     -1        0
  MONTH TO DATE    5                         6     -1       19
  SINCE MAR 1      5                         9     -4       19
  SINCE JAN 1      5                         9     -4       19
..................................................................


WIND (MPH)
  HIGHEST WIND SPEED    21   HIGHEST WIND DIRECTION    NW (330)
  HIGHEST GUST SPEED    28   HIGHEST GUST DIRECTION    NW (330)
  AVERAGE WIND SPEED    12.2


SKY COVER
  AVERAGE SKY COVER 0.9


WEATHER CONDITIONS
 THE FOLLOWING WEATHER WAS RECORDED YESTERDAY.
  RAIN
  LIGHT RAIN
  LIGHT SNOW
  FOG
  HAZE


RELATIVE HUMIDITY (PERCENT)
 HIGHEST    92
 LOWEST     72
 AVERAGE    82

..........................................................


THE EVANSVILLE IN CLIMATE NORMALS FOR TODAY
                         NORMAL    RECORD    YEAR
 MAXIMUM TEMPERATURE (F)   68        86      1977
 MINIMUM TEMPERATURE (F)   44        30      1957
                                             1950
                                             1943


SUNRISE AND SUNSET
APRIL 15 2014.........SUNRISE   615 AM CDT   SUNSET   726 PM CDT
APRIL 16 2014.........SUNRISE   613 AM CDT   SUNSET   727 PM CDT


-  INDICATES NEGATIVE NUMBERS.
R  INDICATES RECORD WAS SET OR TIED.
MM INDICATES DATA IS MISSING.
T  INDICATES TRACE AMOUNT.




$$
