000
CDUS43 KPAH 160640
CLIEVV


CLIMATE REPORT
NATIONAL WEATHER SERVICE PADUCAH KY
1237 AM CST FRI FEB 16 2018


...................................

...THE EVANSVILLE IN CLIMATE SUMMARY FOR FEBRUARY 15 2018...

CLIMATE NORMAL PERIOD 1981 TO 2010
CLIMATE RECORD PERIOD 1896 TO 2018


WEATHER ITEM   OBSERVED TIME   RECORD YEAR NORMAL DEPARTURE LAST
                VALUE   (LST)  VALUE       VALUE  FROM      YEAR
                                                  NORMAL
..................................................................
TEMPERATURE (F)
 YESTERDAY
  MAXIMUM         72    211 PM  73    1954  46     26       48
  MINIMUM         59    137 AM  -2    1986  27     32       30
  AVERAGE         66                        36     30       39

PRECIPITATION (IN)
  YESTERDAY        0.02          2.09 1990   0.12  -0.10     0.00
  MONTH TO DATE    1.72                      1.75  -0.03     0.52
  SINCE DEC 1      7.11                      8.61  -1.50     6.71
  SINCE JAN 1      4.69                      4.85  -0.16     2.79

SNOWFALL (IN)
  YESTERDAY        0.0           6.9  1993   0.2   -0.2      0.0
  MONTH TO DATE    0.4                       2.3   -1.9       T
  SINCE DEC 1      7.5                       8.9   -1.4      0.4
  SINCE JUL 1      7.5                       9.2   -1.7      0.4
  SNOW DEPTH       0

DEGREE DAYS
 HEATING
  YESTERDAY        0                        28    -28       26
  MONTH TO DATE  460                       453      7      354
  SINCE DEC 1   2424                      2371     53     2017
  SINCE JUL 1   3204                      3232    -28     2547

 COOLING
  YESTERDAY        1                         0      1        0
  MONTH TO DATE    1                         0      1        0
  SINCE DEC 1      1                         0      1        0
  SINCE JAN 1      1                         0      1        0
..................................................................


WIND (MPH)
  HIGHEST WIND SPEED    33   HIGHEST WIND DIRECTION    SW (240)
  HIGHEST GUST SPEED    45   HIGHEST GUST DIRECTION    SW (220)
  AVERAGE WIND SPEED    18.0


SKY COVER
  AVERAGE SKY COVER 0.9


WEATHER CONDITIONS
 THE FOLLOWING WEATHER WAS RECORDED YESTERDAY.
  FOG


RELATIVE HUMIDITY (PERCENT)
 HIGHEST   100
 LOWEST     73
 AVERAGE    87

..........................................................


THE EVANSVILLE IN CLIMATE NORMALS FOR TODAY
                         NORMAL    RECORD    YEAR
 MAXIMUM TEMPERATURE (F)   46        74      1911
 MINIMUM TEMPERATURE (F)   27        -1      1958


SUNRISE AND SUNSET
FEBRUARY 16 2018......SUNRISE   639 AM CST   SUNSET   530 PM CST
FEBRUARY 17 2018......SUNRISE   638 AM CST   SUNSET   531 PM CST


-  INDICATES NEGATIVE NUMBERS.
R  INDICATES RECORD WAS SET OR TIED.
MM INDICATES DATA IS MISSING.
T  INDICATES TRACE AMOUNT.




$$
