000
CDUS43 KPAH 250653
CLIEVV


CLIMATE REPORT
NATIONAL WEATHER SERVICE PADUCAH KY
150 AM CDT MON AUG 25 2014


...................................

...THE EVANSVILLE IN CLIMATE SUMMARY FOR AUGUST 24 2014...

CLIMATE NORMAL PERIOD 1981 TO 2010
CLIMATE RECORD PERIOD 1896 TO 2014


WEATHER ITEM   OBSERVED TIME   RECORD YEAR NORMAL DEPARTURE LAST
                VALUE   (LST)  VALUE       VALUE  FROM      YEAR
                                                  NORMAL
..................................................................
TEMPERATURE (F)
 YESTERDAY
  MAXIMUM         91    218 PM 101    1943  88      3       90
  MINIMUM         73    634 AM  52    1966  65      8       67
  AVERAGE         82                        76      6       79

PRECIPITATION (IN)
  YESTERDAY        0.00          1.50 1898   0.09  -0.09     0.00
  MONTH TO DATE    3.97                      2.33   1.64     1.36
  SINCE JUN 1     11.86                     10.03   1.83    12.50
  SINCE JAN 1     33.35                     30.27   3.08    35.05

SNOWFALL (IN)
  YESTERDAY        0.0                       0.0    0.0      0.0
  MONTH TO DATE    0.0                       0.0    0.0      0.0
  SINCE JUN 1      0.0                       0.0    0.0      0.0
  SINCE JUL 1      0.0                       0.0    0.0      0.0
  SNOW DEPTH       0

DEGREE DAYS
 HEATING
  YESTERDAY        0                         0      0        0
  MONTH TO DATE    0                         0      0        0
  SINCE JUN 1      0                         6     -6        1
  SINCE JUL 1      0                         0      0        0

 COOLING
  YESTERDAY       17                        11      6       14
  MONTH TO DATE  296                       288      8      257
  SINCE JUN 1    953                       989    -36      904
  SINCE JAN 1   1164                      1124     40     1075
..................................................................


WIND (MPH)
  HIGHEST WIND SPEED     9   HIGHEST WIND DIRECTION    NE (50)
  HIGHEST GUST SPEED    11   HIGHEST GUST DIRECTION     E (90)
  AVERAGE WIND SPEED     2.6


SKY COVER
  AVERAGE SKY COVER 0.1


WEATHER CONDITIONS
 THE FOLLOWING WEATHER WAS RECORDED YESTERDAY.
  FOG


RELATIVE HUMIDITY (PERCENT)
 HIGHEST    93
 LOWEST     56
 AVERAGE    75

..........................................................


THE EVANSVILLE IN CLIMATE NORMALS FOR TODAY
                         NORMAL    RECORD    YEAR
 MAXIMUM TEMPERATURE (F)   88       102      1943
 MINIMUM TEMPERATURE (F)   64        49      1942


SUNRISE AND SUNSET
AUGUST 25 2014........SUNRISE   614 AM CDT   SUNSET   730 PM CDT
AUGUST 26 2014........SUNRISE   615 AM CDT   SUNSET   728 PM CDT


-  INDICATES NEGATIVE NUMBERS.
R  INDICATES RECORD WAS SET OR TIED.
MM INDICATES DATA IS MISSING.
T  INDICATES TRACE AMOUNT.




$$
