000
CDUS43 KPAH 170636
CLIEVV


CLIMATE REPORT
NATIONAL WEATHER SERVICE PADUCAH KY
130 AM CDT SUN SEP 17 2017


...................................

...THE EVANSVILLE IN CLIMATE SUMMARY FOR SEPTEMBER 16 2017...

CLIMATE NORMAL PERIOD 1981 TO 2010
CLIMATE RECORD PERIOD 1896 TO 2017


WEATHER ITEM   OBSERVED TIME   RECORD YEAR NORMAL DEPARTURE LAST
                VALUE   (LST)  VALUE       VALUE  FROM      YEAR
                                                  NORMAL
..................................................................
TEMPERATURE (F)
 YESTERDAY
  MAXIMUM         88    317 PM  97    1954  81      7       83
                                      1897
  MINIMUM         61    316 AM  42    1966  57      4       69
  AVERAGE         75                        69      6       76

PRECIPITATION (IN)
  YESTERDAY        0.00          1.72 1996   0.11  -0.11     0.04
  MONTH TO DATE    1.58                      1.63  -0.05     1.95
  SINCE SEP 1      1.58                      1.63  -0.05     1.95
  SINCE JAN 1     33.99                     32.55   1.44    40.41

SNOWFALL (IN)
  YESTERDAY        0.0           0.0    MM   0.0    0.0      0.0
  MONTH TO DATE    0.0                       0.0    0.0      0.0
  SINCE SEP 1      0.0                       0.0    0.0      0.0
  SINCE JUL 1      0.0                       0.0    0.0      0.0
  SNOW DEPTH       0

DEGREE DAYS
 HEATING
  YESTERDAY        0                         1     -1        0
  MONTH TO DATE   12                         6      6        0
  SINCE SEP 1     12                         6      6        0
  SINCE JUL 1     12                         7      5        0

 COOLING
  YESTERDAY       10                         5      5       11
  MONTH TO DATE   55                       118    -63      175
  SINCE SEP 1     55                       118    -63      175
  SINCE JAN 1   1345                      1317     28     1561
..................................................................


WIND (MPH)
  HIGHEST WIND SPEED     9   HIGHEST WIND DIRECTION     E (100)
  HIGHEST GUST SPEED    12   HIGHEST GUST DIRECTION     E (100)
  AVERAGE WIND SPEED     2.6


SKY COVER
  AVERAGE SKY COVER 0.2


WEATHER CONDITIONS
 THE FOLLOWING WEATHER WAS RECORDED YESTERDAY.
  FOG
  FOG W/VISIBILITY <= 1/4 MILE


RELATIVE HUMIDITY (PERCENT)
 HIGHEST   100
 LOWEST     46
 AVERAGE    73

..........................................................


THE EVANSVILLE IN CLIMATE NORMALS FOR TODAY
                         NORMAL    RECORD    YEAR
 MAXIMUM TEMPERATURE (F)   81        96      1931
                                             1927
 MINIMUM TEMPERATURE (F)   56        44      1999
                                             1984
                                             1961


SUNRISE AND SUNSET
SEPTEMBER 17 2017.....SUNRISE   634 AM CDT   SUNSET   655 PM CDT
SEPTEMBER 18 2017.....SUNRISE   635 AM CDT   SUNSET   653 PM CDT


-  INDICATES NEGATIVE NUMBERS.
R  INDICATES RECORD WAS SET OR TIED.
MM INDICATES DATA IS MISSING.
T  INDICATES TRACE AMOUNT.




$$
