000
CDUS43 KPAH 190646
CLIEVV


CLIMATE REPORT
NATIONAL WEATHER SERVICE PADUCAH KY
1241 AM CST THU JAN 19 2017


...................................

...THE EVANSVILLE IN CLIMATE SUMMARY FOR JANUARY 18 2017...

CLIMATE NORMAL PERIOD 1981 TO 2010
CLIMATE RECORD PERIOD 1896 TO 2017


WEATHER ITEM   OBSERVED TIME   RECORD YEAR NORMAL DEPARTURE LAST
                VALUE   (LST)  VALUE       VALUE  FROM      YEAR
                                                  NORMAL
..................................................................
TEMPERATURE (F)
 YESTERDAY
  MAXIMUM         46    129 PM  70    1929  41      5       22
  MINIMUM         39   1047 PM -15    1994  24     15       10
  AVERAGE         43                        32     11       16

PRECIPITATION (IN)
  YESTERDAY        T             1.48 1949   0.10  -0.10      T
  MONTH TO DATE    1.80                      1.76   0.04     1.50
  SINCE DEC 1      5.72                      5.52   0.20     6.70
  SINCE JAN 1      1.80                      1.76   0.04     1.50

SNOWFALL (IN)
  YESTERDAY        0.0           2.0  1984   0.1   -0.1       T
  MONTH TO DATE    0.4                       1.9   -1.5      2.5
  SINCE DEC 1      0.4                       5.1   -4.7      2.5
  SINCE JUL 1      0.4                       5.4   -5.0      2.5
  SNOW DEPTH       0

DEGREE DAYS
 HEATING
  YESTERDAY       22                        33    -11       49
  MONTH TO DATE  493                       589    -96      572
  SINCE DEC 1   1393                      1500   -107     1101
  SINCE JUL 1   1923                      2361   -438     1710

 COOLING
  YESTERDAY        0                         0      0        0
  MONTH TO DATE    0                         0      0        0
  SINCE DEC 1      0                         0      0        3
  SINCE JAN 1      0                         0      0        0
..................................................................


WIND (MPH)
  HIGHEST WIND SPEED    10   HIGHEST WIND DIRECTION     W (280)
  HIGHEST GUST SPEED    16   HIGHEST GUST DIRECTION    NW (310)
  AVERAGE WIND SPEED     3.7


SKY COVER
  AVERAGE SKY COVER 0.6


WEATHER CONDITIONS
 THE FOLLOWING WEATHER WAS RECORDED YESTERDAY.
  NO SIGNIFICANT WEATHER WAS OBSERVED.


RELATIVE HUMIDITY (PERCENT)
 HIGHEST    89
 LOWEST     70
 AVERAGE    80

..........................................................


THE EVANSVILLE IN CLIMATE NORMALS FOR TODAY
                         NORMAL    RECORD    YEAR
 MAXIMUM TEMPERATURE (F)   41        69      1951
 MINIMUM TEMPERATURE (F)   24       -17      1994


SUNRISE AND SUNSET
JANUARY 19 2017.......SUNRISE   703 AM CST   SUNSET   459 PM CST
JANUARY 20 2017.......SUNRISE   703 AM CST   SUNSET   500 PM CST


-  INDICATES NEGATIVE NUMBERS.
R  INDICATES RECORD WAS SET OR TIED.
MM INDICATES DATA IS MISSING.
T  INDICATES TRACE AMOUNT.




$$
