000
CDUS43 KPAH 090627
CLIEVV


CLIMATE REPORT
NATIONAL WEATHER SERVICE PADUCAH KY
1227 AM CST SAT DEC 9 2017


...................................

...THE EVANSVILLE IN CLIMATE SUMMARY FOR DECEMBER 8 2017...

CLIMATE NORMAL PERIOD 1981 TO 2010
CLIMATE RECORD PERIOD 1896 TO 2017


WEATHER ITEM   OBSERVED TIME   RECORD YEAR NORMAL DEPARTURE LAST
                VALUE   (LST)  VALUE       VALUE  FROM      YEAR
                                                  NORMAL
..................................................................
TEMPERATURE (F)
 YESTERDAY
  MAXIMUM         34    259 PM  69    1966  46    -12       34
  MINIMUM         17    718 AM   1    1917  29    -12       25
  AVERAGE         26                        37    -11       30

PRECIPITATION (IN)
  YESTERDAY        0.00          1.67 1972   0.14  -0.14     0.00
  MONTH TO DATE    0.74                      1.06  -0.32     0.86
  SINCE DEC 1      0.74                      1.06  -0.32     0.86
  SINCE JAN 1     41.80                     42.61  -0.81    46.52

SNOWFALL (IN)
  YESTERDAY        0.0           4.2  1995   0.0    0.0      0.0
  MONTH TO DATE    0.0                       0.4   -0.4      0.0
  SINCE DEC 1      0.0                       0.4   -0.4      0.0
  SINCE JUL 1      0.0                       0.7   -0.7      0.0
  SNOW DEPTH       0

DEGREE DAYS
 HEATING
  YESTERDAY       39                        28     11       35
  MONTH TO DATE  187                       212    -25      214
  SINCE DEC 1    187                       212    -25      214
  SINCE JUL 1    967                      1073   -106      744

 COOLING
  YESTERDAY        0                         0      0        0
  MONTH TO DATE    0                         0      0        0
  SINCE DEC 1      0                         0      0        0
  SINCE JAN 1   1567                      1397    170     1775
..................................................................


WIND (MPH)
  HIGHEST WIND SPEED     9   HIGHEST WIND DIRECTION    SW (230)
  HIGHEST GUST SPEED    13   HIGHEST GUST DIRECTION    SW (210)
  AVERAGE WIND SPEED     3.3


SKY COVER
  AVERAGE SKY COVER 0.0


WEATHER CONDITIONS
 THE FOLLOWING WEATHER WAS RECORDED YESTERDAY.
  NO SIGNIFICANT WEATHER WAS OBSERVED.


RELATIVE HUMIDITY (PERCENT)
 HIGHEST   100
 LOWEST     41
 AVERAGE    71

..........................................................


THE EVANSVILLE IN CLIMATE NORMALS FOR TODAY
                         NORMAL    RECORD    YEAR
 MAXIMUM TEMPERATURE (F)   46        68      1897
 MINIMUM TEMPERATURE (F)   28        -5      1917


SUNRISE AND SUNSET
DECEMBER  9 2017......SUNRISE   655 AM CST   SUNSET   430 PM CST
DECEMBER 10 2017......SUNRISE   656 AM CST   SUNSET   431 PM CST


-  INDICATES NEGATIVE NUMBERS.
R  INDICATES RECORD WAS SET OR TIED.
MM INDICATES DATA IS MISSING.
T  INDICATES TRACE AMOUNT.




$$
