558
CDUS43 KPAH 220633
CLIEVV


CLIMATE REPORT
NATIONAL WEATHER SERVICE PADUCAH KY
1231 AM CST WED FEB 22 2017


...................................

...THE EVANSVILLE IN CLIMATE SUMMARY FOR FEBRUARY 21 2017...

CLIMATE NORMAL PERIOD 1981 TO 2010
CLIMATE RECORD PERIOD 1896 TO 2017


WEATHER ITEM   OBSERVED TIME   RECORD YEAR NORMAL DEPARTURE LAST
                VALUE   (LST)  VALUE       VALUE  FROM      YEAR
                                                  NORMAL
..................................................................
TEMPERATURE (F)
 YESTERDAY
  MAXIMUM         65    349 PM  72    1922  48     17       64
  MINIMUM         52    615 AM  -3    1963  29     23       43
  AVERAGE         59                        38     21       54

PRECIPITATION (IN)
  YESTERDAY        T             1.36 1950   0.10  -0.10     0.19
  MONTH TO DATE    0.64                      2.39  -1.75     2.42
  SINCE DEC 1      6.83                      9.25  -2.42     9.62
  SINCE JAN 1      2.91                      5.49  -2.58     4.42

SNOWFALL (IN)
  YESTERDAY        0.0           0.6  1965   0.1   -0.1      0.0
  MONTH TO DATE    T                         3.0   -3.0      3.3
  SINCE DEC 1      0.4                       9.6   -9.2     14.2
  SINCE JUL 1      0.4                       9.9   -9.5     14.2
  SNOW DEPTH       0

DEGREE DAYS
 HEATING
  YESTERDAY        6                        27    -21       11
  MONTH TO DATE  428                       618   -190      554
  SINCE DEC 1   2091                      2536   -445     2035
  SINCE JUL 1   2621                      3397   -776     2644

 COOLING
  YESTERDAY        0                         0      0        0
  MONTH TO DATE    0                         0      0        0
  SINCE DEC 1      0                         0      0        3
  SINCE JAN 1      0                         0      0        0
..................................................................


WIND (MPH)
  HIGHEST WIND SPEED    12   HIGHEST WIND DIRECTION    SE (150)
  HIGHEST GUST SPEED    16   HIGHEST GUST DIRECTION    SE (140)
  AVERAGE WIND SPEED     1.7


SKY COVER
  AVERAGE SKY COVER 0.6


WEATHER CONDITIONS
 THE FOLLOWING WEATHER WAS RECORDED YESTERDAY.
  LIGHT RAIN


RELATIVE HUMIDITY (PERCENT)
 HIGHEST    78
 LOWEST     60
 AVERAGE    69

..........................................................


THE EVANSVILLE IN CLIMATE NORMALS FOR TODAY
                         NORMAL    RECORD    YEAR
 MAXIMUM TEMPERATURE (F)   48        72      1922
 MINIMUM TEMPERATURE (F)   29        -6      1963


SUNRISE AND SUNSET
FEBRUARY 22 2017......SUNRISE   631 AM CST   SUNSET   537 PM CST
FEBRUARY 23 2017......SUNRISE   630 AM CST   SUNSET   538 PM CST


-  INDICATES NEGATIVE NUMBERS.
R  INDICATES RECORD WAS SET OR TIED.
MM INDICATES DATA IS MISSING.
T  INDICATES TRACE AMOUNT.




$$
