000
CDUS43 KPAH 140631
CLIEVV


CLIMATE REPORT
NATIONAL WEATHER SERVICE PADUCAH KY
128 AM CDT SUN SEP 14 2014


...................................

...THE EVANSVILLE IN CLIMATE SUMMARY FOR SEPTEMBER 13 2014...

CLIMATE NORMAL PERIOD 1981 TO 2010
CLIMATE RECORD PERIOD 1896 TO 2014


WEATHER ITEM   OBSERVED TIME   RECORD YEAR NORMAL DEPARTURE LAST
                VALUE   (LST)  VALUE       VALUE  FROM      YEAR
                                                  NORMAL
..................................................................
TEMPERATURE (F)
 YESTERDAY
  MAXIMUM         67    357 PM  99    1939  83    -16       75
  MINIMUM         50   1159 PM  40    1940  58     -8       55
  AVERAGE         59                        70    -11       65

PRECIPITATION (IN)
  YESTERDAY        0.00          1.35 1977   0.11  -0.11     0.00
  MONTH TO DATE    1.64                      1.31   0.33     1.20
  SINCE SEP 1      1.64                      1.31   0.33     1.20
  SINCE JAN 1     35.82                     32.23   3.59    36.53

SNOWFALL (IN)
  YESTERDAY        0.0           0.0    MM   0.0    0.0      0.0
  MONTH TO DATE    0.0                       0.0    0.0      0.0
  SINCE SEP 1      0.0                       0.0    0.0      0.0
  SINCE JUL 1      0.0                       0.0    0.0      0.0
  SNOW DEPTH       0

DEGREE DAYS
 HEATING
  YESTERDAY        6                         1      5        0
  MONTH TO DATE   10                         3      7        0
  SINCE SEP 1     10                         3      7        0
  SINCE JUL 1     10                         4      6        0

 COOLING
  YESTERDAY        0                         6     -6        0
  MONTH TO DATE  108                       102      6      149
  SINCE SEP 1    108                       102      6      149
  SINCE JAN 1   1388                      1301     87     1341
..................................................................


WIND (MPH)
  HIGHEST WIND SPEED    16   HIGHEST WIND DIRECTION    NW (330)
  HIGHEST GUST SPEED    22   HIGHEST GUST DIRECTION     N (350)
  AVERAGE WIND SPEED     7.8


SKY COVER
  AVERAGE SKY COVER 0.4


WEATHER CONDITIONS
 THE FOLLOWING WEATHER WAS RECORDED YESTERDAY.
  NO SIGNIFICANT WEATHER WAS OBSERVED.


RELATIVE HUMIDITY (PERCENT)
 HIGHEST    83
 LOWEST     37
 AVERAGE    60

..........................................................


THE EVANSVILLE IN CLIMATE NORMALS FOR TODAY
                         NORMAL    RECORD    YEAR
 MAXIMUM TEMPERATURE (F)   82       100      1939
 MINIMUM TEMPERATURE (F)   58        37      1964


SUNRISE AND SUNSET
SEPTEMBER 14 2014.....SUNRISE   631 AM CDT   SUNSET   700 PM CDT
SEPTEMBER 15 2014.....SUNRISE   632 AM CDT   SUNSET   658 PM CDT


-  INDICATES NEGATIVE NUMBERS.
R  INDICATES RECORD WAS SET OR TIED.
MM INDICATES DATA IS MISSING.
T  INDICATES TRACE AMOUNT.




$$
