336
CDUS43 KPAH 270633
CLIEVV


CLIMATE REPORT
NATIONAL WEATHER SERVICE PADUCAH KY
128 AM CDT THU APR 27 2017


...................................

...THE EVANSVILLE IN CLIMATE SUMMARY FOR APRIL 26 2017...

CLIMATE NORMAL PERIOD 1981 TO 2010
CLIMATE RECORD PERIOD 1896 TO 2017


WEATHER ITEM   OBSERVED TIME   RECORD YEAR NORMAL DEPARTURE LAST
                VALUE   (LST)  VALUE       VALUE  FROM      YEAR
                                                  NORMAL
..................................................................
TEMPERATURE (F)
 YESTERDAY
  MAXIMUM         84    258 PM  91    1989  71     13       83
  MINIMUM         61   1159 PM  34    1947  48     13       60
  AVERAGE         73                        60     13       72

PRECIPITATION (IN)
  YESTERDAY        0.16          1.88 1898   0.16   0.00     0.89
  MONTH TO DATE    3.40                      3.72  -0.32     3.43
  SINCE MAR 1      7.25                      7.96  -0.71     9.30
  SINCE JAN 1     10.52                     14.23  -3.71    15.64

SNOWFALL (IN)
  YESTERDAY        0.0           T    1953   0.0    0.0      0.0
  MONTH TO DATE    0.0                       0.1   -0.1      0.0
  SINCE MAR 1      1.0                       1.1   -0.1       T
  SINCE JUL 1      1.4                      11.8  -10.4     14.2
  SNOW DEPTH       0

DEGREE DAYS
 HEATING
  YESTERDAY        0                         6     -6        0
  MONTH TO DATE  110                       265   -155      233
  SINCE MAR 1    608                       857   -249      638
  SINCE JUL 1   3307                      4431  -1124     3456

 COOLING
  YESTERDAY        8                         1      7        7
  MONTH TO DATE   56                        18     38       19
  SINCE MAR 1     61                        21     40       20
  SINCE JAN 1     61                        21     40       20
..................................................................


WIND (MPH)
  HIGHEST WIND SPEED    22   HIGHEST WIND DIRECTION     W (280)
  HIGHEST GUST SPEED    31   HIGHEST GUST DIRECTION     S (180)
  AVERAGE WIND SPEED    10.2


SKY COVER
  AVERAGE SKY COVER 0.3


WEATHER CONDITIONS
 THE FOLLOWING WEATHER WAS RECORDED YESTERDAY.
  THUNDERSTORM
  HEAVY RAIN
  RAIN
  LIGHT RAIN
  FOG


RELATIVE HUMIDITY (PERCENT)
 HIGHEST    84
 LOWEST     44
 AVERAGE    64

..........................................................


THE EVANSVILLE IN CLIMATE NORMALS FOR TODAY
                         NORMAL    RECORD    YEAR
 MAXIMUM TEMPERATURE (F)   71        91      1989
 MINIMUM TEMPERATURE (F)   48        32      1946


SUNRISE AND SUNSET
APRIL 27 2017.........SUNRISE   558 AM CDT   SUNSET   738 PM CDT
APRIL 28 2017.........SUNRISE   557 AM CDT   SUNSET   739 PM CDT


-  INDICATES NEGATIVE NUMBERS.
R  INDICATES RECORD WAS SET OR TIED.
MM INDICATES DATA IS MISSING.
T  INDICATES TRACE AMOUNT.




$$
