000
CDUS43 KPAH 220633
CLIEVV


CLIMATE REPORT
NATIONAL WEATHER SERVICE PADUCAH KY
132 AM CDT SUN MAY 22 2016


...................................

...THE EVANSVILLE IN CLIMATE SUMMARY FOR MAY 21 2016...

CLIMATE NORMAL PERIOD 1981 TO 2010
CLIMATE RECORD PERIOD 1896 TO 2016


WEATHER ITEM   OBSERVED TIME   RECORD YEAR NORMAL DEPARTURE LAST
                VALUE   (LST)  VALUE       VALUE  FROM      YEAR
                                                  NORMAL
..................................................................
TEMPERATURE (F)
 YESTERDAY
  MAXIMUM         74    416 PM  94    1987  78     -4       60
  MINIMUM         53   1122 PM  40    2002  56     -3       46
                                      1954
  AVERAGE         64                        67     -3       53

PRECIPITATION (IN)
  YESTERDAY        T             1.73 1983   0.18  -0.18      T
  MONTH TO DATE    3.75                      3.66   0.09     2.43
  SINCE MAR 1     15.11                     12.27   2.84    15.90
  SINCE JAN 1     21.45                     18.54   2.91    21.43

SNOWFALL (IN)
  YESTERDAY        0.0           T    1950   0.0    0.0      0.0
  MONTH TO DATE    0.0                       0.0    0.0      0.0
  SINCE MAR 1      T                         1.1   -1.1      8.5
  SINCE JUL 1     14.2                      11.8    2.4     18.5
  SNOW DEPTH       0

DEGREE DAYS
 HEATING
  YESTERDAY        1                         2     -1       12
  MONTH TO DATE  114                        72     42       47
  SINCE MAR 1    760                       953   -193      862
  SINCE JUL 1   3578                      4527   -949     4698

 COOLING
  YESTERDAY        0                         4     -4        0
  MONTH TO DATE   15                        55    -40       99
  SINCE MAR 1     37                        82    -45      127
  SINCE JAN 1     37                        82    -45      127
..................................................................


WIND (MPH)
  HIGHEST WIND SPEED    14   HIGHEST WIND DIRECTION    NW (330)
  HIGHEST GUST SPEED    18   HIGHEST GUST DIRECTION     N (20)
  AVERAGE WIND SPEED     5.9


SKY COVER
  AVERAGE SKY COVER 0.7


WEATHER CONDITIONS
 THE FOLLOWING WEATHER WAS RECORDED YESTERDAY.
  LIGHT RAIN
  FOG
  HAZE


RELATIVE HUMIDITY (PERCENT)
 HIGHEST   100
 LOWEST     49
 AVERAGE    75

..........................................................


THE EVANSVILLE IN CLIMATE NORMALS FOR TODAY
                         NORMAL    RECORD    YEAR
 MAXIMUM TEMPERATURE (F)   79        93      1975
 MINIMUM TEMPERATURE (F)   56        38      1963


SUNRISE AND SUNSET
MAY 22 2016...........SUNRISE   534 AM CDT   SUNSET   800 PM CDT
MAY 23 2016...........SUNRISE   533 AM CDT   SUNSET   801 PM CDT


-  INDICATES NEGATIVE NUMBERS.
R  INDICATES RECORD WAS SET OR TIED.
MM INDICATES DATA IS MISSING.
T  INDICATES TRACE AMOUNT.




$$
