000
CDUS43 KPAH 280628
CLIEVV


CLIMATE REPORT
NATIONAL WEATHER SERVICE PADUCAH KY
127 AM CDT WED SEP 28 2016

...................................

...THE EVANSVILLE IN CLIMATE SUMMARY FOR SEPTEMBER 27 2016...

CLIMATE NORMAL PERIOD 1981 TO 2010
CLIMATE RECORD PERIOD 1896 TO 2016

WEATHER ITEM   OBSERVED TIME   RECORD YEAR NORMAL DEPARTURE LAST
                VALUE   (LST)  VALUE       VALUE  FROM      YEAR
                                                  NORMAL
..................................................................
TEMPERATURE (F)
 YESTERDAY
  MAXIMUM         79    307 PM  94    1998  77      2       79
  MINIMUM         48    542 AM  34    1942  52     -4       63
  AVERAGE         64                        64      0       71

PRECIPITATION (IN)
  YESTERDAY        0.00          1.65 1945   0.10  -0.10     0.02
  MONTH TO DATE    2.97                      2.73   0.24     0.15
  SINCE SEP 1      2.97                      2.73   0.24     0.15
  SINCE JAN 1     41.43                     33.65   7.78    37.71

SNOWFALL (IN)
  YESTERDAY        0.0           0.0  2002   0.0    0.0      0.0
                                      2001
  MONTH TO DATE    0.0                       0.0    0.0      0.0
  SINCE SEP 1      0.0                       0.0    0.0      0.0
  SINCE JUL 1      0.0                       0.0    0.0      0.0
  SNOW DEPTH       0

DEGREE DAYS
 HEATING
  YESTERDAY        1                         4     -3        0
  MONTH TO DATE    2                        33    -31        6
  SINCE SEP 1      2                        33    -31        6
  SINCE JUL 1      2                        34    -32        6

 COOLING
  YESTERDAY        0                         3     -3        6
  MONTH TO DATE  281                       159    122      219
  SINCE SEP 1    281                       159    122      219
  SINCE JAN 1   1667                      1358    309     1518
..................................................................

WIND (MPH)
  HIGHEST WIND SPEED    20   HIGHEST WIND DIRECTION     W (260)
  HIGHEST GUST SPEED    26   HIGHEST GUST DIRECTION    SW (220)
  AVERAGE WIND SPEED     6.3

SKY COVER
  AVERAGE SKY COVER 0.0

WEATHER CONDITIONS
 THE FOLLOWING WEATHER WAS RECORDED YESTERDAY.
  HAZE

RELATIVE HUMIDITY (PERCENT)
 HIGHEST    93
 LOWEST     30
 AVERAGE    62
..........................................................

THE EVANSVILLE IN CLIMATE NORMALS FOR TODAY
                         NORMAL    RECORD    YEAR
 MAXIMUM TEMPERATURE (F)   76        94      1939
 MINIMUM TEMPERATURE (F)   51        31      1942

SUNRISE AND SUNSET
SEPTEMBER 28 2016.....SUNRISE   644 AM CDT   SUNSET   637 PM CDT
SEPTEMBER 29 2016.....SUNRISE   644 AM CDT   SUNSET   635 PM CDT

-  INDICATES NEGATIVE NUMBERS.
R  INDICATES RECORD WAS SET OR TIED.
MM INDICATES DATA IS MISSING.
T  INDICATES TRACE AMOUNT.

$$
