650
CDUS43 KPAH 240631
CLIEVV


CLIMATE REPORT
NATIONAL WEATHER SERVICE PADUCAH KY
130 AM CDT MON APR 24 2017


...................................

...THE EVANSVILLE IN CLIMATE SUMMARY FOR APRIL 23 2017...

CLIMATE NORMAL PERIOD 1981 TO 2010
CLIMATE RECORD PERIOD 1896 TO 2017


WEATHER ITEM   OBSERVED TIME   RECORD YEAR NORMAL DEPARTURE LAST
                VALUE   (LST)  VALUE       VALUE  FROM      YEAR
                                                  NORMAL
..................................................................
TEMPERATURE (F)
 YESTERDAY
  MAXIMUM         73    400 PM  89    1925  70      3       65
  MINIMUM         46    533 AM  29    1986  47     -1       48
  AVERAGE         60                        59      1       57

PRECIPITATION (IN)
  YESTERDAY        0.00          3.95 1955   0.15  -0.15     0.00
  MONTH TO DATE    3.24                      3.24   0.00     2.54
  SINCE MAR 1      7.09                      7.48  -0.39     8.41
  SINCE JAN 1     10.36                     13.75  -3.39    14.75

SNOWFALL (IN)
  YESTERDAY        0.0           T    1953   0.0    0.0      0.0
  MONTH TO DATE    0.0                       0.1   -0.1      0.0
  SINCE MAR 1      1.0                       1.1   -0.1       T
  SINCE JUL 1      1.4                      11.8  -10.4     14.2
  SNOW DEPTH       0

DEGREE DAYS
 HEATING
  YESTERDAY        5                         7     -2        8
  MONTH TO DATE  110                       245   -135      229
  SINCE MAR 1    608                       837   -229      634
  SINCE JUL 1   3307                      4411  -1104     3452

 COOLING
  YESTERDAY        0                         1     -1        0
  MONTH TO DATE   48                        15     33        9
  SINCE MAR 1     53                        18     35       10
  SINCE JAN 1     53                        18     35       10
..................................................................


WIND (MPH)
  HIGHEST WIND SPEED    23   HIGHEST WIND DIRECTION    NE (40)
  HIGHEST GUST SPEED    33   HIGHEST GUST DIRECTION    NE (30)
  AVERAGE WIND SPEED    12.2


SKY COVER
  AVERAGE SKY COVER 0.1


WEATHER CONDITIONS
 THE FOLLOWING WEATHER WAS RECORDED YESTERDAY.
  NO SIGNIFICANT WEATHER WAS OBSERVED.


RELATIVE HUMIDITY (PERCENT)
 HIGHEST    71
 LOWEST     24
 AVERAGE    48

..........................................................


THE EVANSVILLE IN CLIMATE NORMALS FOR TODAY
                         NORMAL    RECORD    YEAR
 MAXIMUM TEMPERATURE (F)   71        89      1925
 MINIMUM TEMPERATURE (F)   47        30      1963
                                             1910


SUNRISE AND SUNSET
APRIL 24 2017.........SUNRISE   602 AM CDT   SUNSET   735 PM CDT
APRIL 25 2017.........SUNRISE   601 AM CDT   SUNSET   736 PM CDT


-  INDICATES NEGATIVE NUMBERS.
R  INDICATES RECORD WAS SET OR TIED.
MM INDICATES DATA IS MISSING.
T  INDICATES TRACE AMOUNT.




$$
