000
CDUS43 KPAH 252126
CLIEVV


CLIMATE REPORT
NATIONAL WEATHER SERVICE PADUCAH KY
425 PM CDT TUE JUL 25 2017

...................................

...THE EVANSVILLE IN CLIMATE SUMMARY FOR JULY 25 2017...
VALID TODAY AS OF 0400 PM LOCAL TIME.

CLIMATE NORMAL PERIOD 1981 TO 2010
CLIMATE RECORD PERIOD 1896 TO 2017

WEATHER ITEM   OBSERVED TIME   RECORD YEAR NORMAL DEPARTURE LAST
                VALUE   (LST)  VALUE       VALUE  FROM      YEAR
                                                  NORMAL
..................................................................
TEMPERATURE (F)
 TODAY
  MAXIMUM         89    209 PM 103    2012  88      1       91
                                      1934
  MINIMUM         70    545 AM  56    2000  67      3       74
  AVERAGE         80                        78      2       83

PRECIPITATION (IN)
  TODAY            0.00          2.51 1910   0.12  -0.12     1.55
  MONTH TO DATE    3.95                      3.24   0.71     8.21
  SINCE JUN 1      7.55                      7.02   0.53    12.58
  SINCE JAN 1     28.55                     27.26   1.29    34.33

SNOWFALL (IN)
  TODAY            0.0                                       0.0
  MONTH TO DATE    0.0                                       0.0
  SINCE JUL 1      0.0                                       0.0
  SNOW DEPTH       0
..................................................................

WIND (MPH)
  HIGHEST WIND SPEED    12   HIGHEST WIND DIRECTION     E (80)
  HIGHEST GUST SPEED    15   HIGHEST GUST DIRECTION    NE (60)
..........................................................

THE EVANSVILLE IN CLIMATE NORMALS FOR TOMORROW
                         NORMAL    RECORD    YEAR
 MAXIMUM TEMPERATURE (F)   88       108      1930
 MINIMUM TEMPERATURE (F)   67        53      1962

SUNRISE AND SUNSET
JULY 25 2017..........SUNRISE   547 AM CDT   SUNSET   805 PM CDT
JULY 26 2017..........SUNRISE   548 AM CDT   SUNSET   805 PM CDT

-  INDICATES NEGATIVE NUMBERS.
R  INDICATES RECORD WAS SET OR TIED.
MM INDICATES DATA IS MISSING.
T  INDICATES TRACE AMOUNT.

$$
