000
CDUS43 KPAH 210630
CLIEVV


CLIMATE REPORT
NATIONAL WEATHER SERVICE PADUCAH KY
127 AM CDT THU SEP 21 2017


...................................

...THE EVANSVILLE IN CLIMATE SUMMARY FOR SEPTEMBER 20 2017...

CLIMATE NORMAL PERIOD 1981 TO 2010
CLIMATE RECORD PERIOD 1896 TO 2017


WEATHER ITEM   OBSERVED TIME   RECORD YEAR NORMAL DEPARTURE LAST
                VALUE   (LST)  VALUE       VALUE  FROM      YEAR
                                                  NORMAL
..................................................................
TEMPERATURE (F)
 YESTERDAY
  MAXIMUM         90    340 PM  95    1940  80     10       90
  MINIMUM         67    600 AM  38    1897  55     12       62
  AVERAGE         79                        67     12       76

PRECIPITATION (IN)
  YESTERDAY        0.00          4.39 1924   0.10  -0.10     0.00
  MONTH TO DATE    3.24                      2.02   1.22     2.43
  SINCE SEP 1      3.24                      2.02   1.22     2.43
  SINCE JAN 1     35.65                     32.94   2.71    40.89

SNOWFALL (IN)
  YESTERDAY        0.0           0.0    MM   0.0    0.0      0.0
  MONTH TO DATE    0.0                       0.0    0.0      0.0
  SINCE SEP 1      0.0                       0.0    0.0      0.0
  SINCE JUL 1      0.0                       0.0    0.0      0.0
  SNOW DEPTH       0

DEGREE DAYS
 HEATING
  YESTERDAY        0                         2     -2        0
  MONTH TO DATE   12                        13     -1        0
  SINCE SEP 1     12                        13     -1        0
  SINCE JUL 1     12                        14     -2        0

 COOLING
  YESTERDAY       14                         4     10       11
  MONTH TO DATE   98                       136    -38      215
  SINCE SEP 1     98                       136    -38      215
  SINCE JAN 1   1388                      1335     53     1601
..................................................................


WIND (MPH)
  HIGHEST WIND SPEED    13   HIGHEST WIND DIRECTION    SW (210)
  HIGHEST GUST SPEED    17   HIGHEST GUST DIRECTION    SW (210)
  AVERAGE WIND SPEED     2.7


SKY COVER
  AVERAGE SKY COVER 0.1


WEATHER CONDITIONS
 THE FOLLOWING WEATHER WAS RECORDED YESTERDAY.
  FOG


RELATIVE HUMIDITY (PERCENT)
 HIGHEST   100
 LOWEST     52
 AVERAGE    76

..........................................................


THE EVANSVILLE IN CLIMATE NORMALS FOR TODAY
                         NORMAL    RECORD    YEAR
 MAXIMUM TEMPERATURE (F)   79        98      2010
 MINIMUM TEMPERATURE (F)   54        37      1991
                                             1897


SUNRISE AND SUNSET
SEPTEMBER 21 2017.....SUNRISE   637 AM CDT   SUNSET   648 PM CDT
SEPTEMBER 22 2017.....SUNRISE   638 AM CDT   SUNSET   647 PM CDT


-  INDICATES NEGATIVE NUMBERS.
R  INDICATES RECORD WAS SET OR TIED.
MM INDICATES DATA IS MISSING.
T  INDICATES TRACE AMOUNT.




$$
