000
CDUS43 KPAH 090636
CLIEVV


CLIMATE REPORT
NATIONAL WEATHER SERVICE PADUCAH KY
1234 AM CST TUE FEB 9 2016


...................................

...THE EVANSVILLE IN CLIMATE SUMMARY FOR FEBRUARY 8 2016...

CLIMATE NORMAL PERIOD 1981 TO 2010
CLIMATE RECORD PERIOD 1896 TO 2016


WEATHER ITEM   OBSERVED TIME   RECORD YEAR NORMAL DEPARTURE LAST
                VALUE   (LST)  VALUE       VALUE  FROM      YEAR
                                                  NORMAL
..................................................................
TEMPERATURE (F)
 YESTERDAY
  MAXIMUM         43   1216 AM  72    1925  44     -1       58
  MINIMUM         24   1159 PM  -5    1985  26     -2       45
  AVERAGE         34                        35     -1       52

PRECIPITATION (IN)
  YESTERDAY        0.15          1.63 1950   0.11   0.04      T
  MONTH TO DATE    1.91                      0.94   0.97     0.67
  SINCE DEC 1      9.11                      7.80   1.31     7.07
  SINCE JAN 1      3.91                      4.04  -0.13     3.64

SNOWFALL (IN)
  YESTERDAY        0.3           2.8  1979   0.2    0.1      0.0
  MONTH TO DATE    0.3                       1.2   -0.9      0.2
  SINCE DEC 1     11.2                       7.8    3.4      0.4
  SINCE JUL 1     11.2                       8.1    3.1      2.8
  SNOW DEPTH       T

DEGREE DAYS
 HEATING
  YESTERDAY       31                        30      1       13
  MONTH TO DATE  176                       248    -72      231
  SINCE DEC 1   1657                      2166   -509     1995
  SINCE JUL 1   2266                      3027   -761     2998

 COOLING
  YESTERDAY        0                         0      0        0
  MONTH TO DATE    0                         0      0        0
  SINCE DEC 1      3                         0      3        0
  SINCE JAN 1      0                         0      0        0
..................................................................


WIND (MPH)
  HIGHEST WIND SPEED    22   HIGHEST WIND DIRECTION     W (270)
  HIGHEST GUST SPEED    30   HIGHEST GUST DIRECTION     W (270)
  AVERAGE WIND SPEED     9.4


SKY COVER
  AVERAGE SKY COVER 0.8


WEATHER CONDITIONS
 THE FOLLOWING WEATHER WAS RECORDED YESTERDAY.
  LIGHT RAIN
  SNOW
  LIGHT SNOW
  FOG


RELATIVE HUMIDITY (PERCENT)
 HIGHEST    89
 LOWEST     64
 AVERAGE    77

..........................................................


THE EVANSVILLE IN CLIMATE NORMALS FOR TODAY
                         NORMAL    RECORD    YEAR
 MAXIMUM TEMPERATURE (F)   44        72      1965
 MINIMUM TEMPERATURE (F)   26       -15      1899


SUNRISE AND SUNSET
FEBRUARY  9 2016......SUNRISE   647 AM CST   SUNSET   522 PM CST
FEBRUARY 10 2016......SUNRISE   646 AM CST   SUNSET   523 PM CST


-  INDICATES NEGATIVE NUMBERS.
R  INDICATES RECORD WAS SET OR TIED.
MM INDICATES DATA IS MISSING.
T  INDICATES TRACE AMOUNT.




$$
