000
CDUS43 KPAH 260630
CLIEVV


CLIMATE REPORT
NATIONAL WEATHER SERVICE PADUCAH KY
1229 AM CST THU FEB 26 2015


...................................

...THE EVANSVILLE IN CLIMATE SUMMARY FOR FEBRUARY 25 2015...

CLIMATE NORMAL PERIOD 1981 TO 2010
CLIMATE RECORD PERIOD 1896 TO 2015


WEATHER ITEM   OBSERVED TIME   RECORD YEAR NORMAL DEPARTURE LAST
                VALUE   (LST)  VALUE       VALUE  FROM      YEAR
                                                  NORMAL
..................................................................
TEMPERATURE (F)
 YESTERDAY
  MAXIMUM         37    418 PM  76    2000  49    -12       35
  MINIMUM         18    600 AM  -3    1967  30    -12       25
  AVERAGE         28                        40    -12       30

PRECIPITATION (IN)
  YESTERDAY        0.00          1.56 1929   0.11  -0.11     0.02
  MONTH TO DATE    2.56                      2.83  -0.27     2.26
  SINCE DEC 1      8.96                      9.69  -0.73    11.28
  SINCE JAN 1      5.53                      5.93  -0.40     3.95

SNOWFALL (IN)
  YESTERDAY        0.0          10.9  1993   0.1   -0.1      0.2
  MONTH TO DATE    7.4                       3.5    3.9      2.2
  SINCE DEC 1      7.6                      10.1   -2.5     10.0
  SINCE JUL 1     10.0                      10.4   -0.4     10.0
  SNOW DEPTH       1

DEGREE DAYS
 HEATING
  YESTERDAY       37                        25     12       35
  MONTH TO DATE  944                       721    223      864
  SINCE DEC 1   2708                      2639     69     2926
  SINCE JUL 1   3711                      3500    211     3840

 COOLING
  YESTERDAY        0                         0      0        0
  MONTH TO DATE    0                         0      0        0
  SINCE DEC 1      0                         0      0        0
  SINCE JAN 1      0                         0      0        0
..................................................................


WIND (MPH)
  HIGHEST WIND SPEED    12   HIGHEST WIND DIRECTION    SW (230)
  HIGHEST GUST SPEED    12   HIGHEST GUST DIRECTION    SW (220)
  AVERAGE WIND SPEED     3.6


SKY COVER
  AVERAGE SKY COVER 0.0


WEATHER CONDITIONS
 THE FOLLOWING WEATHER WAS RECORDED YESTERDAY.
  HAZE


RELATIVE HUMIDITY (PERCENT)
 HIGHEST    84
 LOWEST     54
 AVERAGE    69

..........................................................


THE EVANSVILLE IN CLIMATE NORMALS FOR TODAY
                         NORMAL    RECORD    YEAR
 MAXIMUM TEMPERATURE (F)   50        72      1996
                                             1917
 MINIMUM TEMPERATURE (F)   30         4      1934


SUNRISE AND SUNSET
FEBRUARY 26 2015......SUNRISE   626 AM CST   SUNSET   540 PM CST
FEBRUARY 27 2015......SUNRISE   625 AM CST   SUNSET   541 PM CST


-  INDICATES NEGATIVE NUMBERS.
R  INDICATES RECORD WAS SET OR TIED.
MM INDICATES DATA IS MISSING.
T  INDICATES TRACE AMOUNT.




$$
