000
CDUS43 KPAH 020632
CLIEVV


CLIMATE REPORT
NATIONAL WEATHER SERVICE PADUCAH KY
128 AM CDT MON MAY 2 2016


...................................

...THE EVANSVILLE IN CLIMATE SUMMARY FOR MAY 1 2016...

CLIMATE NORMAL PERIOD 1981 TO 2010
CLIMATE RECORD PERIOD 1896 TO 2016


WEATHER ITEM   OBSERVED TIME   RECORD YEAR NORMAL DEPARTURE LAST
                VALUE   (LST)  VALUE       VALUE  FROM      YEAR
                                                  NORMAL
..................................................................
TEMPERATURE (F)
 YESTERDAY
  MAXIMUM         79    418 PM  90    1951  73      6       72
  MINIMUM         54    442 AM  28    1963  50      4       42
  AVERAGE         67                        61      6       57

PRECIPITATION (IN)
  YESTERDAY        0.13          2.54 2011   0.16  -0.03     0.00
  MONTH TO DATE    0.13                      0.16  -0.03     0.00
  SINCE MAR 1     11.49                      8.77   2.72    13.47
  SINCE JAN 1     17.83                     15.04   2.79    19.00

SNOWFALL (IN)
  YESTERDAY        0.0                       0.0    0.0      0.0
  MONTH TO DATE    0.0                       0.0    0.0      0.0
  SINCE MAR 1      T                         1.1   -1.1      8.5
  SINCE JUL 1     14.2                      11.8    2.4     18.5
  SNOW DEPTH       0

DEGREE DAYS
 HEATING
  YESTERDAY        0                         5     -5        8
  MONTH TO DATE    0                         5     -5        8
  SINCE MAR 1    646                       886   -240      823
  SINCE JUL 1   3464                      4460   -996     4659

 COOLING
  YESTERDAY        2                         1      1        0
  MONTH TO DATE    2                         1      1        0
  SINCE MAR 1     24                        28     -4       28
  SINCE JAN 1     24                        28     -4       28
..................................................................


WIND (MPH)
  HIGHEST WIND SPEED    18   HIGHEST WIND DIRECTION    NW (320)
  HIGHEST GUST SPEED    26   HIGHEST GUST DIRECTION    NW (330)
  AVERAGE WIND SPEED     7.3


SKY COVER
  AVERAGE SKY COVER 0.3


WEATHER CONDITIONS
 THE FOLLOWING WEATHER WAS RECORDED YESTERDAY.
  THUNDERSTORM
  HEAVY RAIN
  RAIN
  LIGHT RAIN
  FOG


RELATIVE HUMIDITY (PERCENT)
 HIGHEST   100
 LOWEST     58
 AVERAGE    79

..........................................................


THE EVANSVILLE IN CLIMATE NORMALS FOR TODAY
                         NORMAL    RECORD    YEAR
 MAXIMUM TEMPERATURE (F)   73        91      1959
 MINIMUM TEMPERATURE (F)   50        32      1963


SUNRISE AND SUNSET
MAY  2 2016...........SUNRISE   552 AM CDT   SUNSET   742 PM CDT
MAY  3 2016...........SUNRISE   551 AM CDT   SUNSET   743 PM CDT


-  INDICATES NEGATIVE NUMBERS.
R  INDICATES RECORD WAS SET OR TIED.
MM INDICATES DATA IS MISSING.
T  INDICATES TRACE AMOUNT.




$$
