000
CDUS43 KPAH 190630
CLIEVV


CLIMATE REPORT
NATIONAL WEATHER SERVICE PADUCAH KY
1228 AM CST SUN FEB 19 2017


...................................

...THE EVANSVILLE IN CLIMATE SUMMARY FOR FEBRUARY 18 2017...

CLIMATE NORMAL PERIOD 1981 TO 2010
CLIMATE RECORD PERIOD 1896 TO 2017


WEATHER ITEM   OBSERVED TIME   RECORD YEAR NORMAL DEPARTURE LAST
                VALUE   (LST)  VALUE       VALUE  FROM      YEAR
                                                  NORMAL
..................................................................
TEMPERATURE (F)
 YESTERDAY
  MAXIMUM         58   1216 PM  73    1961  47     11       56
  MINIMUM         43    156 AM  -6    1936  28     15       27
  AVERAGE         51                        37     14       42

PRECIPITATION (IN)
  YESTERDAY        0.12          3.38 2000   0.11   0.01     0.00
  MONTH TO DATE    0.64                      2.07  -1.43     2.23
  SINCE DEC 1      6.83                      8.93  -2.10     9.43
  SINCE JAN 1      2.91                      5.17  -2.26     4.23

SNOWFALL (IN)
  YESTERDAY        0.0           2.2  1979   0.2   -0.2      0.0
  MONTH TO DATE    T                         2.7   -2.7      3.3
  SINCE DEC 1      0.4                       9.3   -8.9     14.2
  SINCE JUL 1      0.4                       9.6   -9.2     14.2
  SNOW DEPTH       0

DEGREE DAYS
 HEATING
  YESTERDAY       14                        28    -14       23
  MONTH TO DATE  401                       537   -136      532
  SINCE DEC 1   2064                      2455   -391     2013
  SINCE JUL 1   2594                      3316   -722     2622

 COOLING
  YESTERDAY        0                         0      0        0
  MONTH TO DATE    0                         0      0        0
  SINCE DEC 1      0                         0      0        3
  SINCE JAN 1      0                         0      0        0
..................................................................


WIND (MPH)
  HIGHEST WIND SPEED    20   HIGHEST WIND DIRECTION    SW (220)
  HIGHEST GUST SPEED    24   HIGHEST GUST DIRECTION    SW (220)
  AVERAGE WIND SPEED     6.9


SKY COVER
  AVERAGE SKY COVER 0.8


WEATHER CONDITIONS
 THE FOLLOWING WEATHER WAS RECORDED YESTERDAY.
  LIGHT RAIN
  FOG


RELATIVE HUMIDITY (PERCENT)
 HIGHEST    93
 LOWEST     55
 AVERAGE    74

..........................................................


THE EVANSVILLE IN CLIMATE NORMALS FOR TODAY
                         NORMAL    RECORD    YEAR
 MAXIMUM TEMPERATURE (F)   47        73      1994
 MINIMUM TEMPERATURE (F)   28        -6      2015


SUNRISE AND SUNSET
FEBRUARY 19 2017......SUNRISE   635 AM CST   SUNSET   533 PM CST
FEBRUARY 20 2017......SUNRISE   634 AM CST   SUNSET   534 PM CST


-  INDICATES NEGATIVE NUMBERS.
R  INDICATES RECORD WAS SET OR TIED.
MM INDICATES DATA IS MISSING.
T  INDICATES TRACE AMOUNT.




$$
