000
CDUS43 KPAH 292137
CLIEVV


CLIMATE REPORT
NATIONAL WEATHER SERVICE PADUCAH KY
435 PM CDT SUN MAR 29 2015


...................................

...THE EVANSVILLE IN CLIMATE SUMMARY FOR MARCH 29 2015...
VALID TODAY AS OF 0400 PM LOCAL TIME.

CLIMATE NORMAL PERIOD 1981 TO 2010
CLIMATE RECORD PERIOD 1896 TO 2015


WEATHER ITEM   OBSERVED TIME   RECORD YEAR NORMAL DEPARTURE LAST
                VALUE   (LST)  VALUE       VALUE  FROM      YEAR
                                                  NORMAL
..................................................................
TEMPERATURE (F)
 TODAY
  MAXIMUM         62    237 PM  82    1963  62      0       46
  MINIMUM         27    306 AM  23    1955  39    -12       39
  AVERAGE                                   50              43

PRECIPITATION (IN)
  TODAY            0.00          1.44 1985   0.15  -0.15     0.71
  MONTH TO DATE    6.85                      3.95   2.90     2.85
  SINCE MAR 1      6.85                      3.95   2.90     2.85
  SINCE JAN 1     12.38                     10.22   2.16     6.80

SNOWFALL (IN)
  TODAY            0.0                                       0.0
  MONTH TO DATE    8.5                                       2.6
  SINCE JUL 1     18.5                                      12.6
  SNOW DEPTH       0

..................................................................


WIND (MPH)
  HIGHEST WIND SPEED    23   HIGHEST WIND DIRECTION     S (200)
  HIGHEST GUST SPEED    32   HIGHEST GUST DIRECTION    SW (210)




..........................................................


THE EVANSVILLE IN CLIMATE NORMALS FOR TOMORROW
                         NORMAL    RECORD    YEAR
 MAXIMUM TEMPERATURE (F)   62        83      1986
 MINIMUM TEMPERATURE (F)   39        22      1964


SUNRISE AND SUNSET
MARCH 29 2015.........SUNRISE   640 AM CDT   SUNSET   710 PM CDT
MARCH 30 2015.........SUNRISE   639 AM CDT   SUNSET   711 PM CDT


-  INDICATES NEGATIVE NUMBERS.
R  INDICATES RECORD WAS SET OR TIED.
MM INDICATES DATA IS MISSING.
T  INDICATES TRACE AMOUNT.




$$
