000
CDUS43 KPAH 201416
CLIEVV


CLIMATE REPORT
NATIONAL WEATHER SERVICE PADUCAH KY
916 AM CDT FRI OCT 20 2017


...................................

...THE EVANSVILLE IN CLIMATE SUMMARY FOR OCTOBER 19 2017...

CLIMATE NORMAL PERIOD 1981 TO 2010
CLIMATE RECORD PERIOD 1896 TO 2017


WEATHER ITEM   OBSERVED TIME   RECORD YEAR NORMAL DEPARTURE LAST
                VALUE   (LST)  VALUE       VALUE  FROM      YEAR
                                                  NORMAL
..................................................................
TEMPERATURE (F)
 YESTERDAY
  MAXIMUM         76    320 PM  88    2005  69      7       85
  MINIMUM         46    414 AM  26    1972  45      1       67
  AVERAGE         61                        57      4       76

PRECIPITATION (IN)
  YESTERDAY        0.00          1.56 1905   0.11  -0.11     0.03
  MONTH TO DATE    1.55                      1.94  -0.39     0.37
  SINCE SEP 1      4.79                      4.99  -0.20     4.38
  SINCE JAN 1     37.20                     35.91   1.29    42.84

SNOWFALL (IN)
  YESTERDAY        0.0           0.9  1989   0.1   -0.1      0.0
  MONTH TO DATE    0.0                       0.1   -0.1      0.0
  SINCE SEP 1      0.0                       0.1   -0.1      0.0
  SINCE JUL 1      0.0                       0.1   -0.1      0.0
  SNOW DEPTH       0

DEGREE DAYS
 HEATING
  YESTERDAY        4                         9     -5        0
  MONTH TO DATE   51                       129    -78       33
  SINCE SEP 1     66                       175   -109       42
  SINCE JUL 1     66                       176   -110       42

 COOLING
  YESTERDAY        0                         1     -1       11
  MONTH TO DATE   73                        26     47       86
  SINCE SEP 1    271                       193     78      367
  SINCE JAN 1   1561                      1392    169     1753
..................................................................


WIND (MPH)
  HIGHEST WIND SPEED    14   HIGHEST WIND DIRECTION    SW (210)
  HIGHEST GUST SPEED    18   HIGHEST GUST DIRECTION    SW (210)
  AVERAGE WIND SPEED     3.0


SKY COVER
  AVERAGE SKY COVER 0.0


WEATHER CONDITIONS
 THE FOLLOWING WEATHER WAS RECORDED YESTERDAY.
  NO SIGNIFICANT WEATHER WAS OBSERVED.


RELATIVE HUMIDITY (PERCENT)
 HIGHEST    93
 LOWEST     41
 AVERAGE    67

..........................................................


THE EVANSVILLE IN CLIMATE NORMALS FOR TODAY
                         NORMAL    RECORD    YEAR
 MAXIMUM TEMPERATURE (F)   68        89      1963
 MINIMUM TEMPERATURE (F)   44        24      1972


SUNRISE AND SUNSET
OCTOBER 20 2017.......SUNRISE   704 AM CDT   SUNSET   605 PM CDT
OCTOBER 21 2017.......SUNRISE   705 AM CDT   SUNSET   604 PM CDT


-  INDICATES NEGATIVE NUMBERS.
R  INDICATES RECORD WAS SET OR TIED.
MM INDICATES DATA IS MISSING.
T  INDICATES TRACE AMOUNT.




$$
