000
CDUS43 KPAH 150632
CLIEVV


CLIMATE REPORT
NATIONAL WEATHER SERVICE PADUCAH KY
129 AM CDT SUN OCT 15 2017


...................................

...THE EVANSVILLE IN CLIMATE SUMMARY FOR OCTOBER 14 2017...

CLIMATE NORMAL PERIOD 1981 TO 2010
CLIMATE RECORD PERIOD 1896 TO 2017


WEATHER ITEM   OBSERVED TIME   RECORD YEAR NORMAL DEPARTURE LAST
                VALUE   (LST)  VALUE       VALUE  FROM      YEAR
                                                  NORMAL
..................................................................
TEMPERATURE (F)
 YESTERDAY
  MAXIMUM         86    141 PM  90    1899  71     15       64
  MINIMUM         56    629 AM  29    1979  46     10       45
  AVERAGE         71                        58     13       55

PRECIPITATION (IN)
  YESTERDAY        0.00          1.37 1941   0.10  -0.10     0.00
  MONTH TO DATE    1.43                      1.41   0.02     0.34
  SINCE SEP 1      4.67                      4.46   0.21     4.35
  SINCE JAN 1     37.08                     35.38   1.70    42.81

SNOWFALL (IN)
  YESTERDAY        0.0           0.0  2002   0.0    0.0      0.0
                                      2001
  MONTH TO DATE    0.0                       0.0    0.0      0.0
  SINCE SEP 1      0.0                       0.0    0.0      0.0
  SINCE JUL 1      0.0                       0.0    0.0      0.0
  SNOW DEPTH       0

DEGREE DAYS
 HEATING
  YESTERDAY        0                         8     -8       10
  MONTH TO DATE   13                        87    -74       33
  SINCE SEP 1     28                       133   -105       42
  SINCE JUL 1     28                       134   -106       42

 COOLING
  YESTERDAY        6                         1      5        0
  MONTH TO DATE   73                        21     52       39
  SINCE SEP 1    271                       188     83      320
  SINCE JAN 1   1561                      1387    174     1706
..................................................................


WIND (MPH)
  HIGHEST WIND SPEED    17   HIGHEST WIND DIRECTION     S (200)
  HIGHEST GUST SPEED    24   HIGHEST GUST DIRECTION     S (200)
  AVERAGE WIND SPEED     7.0


SKY COVER
  AVERAGE SKY COVER 0.0


WEATHER CONDITIONS
 THE FOLLOWING WEATHER WAS RECORDED YESTERDAY.
  FOG


RELATIVE HUMIDITY (PERCENT)
 HIGHEST    93
 LOWEST     43
 AVERAGE    68

..........................................................


THE EVANSVILLE IN CLIMATE NORMALS FOR TODAY
                         NORMAL    RECORD    YEAR
 MAXIMUM TEMPERATURE (F)   70        90      1963
 MINIMUM TEMPERATURE (F)   46        29      1961


SUNRISE AND SUNSET
OCTOBER 15 2017.......SUNRISE   659 AM CDT   SUNSET   612 PM CDT
OCTOBER 16 2017.......SUNRISE   700 AM CDT   SUNSET   611 PM CDT


-  INDICATES NEGATIVE NUMBERS.
R  INDICATES RECORD WAS SET OR TIED.
MM INDICATES DATA IS MISSING.
T  INDICATES TRACE AMOUNT.




$$
