000
CDUS43 KPAH 200635
CLIEVV


CLIMATE REPORT
NATIONAL WEATHER SERVICE PADUCAH KY
1232 AM CST THU NOV 20 2014


...................................

...THE EVANSVILLE IN CLIMATE SUMMARY FOR NOVEMBER 19 2014...

CLIMATE NORMAL PERIOD 1981 TO 2010
CLIMATE RECORD PERIOD 1896 TO 2014


WEATHER ITEM   OBSERVED TIME   RECORD YEAR NORMAL DEPARTURE LAST
                VALUE   (LST)  VALUE       VALUE  FROM      YEAR
                                                  NORMAL
..................................................................
TEMPERATURE (F)
 YESTERDAY
  MAXIMUM         46   1257 PM  81    1930  55     -9       48
  MINIMUM         18   1247 AM  14    1914  35    -17       31
  AVERAGE         32                        45    -13       40

PRECIPITATION (IN)
  YESTERDAY        0.00          2.25 1950   0.16  -0.16     0.00
  MONTH TO DATE    0.92                      2.66  -1.74     1.72
  SINCE SEP 1      7.67                      8.96  -1.29    10.60
  SINCE JAN 1     41.85                     39.88   1.97    45.93

SNOWFALL (IN)
  YESTERDAY        0.0           2.0  1969   0.0    0.0      0.0
  MONTH TO DATE    2.2                       0.0    2.2       T
  SINCE SEP 1      2.2                       0.2    2.0       T
  SINCE JUL 1      2.2                       0.2    2.0       T
  SNOW DEPTH       T

DEGREE DAYS
 HEATING
  YESTERDAY       33                        20     13       25
  MONTH TO DATE  489                       309    180      337
  SINCE SEP 1    743                       611    132      596
  SINCE JUL 1    743                       612    131      596

 COOLING
  YESTERDAY        0                         0      0        0
  MONTH TO DATE    0                         0      0        0
  SINCE SEP 1    197                       196      1      272
  SINCE JAN 1   1477                      1395     82     1464
..................................................................


WIND (MPH)
  HIGHEST WIND SPEED    25   HIGHEST WIND DIRECTION    SW (210)
  HIGHEST GUST SPEED    33   HIGHEST GUST DIRECTION    SW (220)
  AVERAGE WIND SPEED    12.1


SKY COVER
  AVERAGE SKY COVER 0.4


WEATHER CONDITIONS
 THE FOLLOWING WEATHER WAS RECORDED YESTERDAY.
  NO SIGNIFICANT WEATHER WAS OBSERVED.


RELATIVE HUMIDITY (PERCENT)
 HIGHEST    67
 LOWEST     49
 AVERAGE    58

..........................................................


THE EVANSVILLE IN CLIMATE NORMALS FOR TODAY
                         NORMAL    RECORD    YEAR
 MAXIMUM TEMPERATURE (F)   54        75      1913
 MINIMUM TEMPERATURE (F)   35        12      1914


SUNRISE AND SUNSET
NOVEMBER 20 2014......SUNRISE   636 AM CST   SUNSET   435 PM CST
NOVEMBER 21 2014......SUNRISE   637 AM CST   SUNSET   434 PM CST


-  INDICATES NEGATIVE NUMBERS.
R  INDICATES RECORD WAS SET OR TIED.
MM INDICATES DATA IS MISSING.
T  INDICATES TRACE AMOUNT.




$$
