545
CDUS43 KPAH 290651
CLIEVV


CLIMATE REPORT
NATIONAL WEATHER SERVICE PADUCAH KY
148 AM CDT WED MAR 29 2017


...................................

...THE EVANSVILLE IN CLIMATE SUMMARY FOR MARCH 28 2017...

CLIMATE NORMAL PERIOD 1981 TO 2010
CLIMATE RECORD PERIOD 1896 TO 2017


WEATHER ITEM   OBSERVED TIME   RECORD YEAR NORMAL DEPARTURE LAST
                VALUE   (LST)  VALUE       VALUE  FROM      YEAR
                                                  NORMAL
..................................................................
TEMPERATURE (F)
 YESTERDAY
  MAXIMUM         62    258 PM  84    1910  61      1       59
  MINIMUM         51   1159 PM   5    1947  39     12       42
  AVERAGE         57                        50      7       51

PRECIPITATION (IN)
  YESTERDAY        T             1.26 1975   0.14  -0.14     0.00
  MONTH TO DATE    3.31                      3.80  -0.49     4.74
  SINCE MAR 1      3.31                      3.80  -0.49     4.74
  SINCE JAN 1      6.58                     10.07  -3.49    11.08

SNOWFALL (IN)
  YESTERDAY        0.0           1.0  1970   0.1   -0.1      0.0
  MONTH TO DATE    1.0                       1.0    0.0       T
  SINCE MAR 1      1.0                       1.0    0.0       T
  SINCE JUL 1      1.4                      11.7  -10.3     14.2
  SNOW DEPTH       0

DEGREE DAYS
 HEATING
  YESTERDAY        8                        15     -7       14
  MONTH TO DATE  478                       546    -68      382
  SINCE MAR 1    478                       546    -68      382
  SINCE JUL 1   3177                      4120   -943     3200

 COOLING
  YESTERDAY        0                         0      0        0
  MONTH TO DATE    3                         0      3        1
  SINCE MAR 1      3                         0      3        1
  SINCE JAN 1      3                         0      3        1
..................................................................


WIND (MPH)
  HIGHEST WIND SPEED    13   HIGHEST WIND DIRECTION    NW (320)
  HIGHEST GUST SPEED    19   HIGHEST GUST DIRECTION     N (340)
  AVERAGE WIND SPEED     4.6


SKY COVER
  AVERAGE SKY COVER 0.8


WEATHER CONDITIONS
 THE FOLLOWING WEATHER WAS RECORDED YESTERDAY.
  FOG
  HAZE


RELATIVE HUMIDITY (PERCENT)
 HIGHEST    93
 LOWEST     67
 AVERAGE    80

..........................................................


THE EVANSVILLE IN CLIMATE NORMALS FOR TODAY
                         NORMAL    RECORD    YEAR
 MAXIMUM TEMPERATURE (F)   62        82      1963
 MINIMUM TEMPERATURE (F)   39        23      1955


SUNRISE AND SUNSET
MARCH 29 2017.........SUNRISE   639 AM CDT   SUNSET   711 PM CDT
MARCH 30 2017.........SUNRISE   638 AM CDT   SUNSET   712 PM CDT


-  INDICATES NEGATIVE NUMBERS.
R  INDICATES RECORD WAS SET OR TIED.
MM INDICATES DATA IS MISSING.
T  INDICATES TRACE AMOUNT.




$$
