000
CDUS43 KPAH 280629
CLIEVV


CLIMATE REPORT
NATIONAL WEATHER SERVICE PADUCAH KY
127 AM CDT SUN AUG 28 2016

...................................

...THE EVANSVILLE IN CLIMATE SUMMARY FOR AUGUST 27 2016...

CLIMATE NORMAL PERIOD 1981 TO 2010
CLIMATE RECORD PERIOD 1896 TO 2016

WEATHER ITEM   OBSERVED TIME   RECORD YEAR NORMAL DEPARTURE LAST
                VALUE   (LST)  VALUE       VALUE  FROM      YEAR
                                                  NORMAL
..................................................................
TEMPERATURE (F)
 YESTERDAY
  MAXIMUM         89    557 PM 102    1936  87      2       83
  MINIMUM         72    307 AM  51    1946  64      8       57
  AVERAGE         81                        76      5       70

PRECIPITATION (IN)
  YESTERDAY        0.14          1.92 1992   0.09   0.05     0.00
  MONTH TO DATE    3.14                      2.60   0.54     3.06
  SINCE JUN 1     16.71                     10.30   6.41    15.12
  SINCE JAN 1     38.46                     30.54   7.92    37.56

SNOWFALL (IN)
  YESTERDAY        0.0           0.0  2002   0.0    0.0      0.0
                                      2001
  MONTH TO DATE    0.0                       0.0    0.0      0.0
  SINCE JUN 1      0.0                       0.0    0.0      0.0
  SINCE JUL 1      0.0                       0.0    0.0      0.0
  SNOW DEPTH       0

DEGREE DAYS
 HEATING
  YESTERDAY        0                         0      0        0
  MONTH TO DATE    0                         0      0        0
  SINCE JUN 1      0                         6     -6        7
  SINCE JUL 1      0                         0      0        0

 COOLING
  YESTERDAY       16                        11      5        5
  MONTH TO DATE  380                       321     59      270
  SINCE JUN 1   1212                      1022    190     1066
  SINCE JAN 1   1317                      1157    160     1257
..................................................................

WIND (MPH)
  HIGHEST WIND SPEED    22   HIGHEST WIND DIRECTION    SW (220)
  HIGHEST GUST SPEED    30   HIGHEST GUST DIRECTION     S (200)
  AVERAGE WIND SPEED     3.3

SKY COVER
  AVERAGE SKY COVER 0.4

WEATHER CONDITIONS
 THE FOLLOWING WEATHER WAS RECORDED YESTERDAY.
  THUNDERSTORM
  RAIN
  LIGHT RAIN
  FOG

RELATIVE HUMIDITY (PERCENT)
 HIGHEST    93
 LOWEST     59
 AVERAGE    76
..........................................................

THE EVANSVILLE IN CLIMATE NORMALS FOR TODAY
                         NORMAL    RECORD    YEAR
 MAXIMUM TEMPERATURE (F)   87       102      1936
 MINIMUM TEMPERATURE (F)   64        48      1986

SUNRISE AND SUNSET
AUGUST 28 2016........SUNRISE   617 AM CDT   SUNSET   725 PM CDT
AUGUST 29 2016........SUNRISE   618 AM CDT   SUNSET   723 PM CDT

-  INDICATES NEGATIVE NUMBERS.
R  INDICATES RECORD WAS SET OR TIED.
MM INDICATES DATA IS MISSING.
T  INDICATES TRACE AMOUNT.

$$
