000
CDUS43 KPAH 270630
CLIEVV


CLIMATE REPORT
NATIONAL WEATHER SERVICE PADUCAH KY
129 AM CDT MON OCT 27 2014


...................................

...THE EVANSVILLE IN CLIMATE SUMMARY FOR OCTOBER 26 2014...

CLIMATE NORMAL PERIOD 1981 TO 2010
CLIMATE RECORD PERIOD 1896 TO 2014


WEATHER ITEM   OBSERVED TIME   RECORD YEAR NORMAL DEPARTURE LAST
                VALUE   (LST)  VALUE       VALUE  FROM      YEAR
                                                  NORMAL
..................................................................
TEMPERATURE (F)
 YESTERDAY
  MAXIMUM         75    423 PM  87    1940  66      9       60
  MINIMUM         48    641 AM  23    1962  43      5       30
  AVERAGE         62                        54      8       45

PRECIPITATION (IN)
  YESTERDAY        0.00          1.02 1932   0.11  -0.11     0.00
  MONTH TO DATE    3.66                      2.69   0.97     4.84
  SINCE SEP 1      6.21                      5.74   0.47     7.65
  SINCE JAN 1     40.39                     36.66   3.73    42.98

SNOWFALL (IN)
  YESTERDAY        0.0           T    1957   0.0    0.0      0.0
  MONTH TO DATE    0.0                       0.1   -0.1      0.0
  SINCE SEP 1      0.0                       0.1   -0.1      0.0
  SINCE JUL 1      0.0                       0.1   -0.1      0.0
  SNOW DEPTH       0

DEGREE DAYS
 HEATING
  YESTERDAY        3                        11     -8       20
  MONTH TO DATE  166                       199    -33      201
  SINCE SEP 1    202                       245    -43      211
  SINCE JUL 1    202                       246    -44      211

 COOLING
  YESTERDAY        0                         0      0        0
  MONTH TO DATE   29                        28      1       55
  SINCE SEP 1    192                       195     -3      270
  SINCE JAN 1   1472                      1394     78     1462
..................................................................


WIND (MPH)
  HIGHEST WIND SPEED     9   HIGHEST WIND DIRECTION    SE (130)
  HIGHEST GUST SPEED    14   HIGHEST GUST DIRECTION     E (100)
  AVERAGE WIND SPEED     2.8


SKY COVER
  AVERAGE SKY COVER 0.0


WEATHER CONDITIONS
 THE FOLLOWING WEATHER WAS RECORDED YESTERDAY.
  NO SIGNIFICANT WEATHER WAS OBSERVED.


RELATIVE HUMIDITY (PERCENT)
 HIGHEST    93
 LOWEST     29
 AVERAGE    61

..........................................................


THE EVANSVILLE IN CLIMATE NORMALS FOR TODAY
                         NORMAL    RECORD    YEAR
 MAXIMUM TEMPERATURE (F)   66        85      1963
 MINIMUM TEMPERATURE (F)   43        27      1961


SUNRISE AND SUNSET
OCTOBER 27 2014.......SUNRISE   711 AM CDT   SUNSET   557 PM CDT
OCTOBER 28 2014.......SUNRISE   712 AM CDT   SUNSET   556 PM CDT


-  INDICATES NEGATIVE NUMBERS.
R  INDICATES RECORD WAS SET OR TIED.
MM INDICATES DATA IS MISSING.
T  INDICATES TRACE AMOUNT.




$$
