000
CDUS43 KPAH 240636
CLIEVV


CLIMATE REPORT
NATIONAL WEATHER SERVICE PADUCAH KY
132 AM CDT FRI MAR 24 2017


...................................

...THE EVANSVILLE IN CLIMATE SUMMARY FOR MARCH 23 2017...

CLIMATE NORMAL PERIOD 1981 TO 2010
CLIMATE RECORD PERIOD 1896 TO 2017


WEATHER ITEM   OBSERVED TIME   RECORD YEAR NORMAL DEPARTURE LAST
                VALUE   (LST)  VALUE       VALUE  FROM      YEAR
                                                  NORMAL
..................................................................
TEMPERATURE (F)
 YESTERDAY
  MAXIMUM         53   1159 PM  84    1910  59     -6       67
  MINIMUM         32    227 AM  16    1968  37     -5       55
  AVERAGE         43                        48     -5       61

PRECIPITATION (IN)
  YESTERDAY        0.06          1.03 1999   0.15  -0.09     0.00
  MONTH TO DATE    2.79                      3.06  -0.27     3.95
  SINCE MAR 1      2.79                      3.06  -0.27     3.95
  SINCE JAN 1      6.06                      9.33  -3.27    10.29

SNOWFALL (IN)
  YESTERDAY        0.0           2.4  1974   0.0    0.0      0.0
  MONTH TO DATE    1.0                       0.9    0.1       T
  SINCE MAR 1      1.0                       0.9    0.1       T
  SINCE JUL 1      1.4                      11.6  -10.2     14.2
  SNOW DEPTH       0

DEGREE DAYS
 HEATING
  YESTERDAY       22                        17      5        4
  MONTH TO DATE  455                       468    -13      312
  SINCE MAR 1    455                       468    -13      312
  SINCE JUL 1   3154                      4042   -888     3130

 COOLING
  YESTERDAY        0                         0      0        0
  MONTH TO DATE    0                         0      0        1
  SINCE MAR 1      0                         0      0        1
  SINCE JAN 1      0                         0      0        1
..................................................................


WIND (MPH)
  HIGHEST WIND SPEED    13   HIGHEST WIND DIRECTION     S (160)
  HIGHEST GUST SPEED    18   HIGHEST GUST DIRECTION     S (160)
  AVERAGE WIND SPEED     5.7


SKY COVER
  AVERAGE SKY COVER 0.4


WEATHER CONDITIONS
 THE FOLLOWING WEATHER WAS RECORDED YESTERDAY.
  LIGHT RAIN


RELATIVE HUMIDITY (PERCENT)
 HIGHEST    71
 LOWEST     48
 AVERAGE    60

..........................................................


THE EVANSVILLE IN CLIMATE NORMALS FOR TODAY
                         NORMAL    RECORD    YEAR
 MAXIMUM TEMPERATURE (F)   60        87      1929
 MINIMUM TEMPERATURE (F)   38         7      1974


SUNRISE AND SUNSET
MARCH 24 2017.........SUNRISE   647 AM CDT   SUNSET   706 PM CDT
MARCH 25 2017.........SUNRISE   646 AM CDT   SUNSET   707 PM CDT


-  INDICATES NEGATIVE NUMBERS.
R  INDICATES RECORD WAS SET OR TIED.
MM INDICATES DATA IS MISSING.
T  INDICATES TRACE AMOUNT.




$$
