000
CDUS43 KPAH 150630
CLIEVV


CLIMATE REPORT
NATIONAL WEATHER SERVICE PADUCAH KY
1229 AM CST SUN JAN 15 2017


...................................

...THE EVANSVILLE IN CLIMATE SUMMARY FOR JANUARY 14 2017...

CLIMATE NORMAL PERIOD 1981 TO 2010
CLIMATE RECORD PERIOD 1896 TO 2017


WEATHER ITEM   OBSERVED TIME   RECORD YEAR NORMAL DEPARTURE LAST
                VALUE   (LST)  VALUE       VALUE  FROM      YEAR
                                                  NORMAL
..................................................................
TEMPERATURE (F)
 YESTERDAY
  MAXIMUM         40    202 PM  68    1932  41     -1       60
  MINIMUM         36    309 AM  -6    1964  24     12       30
  AVERAGE         38                        32      6       45

PRECIPITATION (IN)
  YESTERDAY        0.19          2.79 1937   0.09   0.10     0.00
  MONTH TO DATE    1.37                      1.37   0.00     1.37
  SINCE DEC 1      5.29                      5.13   0.16     6.57
  SINCE JAN 1      1.37                      1.37   0.00     1.37

SNOWFALL (IN)
  YESTERDAY        0.0           2.7  1968   0.1   -0.1      0.0
  MONTH TO DATE    0.4                       1.5   -1.1      2.5
  SINCE DEC 1      0.4                       4.7   -4.3      2.5
  SINCE JUL 1      0.4                       5.0   -4.6      2.5
  SNOW DEPTH       0

DEGREE DAYS
 HEATING
  YESTERDAY       27                        33     -6       20
  MONTH TO DATE  418                       457    -39      427
  SINCE DEC 1   1318                      1368    -50      956
  SINCE JUL 1   1848                      2229   -381     1565

 COOLING
  YESTERDAY        0                         0      0        0
  MONTH TO DATE    0                         0      0        0
  SINCE DEC 1      0                         0      0        3
  SINCE JAN 1      0                         0      0        0
..................................................................


WIND (MPH)
  HIGHEST WIND SPEED     9   HIGHEST WIND DIRECTION    NW (320)
  HIGHEST GUST SPEED    13   HIGHEST GUST DIRECTION    NW (320)
  AVERAGE WIND SPEED     3.3


SKY COVER
  AVERAGE SKY COVER 1.0


WEATHER CONDITIONS
 THE FOLLOWING WEATHER WAS RECORDED YESTERDAY.
  RAIN
  LIGHT RAIN
  FOG


RELATIVE HUMIDITY (PERCENT)
 HIGHEST    92
 LOWEST     85
 AVERAGE    89

..........................................................


THE EVANSVILLE IN CLIMATE NORMALS FOR TODAY
                         NORMAL    RECORD    YEAR
 MAXIMUM TEMPERATURE (F)   41        70      1949
 MINIMUM TEMPERATURE (F)   24        -7      1979


SUNRISE AND SUNSET
JANUARY 15 2017.......SUNRISE   705 AM CST   SUNSET   455 PM CST
JANUARY 16 2017.......SUNRISE   705 AM CST   SUNSET   456 PM CST


-  INDICATES NEGATIVE NUMBERS.
R  INDICATES RECORD WAS SET OR TIED.
MM INDICATES DATA IS MISSING.
T  INDICATES TRACE AMOUNT.




$$
