000
CDUS43 KPAH 180637
CLIEVV


CLIMATE REPORT
NATIONAL WEATHER SERVICE PADUCAH KY
133 AM CDT MON AUG 18 2014


...................................

...THE EVANSVILLE IN CLIMATE SUMMARY FOR AUGUST 17 2014...

CLIMATE NORMAL PERIOD 1981 TO 2010
CLIMATE RECORD PERIOD 1896 TO 2014


WEATHER ITEM   OBSERVED TIME   RECORD YEAR NORMAL DEPARTURE LAST
                VALUE   (LST)  VALUE       VALUE  FROM      YEAR
                                                  NORMAL
..................................................................
TEMPERATURE (F)
 YESTERDAY
  MAXIMUM         78    503 PM 102    1936  88    -10       78
  MINIMUM         70    851 AM  52    1979  66      4       64
  AVERAGE         74                        77     -3       71

PRECIPITATION (IN)
  YESTERDAY        2.33R         1.95 1959   0.11   2.22     0.22
  MONTH TO DATE    3.92                      1.64   2.28     0.84
  SINCE JUN 1     11.81                      9.34   2.47    11.98
  SINCE JAN 1     33.30                     29.58   3.72    34.53

SNOWFALL (IN)
  YESTERDAY        0.0                       0.0    0.0      0.0
  MONTH TO DATE    0.0                       0.0    0.0      0.0
  SINCE JUN 1      0.0                       0.0    0.0      0.0
  SINCE JUL 1      0.0                       0.0    0.0      0.0
  SNOW DEPTH       0

DEGREE DAYS
 HEATING
  YESTERDAY        0                         0      0        0
  MONTH TO DATE    0                         0      0        0
  SINCE JUN 1      0                         6     -6        1
  SINCE JUL 1      0                         0      0        0

 COOLING
  YESTERDAY        9                        12     -3        6
  MONTH TO DATE  185                       207    -22      166
  SINCE JUN 1    842                       908    -66      813
  SINCE JAN 1   1053                      1043     10      984
..................................................................


WIND (MPH)
  HIGHEST WIND SPEED    16   HIGHEST WIND DIRECTION     W (280)
  HIGHEST GUST SPEED    24   HIGHEST GUST DIRECTION     W (280)
  AVERAGE WIND SPEED     4.1


SKY COVER
  AVERAGE SKY COVER 1.0


WEATHER CONDITIONS
 THE FOLLOWING WEATHER WAS RECORDED YESTERDAY.
  THUNDERSTORM
  HEAVY RAIN
  RAIN
  LIGHT RAIN
  FOG
  HAZE


RELATIVE HUMIDITY (PERCENT)
 HIGHEST    97
 LOWEST     79
 AVERAGE    88

..........................................................


THE EVANSVILLE IN CLIMATE NORMALS FOR TODAY
                         NORMAL    RECORD    YEAR
 MAXIMUM TEMPERATURE (F)   88       102      1936
 MINIMUM TEMPERATURE (F)   66        51      1976


SUNRISE AND SUNSET
AUGUST 18 2014........SUNRISE   608 AM CDT   SUNSET   739 PM CDT
AUGUST 19 2014........SUNRISE   609 AM CDT   SUNSET   738 PM CDT


-  INDICATES NEGATIVE NUMBERS.
R  INDICATES RECORD WAS SET OR TIED.
MM INDICATES DATA IS MISSING.
T  INDICATES TRACE AMOUNT.




$$
