000
CDUS43 KPAH 150628
CLIEVV


CLIMATE REPORT
NATIONAL WEATHER SERVICE PADUCAH KY
1226 AM CST MON JAN 15 2018


...................................

...THE EVANSVILLE IN CLIMATE SUMMARY FOR JANUARY 14 2018...

CLIMATE NORMAL PERIOD 1981 TO 2010
CLIMATE RECORD PERIOD 1896 TO 2018


WEATHER ITEM   OBSERVED TIME   RECORD YEAR NORMAL DEPARTURE LAST
                VALUE   (LST)  VALUE       VALUE  FROM      YEAR
                                                  NORMAL
..................................................................
TEMPERATURE (F)
 YESTERDAY
  MAXIMUM         22   1018 PM  68    1932  41    -19       40
  MINIMUM          2    709 AM  -6    1964  24    -22       36
  AVERAGE         12                        32    -20       38

PRECIPITATION (IN)
  YESTERDAY        T             2.79 1937   0.09  -0.09     0.19
  MONTH TO DATE    1.69                      1.37   0.32     1.37
  SINCE DEC 1      4.11                      5.13  -1.02     5.29
  SINCE JAN 1      1.69                      1.37   0.32     1.37

SNOWFALL (IN)
  YESTERDAY        T             2.7  1968   0.1   -0.1      0.0
  MONTH TO DATE    4.3                       1.5    2.8      0.4
  SINCE DEC 1      4.3                       4.7   -0.4      0.4
  SINCE JUL 1      4.3                       5.0   -0.7      0.4
  SNOW DEPTH       1

DEGREE DAYS
 HEATING
  YESTERDAY       53                        33     20       27
  MONTH TO DATE  556                       457     99      418
  SINCE DEC 1   1437                      1368     69     1318
  SINCE JUL 1   2217                      2229    -12     1848

 COOLING
  YESTERDAY        0                         0      0        0
  MONTH TO DATE    0                         0      0        0
  SINCE DEC 1      0                         0      0        0
  SINCE JAN 1      0                         0      0        0
..................................................................


WIND (MPH)
  HIGHEST WIND SPEED    12   HIGHEST WIND DIRECTION    SE (130)
  HIGHEST GUST SPEED    17   HIGHEST GUST DIRECTION    SE (150)
  AVERAGE WIND SPEED     4.6


SKY COVER
  AVERAGE SKY COVER 0.4


WEATHER CONDITIONS
 THE FOLLOWING WEATHER WAS RECORDED YESTERDAY.
  LIGHT SNOW
  FOG


RELATIVE HUMIDITY (PERCENT)
 HIGHEST   100
 LOWEST     57
 AVERAGE    79

..........................................................


THE EVANSVILLE IN CLIMATE NORMALS FOR TODAY
                         NORMAL    RECORD    YEAR
 MAXIMUM TEMPERATURE (F)   41        70      1949
 MINIMUM TEMPERATURE (F)   24        -7      1979


SUNRISE AND SUNSET
JANUARY 15 2018.......SUNRISE   705 AM CST   SUNSET   454 PM CST
JANUARY 16 2018.......SUNRISE   705 AM CST   SUNSET   456 PM CST


-  INDICATES NEGATIVE NUMBERS.
R  INDICATES RECORD WAS SET OR TIED.
MM INDICATES DATA IS MISSING.
T  INDICATES TRACE AMOUNT.




$$
