000
CDUS43 KPAH 230644
CLIEVV


CLIMATE REPORT
NATIONAL WEATHER SERVICE PADUCAH KY
137 AM CDT TUE MAY 23 2017


...................................

...THE EVANSVILLE IN CLIMATE SUMMARY FOR MAY 22 2017...

CLIMATE NORMAL PERIOD 1981 TO 2010
CLIMATE RECORD PERIOD 1896 TO 2017


WEATHER ITEM   OBSERVED TIME   RECORD YEAR NORMAL DEPARTURE LAST
                VALUE   (LST)  VALUE       VALUE  FROM      YEAR
                                                  NORMAL
..................................................................
TEMPERATURE (F)
 YESTERDAY
  MAXIMUM         75    412 PM  93    1975  79     -4       80
  MINIMUM         51    445 AM  38    1963  56     -5       50
  AVERAGE         63                        68     -5       65

PRECIPITATION (IN)
  YESTERDAY        0.00          2.83 1908   0.16  -0.16     0.00
  MONTH TO DATE    3.03                      3.82  -0.79     3.75
  SINCE MAR 1     16.77                     12.43   4.34    15.11
  SINCE JAN 1     20.04                     18.70   1.34    21.45

SNOWFALL (IN)
  YESTERDAY        0.0           0.0  2002   0.0    0.0      0.0
                                      2001
  MONTH TO DATE    0.0                       0.0    0.0      0.0
  SINCE MAR 1      1.0                       1.1   -0.1       T
  SINCE JUL 1      1.4                      11.8  -10.4     14.2
  SNOW DEPTH       0

DEGREE DAYS
 HEATING
  YESTERDAY        2                         2      0        0
  MONTH TO DATE   70                        74     -4      114
  SINCE MAR 1    690                       955   -265      760
  SINCE JUL 1   3389                      4529  -1140     3578

 COOLING
  YESTERDAY        0                         4     -4        0
  MONTH TO DATE  109                        59     50       15
  SINCE MAR 1    170                        86     84       37
  SINCE JAN 1    170                        86     84       37
..................................................................


WIND (MPH)
  HIGHEST WIND SPEED    13   HIGHEST WIND DIRECTION    SE (120)
  HIGHEST GUST SPEED    17   HIGHEST GUST DIRECTION    SE (130)
  AVERAGE WIND SPEED     3.6


SKY COVER
  AVERAGE SKY COVER 0.0


WEATHER CONDITIONS
 THE FOLLOWING WEATHER WAS RECORDED YESTERDAY.
  NO SIGNIFICANT WEATHER WAS OBSERVED.


RELATIVE HUMIDITY (PERCENT)
 HIGHEST    89
 LOWEST     35
 AVERAGE    62

..........................................................


THE EVANSVILLE IN CLIMATE NORMALS FOR TODAY
                         NORMAL    RECORD    YEAR
 MAXIMUM TEMPERATURE (F)   79        95      1975
 MINIMUM TEMPERATURE (F)   57        34      1963


SUNRISE AND SUNSET
MAY 23 2017...........SUNRISE   534 AM CDT   SUNSET   801 PM CDT
MAY 24 2017...........SUNRISE   533 AM CDT   SUNSET   802 PM CDT


-  INDICATES NEGATIVE NUMBERS.
R  INDICATES RECORD WAS SET OR TIED.
MM INDICATES DATA IS MISSING.
T  INDICATES TRACE AMOUNT.




$$
