000
CDUS43 KPAH 030632
CLIEVV


CLIMATE REPORT
NATIONAL WEATHER SERVICE PADUCAH KY
129 AM CDT TUE MAY 3 2016


...................................

...THE EVANSVILLE IN CLIMATE SUMMARY FOR MAY 2 2016...

CLIMATE NORMAL PERIOD 1981 TO 2010
CLIMATE RECORD PERIOD 1896 TO 2016


WEATHER ITEM   OBSERVED TIME   RECORD YEAR NORMAL DEPARTURE LAST
                VALUE   (LST)  VALUE       VALUE  FROM      YEAR
                                                  NORMAL
..................................................................
TEMPERATURE (F)
 YESTERDAY
  MAXIMUM         63    304 PM  91    1959  73    -10       74
  MINIMUM         54   1159 PM  32    1963  50      4       47
  AVERAGE         59                        62     -3       61

PRECIPITATION (IN)
  YESTERDAY        0.00          3.50 1935   0.17  -0.17     0.00
  MONTH TO DATE    0.13                      0.33  -0.20     0.00
  SINCE MAR 1     11.49                      8.94   2.55    13.47
  SINCE JAN 1     17.83                     15.21   2.62    19.00

SNOWFALL (IN)
  YESTERDAY        0.0           T    1952   0.0    0.0      0.0
  MONTH TO DATE    0.0                       0.0    0.0      0.0
  SINCE MAR 1      T                         1.1   -1.1      8.5
  SINCE JUL 1     14.2                      11.8    2.4     18.5
  SNOW DEPTH       0

DEGREE DAYS
 HEATING
  YESTERDAY        6                         5      1        4
  MONTH TO DATE    6                        10     -4       12
  SINCE MAR 1    652                       891   -239      827
  SINCE JUL 1   3470                      4465   -995     4663

 COOLING
  YESTERDAY        0                         1     -1        0
  MONTH TO DATE    2                         2      0        0
  SINCE MAR 1     24                        29     -5       28
  SINCE JAN 1     24                        29     -5       28
..................................................................


WIND (MPH)
  HIGHEST WIND SPEED    14   HIGHEST WIND DIRECTION     N (340)
  HIGHEST GUST SPEED    20   HIGHEST GUST DIRECTION     N (340)
  AVERAGE WIND SPEED     5.1


SKY COVER
  AVERAGE SKY COVER 0.7


WEATHER CONDITIONS
 THE FOLLOWING WEATHER WAS RECORDED YESTERDAY.
  NO SIGNIFICANT WEATHER WAS OBSERVED.


RELATIVE HUMIDITY (PERCENT)
 HIGHEST    93
 LOWEST     67
 AVERAGE    80

..........................................................


THE EVANSVILLE IN CLIMATE NORMALS FOR TODAY
                         NORMAL    RECORD    YEAR
 MAXIMUM TEMPERATURE (F)   73        89      1959
 MINIMUM TEMPERATURE (F)   50        34      2005


SUNRISE AND SUNSET
MAY  3 2016...........SUNRISE   551 AM CDT   SUNSET   743 PM CDT
MAY  4 2016...........SUNRISE   550 AM CDT   SUNSET   744 PM CDT


-  INDICATES NEGATIVE NUMBERS.
R  INDICATES RECORD WAS SET OR TIED.
MM INDICATES DATA IS MISSING.
T  INDICATES TRACE AMOUNT.




$$
