000
CXUS53 KPAH 011823
CLMEVV

INDCLMEEV 000
TTAA00 KPAH 011820


CLIMATE REPORT
NATIONAL WEATHER SERVICE PADUCAH KY
117 PM CDT WED NOV 1 2017

...................................

...THE EVANSVILLE ASOS CLIMATE SUMMARY FOR THE MONTH OF OCTOBER 2017...

CLIMATE NORMAL PERIOD 1981 TO 2010
CLIMATE RECORD PERIOD 1896 TO 2017

WEATHER         OBSERVED          NORMAL  DEPART  LAST YEAR`S
                 VALUE   DATE(S)  VALUE   FROM    VALUE  DATE(S)
                                          NORMAL
................................................................
TEMPERATURE (F)
RECORD
 HIGH              94   10/02/1953
 LOW               21   10/29/1952
                        10/22/1952
HIGHEST            86   10/14        70      16       88  10/07
                        10/04
LOWEST             31   10/31        45     -14       39  10/22
AVG. MAXIMUM     70.1              69.8     0.3     76.6
AVG. MINIMUM     50.3              45.5     4.8     52.7
MEAN             60.2              57.6     2.6     64.7
DAYS MAX >= 90      0               0.2    -0.2        0
DAYS MAX <= 32      0               0.0     0.0        0
DAYS MIN <= 32      2               2.1    -0.1        0
DAYS MIN <= 0       0               0.0     0.0        0

PRECIPITATION (INCHES)
RECORD
 MAXIMUM        11.19   1910
 MINIMUM         0.01   1964
TOTALS           3.71              3.25    0.46     0.49
DAILY AVG.       0.12              0.10    0.02     0.02
DAYS >= .01         8               8.3    -0.3        3
DAYS >= .10         7               5.5     1.5        2
DAYS >= .50         3               2.3     0.7        0
DAYS >= 1.00        1               0.7     0.3        0
GREATEST
 24 HR. TOTAL    1.13   10/22 TO 10/22
 STORM TOTAL       MM
 (MM/DD(HH))            MM

SNOWFALL (INCHES)
RECORDS
 TOTAL            4.6   1993
TOTALS            0.0               0.2    -0.2      0.0
SINCE 7/1         0.0               0.2    -0.2      0.0
SNOWDEPTH AVG.      0                MM      MM        0
DAYS >= TRACE       0
DAYS >= 1.0         0               0.0     0.0        0
GREATEST
 SNOW DEPTH         0   MM                             0  MM
 24 HR TOTAL      0.0   10/31 TO 10/31
 STORM TOTAL       MM
 (MM/DD(HH))            MM

DEGREE_DAYS
HEATING TOTAL     219               256     -37       99
 SINCE 7/1        234               303     -69      108
COOLING TOTAL      77                29      48       97
 SINCE 1/1       1565              1395     170     1764
.................................................................

WIND (MPH)
AVERAGE WIND SPEED              5.3
HIGHEST WIND SPEED/DIRECTION    28/230    DATE  10/23
HIGHEST GUST SPEED/DIRECTION    31/230    DATE  10/23

SKY COVER
POSSIBLE SUNSHINE (PERCENT)   MM
AVERAGE SKY COVER           0.40
NUMBER OF DAYS FAIR           16
NUMBER OF DAYS PC              7
NUMBER OF DAYS CLOUDY          8

AVERAGE RH (PERCENT)     71

WEATHER CONDITIONS. NUMBER OF DAYS WITH
THUNDERSTORM              0     MIXED PRECIP               0
HEAVY RAIN                4     RAIN                       6
LIGHT RAIN               12     FREEZING RAIN              0
LT FREEZING RAIN          0     HAIL                       0
HEAVY SNOW                0     SNOW                       0
LIGHT SNOW                0     SLEET                      0
FOG                      15     FOG W/VIS <= 1/4 MILE      0
HAZE                      5

-  INDICATES NEGATIVE NUMBERS.
R  INDICATES RECORD WAS SET OR TIED.
MM INDICATES DATA IS MISSING.
T  INDICATES TRACE AMOUNT.

$$
