000
CXUS53 KPAH 010652
CLMEVV

CLIMATE REPORT
NATIONAL WEATHER SERVICE PADUCAH KY
1252 AM CST MON DEC 1 2014

...................................

...THE EVANSVILLE ASOS CLIMATE SUMMARY FOR THE MONTH OF NOVEMBER 2014...

CLIMATE NORMAL PERIOD 1981 TO 2010
CLIMATE RECORD PERIOD 1896 TO 2014

WEATHER         OBSERVED          NORMAL  DEPART  LAST YEAR`S
                 VALUE   DATE(S)  VALUE   FROM    VALUE  DATE(S)
                                          NORMAL
................................................................
TEMPERATURE (F)
RECORD
 HIGH              83   11/02/1961
 LOW               -3   11/25/1950
HIGHEST            70   11/30        56      14       70  11/17
LOWEST              9   11/18        37     -28       17  11/28
                                                          11/27
AVG. MAXIMUM     48.7              56.5    -7.8     53.0
AVG. MINIMUM     30.7              36.4    -5.7     32.7
MEAN             39.7              46.4    -6.7     42.8
DAYS MAX >= 90      0               0.0     0.0        0
DAYS MAX <= 32      3               0.2     2.8        1
DAYS MIN <= 32     18              10.9     7.1       15
DAYS MIN <= 0       0               0.0     0.0        0

PRECIPITATION (INCHES)
RECORD
 MAXIMUM         9.24   1921
 MINIMUM         0.20   1904
TOTALS           2.85              4.33   -1.48     2.04
DAILY AVG.       0.09              0.14   -0.05     0.07
DAYS >= .01        12               9.7     2.3       10
DAYS >= .10         6               6.5    -0.5        3
DAYS >= .50         2               3.1    -1.1        1
DAYS >= 1.00        1               1.3    -0.3        1
GREATEST
 24 HR. TOTAL    1.70   11/23 TO 11/24
 STORM TOTAL       MM
 (MM/DD(HH))            MM

SNOWFALL (INCHES)
RECORDS
 TOTAL            7.1   1936
TOTALS            2.4               0.1     2.3        T
SINCE 7/1         2.4               0.3     2.1        T
SNOWDEPTH AVG.      0                MM      MM        0
DAYS >= TRACE       6
DAYS >= 1.0         1               0.0     1.0        0
GREATEST
 SNOW DEPTH         2   11/17                          0  MM
 24 HR TOTAL      1.7   MM
 STORM TOTAL       MM
 (MM/DD(HH))            MM

DEGREE_DAYS
HEATING TOTAL     749               558     191      655
 SINCE 7/1       1003               861     142      914
.................................................................

WIND (MPH)
AVERAGE WIND SPEED              7.6
HIGHEST WIND SPEED/DIRECTION    31/260    DATE  11/24
HIGHEST GUST SPEED/DIRECTION    41/270    DATE  11/24

SKY COVER
POSSIBLE SUNSHINE (PERCENT)   MM
AVERAGE SKY COVER           0.40
NUMBER OF DAYS FAIR           13
NUMBER OF DAYS PC             11
NUMBER OF DAYS CLOUDY          6

AVERAGE RH (PERCENT)     67

WEATHER CONDITIONS. NUMBER OF DAYS WITH
THUNDERSTORM              0     MIXED PRECIP               0
HEAVY RAIN                2     RAIN                       2
LIGHT RAIN               10     FREEZING RAIN              0
LT FREEZING RAIN          0     HAIL                       0
HEAVY SNOW                0     SNOW                       0
LIGHT SNOW                6     SLEET                      0
FOG                      12     FOG W/VIS <= 1/4 MILE      0
HAZE                     11

-  INDICATES NEGATIVE NUMBERS.
R  INDICATES RECORD WAS SET OR TIED.
MM INDICATES DATA IS MISSING.
T  INDICATES TRACE AMOUNT.

$$
