234
CXUS53 KPAH 010657
CLMEVV

CLIMATE REPORT
NATIONAL WEATHER SERVICE PADUCAH KY
156 AM CDT FRI APR 1 2016

...................................

...THE EVANSVILLE ASOS CLIMATE SUMMARY FOR THE MONTH OF MARCH 2016...

CLIMATE NORMAL PERIOD 1981 TO 2010
CLIMATE RECORD PERIOD 1896 TO 2016

WEATHER         OBSERVED          NORMAL  DEPART  LAST YEAR`S
                 VALUE   DATE(S)  VALUE   FROM    VALUE  DATE(S)
                                          NORMAL
................................................................
TEMPERATURE (F)
RECORD
 HIGH              87   03/24/1929
 LOW               -9   03/06/1960
HIGHEST            82   03/15        56      26       75  03/16
LOWEST             26   03/06        45     -19        0  03/06
AVG. MAXIMUM     61.6              56.7     4.9     54.6
AVG. MINIMUM     41.8              35.3     6.5     34.9
MEAN             51.7              46.0     5.7     44.8
DAYS MAX >= 90      0               0.0     0.0        0
DAYS MAX <= 32      0               0.5    -0.5        2
DAYS MIN <= 32      4              12.4    -8.4       10
DAYS MIN <= 0       0               0.0     0.0        1

PRECIPITATION (INCHES)
RECORD
 MAXIMUM        12.84   1964
 MINIMUM         0.01   1910
TOTALS           5.87              4.24    1.63     6.85
DAILY AVG.       0.19              0.14    0.05     0.22
DAYS >= .01        13              10.6     2.4       11
DAYS >= .10        10               7.1     2.9        7
DAYS >= .50         6               3.0     3.0        5
DAYS >= 1.00        1               1.0     0.0        3
GREATEST
 24 HR. TOTAL    1.87   03/09 TO 03/10
 STORM TOTAL       MM
 (MM/DD(HH))            MM

SNOWFALL (INCHES)
RECORDS
 TOTAL           20.2   1960
TOTALS              T               1.0    -1.0      8.5
SINCE 7/1        14.2              11.7     2.5     18.5
SNOWDEPTH AVG.      0                MM      MM        0
DAYS >= TRACE       2
DAYS >= 1.0         0               0.3    -0.3        1
GREATEST
 SNOW DEPTH         0   MM                             5  03/06
                                                          03/05
 24 HR TOTAL        T   03/20 TO 03/20
 STORM TOTAL       MM
 (MM/DD(HH))            MM

DEGREE_DAYS
HEATING TOTAL     405               592    -187      619
 SINCE 7/1       3223              4166    -943     4455
COOLING TOTAL       1                 3      -2        0
 SINCE 1/1          1                 3      -2        0
.................................................................

WIND (MPH)
AVERAGE WIND SPEED              8.2
HIGHEST WIND SPEED/DIRECTION    31/240    DATE  03/24
HIGHEST GUST SPEED/DIRECTION    43/300    DATE  03/27

SKY COVER
POSSIBLE SUNSHINE (PERCENT)   MM
AVERAGE SKY COVER           0.50
NUMBER OF DAYS FAIR           12
NUMBER OF DAYS PC             11
NUMBER OF DAYS CLOUDY          8

AVERAGE RH (PERCENT)     67

WEATHER CONDITIONS. NUMBER OF DAYS WITH
THUNDERSTORM              0     MIXED PRECIP               0
HEAVY RAIN                8     RAIN                       8
LIGHT RAIN               16     FREEZING RAIN              0
LT FREEZING RAIN          0     HAIL                       0
HEAVY SNOW                0     SNOW                       0
LIGHT SNOW                2     SLEET                      0
FOG                      17     FOG W/VIS <= 1/4 MILE      1
HAZE                      2

-  INDICATES NEGATIVE NUMBERS.
R  INDICATES RECORD WAS SET OR TIED.
MM INDICATES DATA IS MISSING.
T  INDICATES TRACE AMOUNT.

$$
