000
CXUS53 KPAH 011624
CLMEVV

CLIMATE REPORT
NATIONAL WEATHER SERVICE PADUCAH KY
1124 AM CDT SUN JUN 1 2014

...................................

...THE EVANSVILLE ASOS CLIMATE SUMMARY FOR THE MONTH OF MAY 2014...

CLIMATE NORMAL PERIOD 1981 TO 2010
CLIMATE RECORD PERIOD 1896 TO 2014

WEATHER         OBSERVED          NORMAL  DEPART  LAST YEAR`S
                 VALUE   DATE(S)  VALUE   FROM    VALUE  DATE(S)
                                          NORMAL
................................................................
TEMPERATURE (F)
RECORD
 HIGH              98   05/29/1911
                        05/28/1911
 LOW               28   05/01/1963
HIGHEST            89   05/27        77      12       87  05/29
                        05/26                             05/19
LOWEST             42   05/18        54     -12       38  05/13
                        05/17
AVG. MAXIMUM     78.5              76.9     1.6     76.6
AVG. MINIMUM     58.3              54.5     3.8     56.4
MEAN             68.4              65.7     2.7     66.5
DAYS MAX >= 90      0               0.9    -0.9        0
DAYS MAX <= 32      0               0.0     0.0        0
DAYS MIN <= 32      0               0.0     0.0        0
DAYS MIN <= 0       0               0.0     0.0        0

PRECIPITATION (INCHES)
RECORD
 MAXIMUM        13.51   1995
 MINIMUM         0.46   2002
TOTALS           3.72              5.36   -1.64     5.08
DAILY AVG.       0.12              0.17   -0.05     0.16
DAYS >= .01         9              12.5    -3.5       15
DAYS >= .10         5               8.2    -3.2        9
DAYS >= .50         2               3.9    -1.9        4
DAYS >= 1.00        2               1.4     0.6        2
GREATEST
 24 HR. TOTAL    1.57   05/13 TO 05/14
 STORM TOTAL       MM
 (MM/DD(HH))            MM

DEGREE_DAYS
COOLING TOTAL     201               108      93      137
 SINCE 1/1        211               135      76      171
.................................................................

WIND (MPH)
AVERAGE WIND SPEED              6.7
HIGHEST WIND SPEED/DIRECTION    48/230    DATE  05/09
HIGHEST GUST SPEED/DIRECTION    67/240    DATE  05/09

SKY COVER
POSSIBLE SUNSHINE (PERCENT)   MM
AVERAGE SKY COVER           0.30
NUMBER OF DAYS FAIR           20
NUMBER OF DAYS PC              9
NUMBER OF DAYS CLOUDY          2

AVERAGE RH (PERCENT)     65

WEATHER CONDITIONS. NUMBER OF DAYS WITH
THUNDERSTORM              0     MIXED PRECIP               0
HEAVY RAIN                5     RAIN                       5
LIGHT RAIN               13     FREEZING RAIN              0
LT FREEZING RAIN          0     HAIL                       0
HEAVY SNOW                0     SNOW                       0
LIGHT SNOW                0     SLEET                      0
FOG                       9     FOG W/VIS <= 1/4 MILE      0
HAZE                     17

-  INDICATES NEGATIVE NUMBERS.
R  INDICATES RECORD WAS SET OR TIED.
MM INDICATES DATA IS MISSING.
T  INDICATES TRACE AMOUNT.

$$
