000
CXUS53 KPAH 011542
CLMEVV

INDCLMEEV 000
TTAA00 KPAH 010637


CLIMATE REPORT
NATIONAL WEATHER SERVICE PADUCAH KY
1236 AM CST SUN MAR 1 2015

...................................

...THE EVANSVILLE ASOS CLIMATE SUMMARY FOR THE MONTH OF FEBRUARY 2015...

CLIMATE NORMAL PERIOD 1981 TO 2010
CLIMATE RECORD PERIOD 1896 TO 2015

WEATHER         OBSERVED          NORMAL  DEPART  LAST YEAR`S
                 VALUE   DATE(S)  VALUE   FROM    VALUE  DATE(S)
                                          NORMAL
................................................................
TEMPERATURE (F)
RECORD
 HIGH              79   02/13/1962
 LOW              -23   02/02/1951
HIGHEST            62   02/07        44      18       69  02/20
LOWEST             -7   02/20        25     -32        3  02/11
AVG. MAXIMUM     35.7              46.0   -10.3     38.5
AVG. MINIMUM     17.4              27.2    -9.8     20.8
MEAN             26.5              36.6   -10.1     29.7
DAYS MAX >= 90      0               0.0     0.0        0
DAYS MAX <= 32     12               3.4     8.6       10
DAYS MIN <= 32     26              19.2     6.8       24
DAYS MIN <= 0       3               0.4     2.6        0

PRECIPITATION (INCHES)
RECORD
 MAXIMUM         7.26   2000
 MINIMUM         0.27   1947
TOTALS           2.56              3.17   -0.61     2.26
DAILY AVG.       0.09              0.11   -0.02     0.08
DAYS >= .01         6               8.9    -2.9       10
DAYS >= .10         5               5.5    -0.5        5
DAYS >= .50         2               2.1    -0.1        2
DAYS >= 1.00        0               0.9    -0.9        0
GREATEST
 24 HR. TOTAL   15.66   02/17 TO 02/18
 STORM TOTAL       MM
 (MM/DD(HH))            MM

SNOWFALL (INCHES)
RECORDS
 TOTAL           18.4   1993
TOTALS            7.4               3.8     3.6      2.2
SINCE 7/1        10.0              10.7    -0.7     10.0
SNOWDEPTH AVG.      1                MM      MM        0
DAYS >= TRACE      11
DAYS >= 1.0         2               1.0     1.0        1
GREATEST
 SNOW DEPTH         7   02/19                          2  02/04
                        02/18
 24 HR TOTAL      5.7   MM
 STORM TOTAL       MM
 (MM/DD(HH))            MM

DEGREE_DAYS
HEATING TOTAL    1069               795     274      986
 SINCE 7/1       3836              3574     262     3962
.................................................................

WIND (MPH)
AVERAGE WIND SPEED              8.7
HIGHEST WIND SPEED/DIRECTION    30/320    DATE  02/14
HIGHEST GUST SPEED/DIRECTION    43/320    DATE  02/14

SKY COVER
POSSIBLE SUNSHINE (PERCENT)   MM
AVERAGE SKY COVER           0.50
NUMBER OF DAYS FAIR            9
NUMBER OF DAYS PC             12
NUMBER OF DAYS CLOUDY          7

AVERAGE RH (PERCENT)     63

WEATHER CONDITIONS. NUMBER OF DAYS WITH
THUNDERSTORM              0     MIXED PRECIP               0
HEAVY RAIN                1     RAIN                       2
LIGHT RAIN                3     FREEZING RAIN              2
LT FREEZING RAIN          2     HAIL                       0
HEAVY SNOW                1     SNOW                       1
LIGHT SNOW               12     SLEET                      1
FOG                       9     FOG W/VIS <= 1/4 MILE      1
HAZE                     10

-  INDICATES NEGATIVE NUMBERS.
R  INDICATES RECORD WAS SET OR TIED.
MM INDICATES DATA IS MISSING.
T  INDICATES TRACE AMOUNT.

&&

RMKS: 6TH COLDEST FEBRUARY ON RECORD. THE COLDEST IS FEBRUARY OF
1978 WITH AN AVERAGE TEMPERATURE OF 20.9 DEGREES.

$$
