000
CXUS53 KPAH 011421
CLMEVV

INDCLMEEV 000
TTAA00 KPAH 010645


CLIMATE REPORT
NATIONAL WEATHER SERVICE PADUCAH KY
1245 AM CST SUN DEC 1 2013

...................................

...THE EVANSVILLE ASOS CLIMATE SUMMARY FOR THE MONTH OF NOVEMBER 2013...

CLIMATE NORMAL PERIOD 1981 TO 2010
CLIMATE RECORD PERIOD 1896 TO 2013

WEATHER         OBSERVED          NORMAL  DEPART  LAST YEAR`S
                 VALUE   DATE(S)  VALUE   FROM    VALUE  DATE(S)
                                          NORMAL
................................................................
TEMPERATURE (F)
RECORD
 HIGH              83   11/02/1961
 LOW               -3   11/25/1950
HIGHEST            70   11/17        56      14       73  11/10
LOWEST             17   11/28        37     -20       22  11/28
                        11/27                             11/24
AVG. MAXIMUM     53.0              56.5    -3.5     56.3
AVG. MINIMUM     32.7              36.4    -3.7     32.1
MEAN             42.8              46.4    -3.6     44.2
DAYS MAX >= 90      0               0.0     0.0        0
DAYS MAX <= 32      1               0.2     0.8        0
DAYS MIN <= 32     15              10.9     4.1       19
DAYS MIN <= 0       0               0.0     0.0        0

PRECIPITATION (INCHES)
RECORD
 MAXIMUM         9.24   1921
 MINIMUM         0.20   1904
TOTALS           2.04              4.33   -2.29     1.19
DAILY AVG.       0.07              0.14   -0.07     0.04
DAYS >= .01        10               9.7     0.3        6
DAYS >= .10         3               6.5    -3.5        2
DAYS >= .50         1               3.1    -2.1        1
DAYS >= 1.00        1               1.3    -0.3        0
GREATEST
 24 HR. TOTAL    1.34   11/16 TO 11/17
 STORM TOTAL       MM
 (MM/DD(HH))            MM

SNOWFALL (INCHES)
RECORDS
 TOTAL            7.1   1936
TOTALS              T               0.1    -0.1        T
SINCE 7/1           T               0.3    -0.3        T
SNOWDEPTH AVG.      0                MM      MM        0
DAYS >= TRACE       4
DAYS >= 1.0         0               0.0     0.0        0
GREATEST
 SNOW DEPTH         0   MM                             0  MM
 24 HR TOTAL        T   11/26 TO 11/26
 STORM TOTAL       MM
 (MM/DD(HH))            MM

DEGREE_DAYS
HEATING TOTAL     655               558      97      619
 SINCE 7/1        914               861      53      962
.................................................................

WIND (MPH)
AVERAGE WIND SPEED              6.5
HIGHEST WIND SPEED/DIRECTION    26/200    DATE  11/17
HIGHEST GUST SPEED/DIRECTION    37/200    DATE  11/17

SKY COVER
POSSIBLE SUNSHINE (PERCENT)   MM
AVERAGE SKY COVER           0.30
NUMBER OF DAYS FAIR           20
NUMBER OF DAYS PC              6
NUMBER OF DAYS CLOUDY          4

AVERAGE RH (PERCENT)     65

WEATHER CONDITIONS. NUMBER OF DAYS WITH
THUNDERSTORM              0     MIXED PRECIP               0
HEAVY RAIN                2     RAIN                       5
LIGHT RAIN               12     FREEZING RAIN              0
LT FREEZING RAIN          0     HAIL                       1
HEAVY SNOW                0     SNOW                       0
LIGHT SNOW                3     SLEET                      2
FOG                      12     FOG W/VIS <= 1/4 MILE      0
HAZE                      2

-  INDICATES NEGATIVE NUMBERS.
R  INDICATES RECORD WAS SET OR TIED.
MM INDICATES DATA IS MISSING.
T  INDICATES TRACE AMOUNT.

$$
