000
CXUS53 KPAH 022151
CLMEVV

INDCLMEEV 000
TTAA00 KPAH 022150


CLIMATE REPORT
NATIONAL WEATHER SERVICE PADUCAH KY
444 PM CDT TUE MAY 2 2017

...................................

...THE EVANSVILLE ASOS CLIMATE SUMMARY FOR THE MONTH OF APRIL 2017...

CLIMATE NORMAL PERIOD 1981 TO 2010
CLIMATE RECORD PERIOD 1896 TO 2017

WEATHER         OBSERVED          NORMAL  DEPART  LAST YEAR`S
                 VALUE   DATE(S)  VALUE   FROM    VALUE  DATE(S)
                                          NORMAL
................................................................
TEMPERATURE (F)
RECORD
 HIGH              91   04/27/1989
                        04/26/1989
 LOW               23   04/07/1990
                        04/03/1987
HIGHEST            85   04/14        67      18       83  04/26
                        04/13                             04/18
LOWEST             35   04/08        45     -10       30  04/05
                                                          04/03
AVG. MAXIMUM     74.0              67.7     6.3     69.0
AVG. MINIMUM     51.1              44.6     6.5     45.9
MEAN             62.4              56.1     6.3     57.4
DAYS MAX >= 90      0               0.0     0.0        0
DAYS MAX <= 32      0               0.0     0.0        0
DAYS MIN <= 32      0               2.8    -2.8        3
DAYS MIN <= 0       0               0.0     0.0        0

PRECIPITATION (INCHES)
RECORD
 MAXIMUM        11.83   1996
 MINIMUM         0.40   1915
TOTALS           9.89              4.37    5.52     5.49
DAILY AVG.       0.33              0.15    0.18     0.18
DAYS >= .01        15              11.7     3.3       10
DAYS >= .10        10               7.4     2.6        6
DAYS >= .50         5               2.6     2.4        4
DAYS >= 1.00        4               1.2     2.8        3
GREATEST
 24 HR. TOTAL    2.83   04/29 TO 04/29
 STORM TOTAL       MM
 (MM/DD(HH))            MM

SNOWFALL (INCHES)
RECORDS
 TOTAL            8.6   1971
TOTALS            0.0               0.1    -0.1      0.0
SINCE 7/1         1.4              11.8   -10.4     14.2
SNOWDEPTH AVG.      0                MM      MM        0
DAYS >= TRACE       0
DAYS >= 1.0         0               0.0     0.0        0
GREATEST
 SNOW DEPTH         0   MM                             0  MM
 24 HR TOTAL      0.0   04/30 TO 04/30
 STORM TOTAL       MM
 (MM/DD(HH))            MM

DEGREE_DAYS
HEATING TOTAL     122               289    -167      241
 SINCE 7/1       3319              4455   -1136     3464
COOLING TOTAL      56                24      32       21
 SINCE 1/1         61                27      34       22
.................................................................

WIND (MPH)
AVERAGE WIND SPEED              8.3
HIGHEST WIND SPEED/DIRECTION    31/340    DATE  04/28
HIGHEST GUST SPEED/DIRECTION    43/220    DATE  04/30

SKY COVER
POSSIBLE SUNSHINE (PERCENT)   MM
AVERAGE SKY COVER           0.40
NUMBER OF DAYS FAIR           14
NUMBER OF DAYS PC             11
NUMBER OF DAYS CLOUDY          5

AVERAGE RH (PERCENT)     65

WEATHER CONDITIONS. NUMBER OF DAYS WITH
THUNDERSTORM              0     MIXED PRECIP               0
HEAVY RAIN                9     RAIN                       8
LIGHT RAIN               16     FREEZING RAIN              0
LT FREEZING RAIN          0     HAIL                       0
HEAVY SNOW                0     SNOW                       0
LIGHT SNOW                0     SLEET                      0
FOG                      13     FOG W/VIS <= 1/4 MILE      0
HAZE                      4

-  INDICATES NEGATIVE NUMBERS.
R  INDICATES RECORD WAS SET OR TIED.
MM INDICATES DATA IS MISSING.
T  INDICATES TRACE AMOUNT.

REMARKS: 9.89 INCHES OF RAIN FOR THE MONTH MAKES APRIL 2017 THE 5TH
WETTEST APRIL ON RECORD. THE RECORD APRIL RAINFALL ACCUMULATION IS
11.83 INCHES SET IN 1996.

$$
