000
CXUS53 KPAH 010711
CLMEVV

INDCLMEEV 000
TTAA00 KPAH 010708


CLIMATE REPORT
NATIONAL WEATHER SERVICE PADUCAH KY
1254 AM CST SAT MAR 1 2014

...................................

...THE EVANSVILLE ASOS CLIMATE SUMMARY FOR THE MONTH OF FEBRUARY 2014...

CLIMATE NORMAL PERIOD 1981 TO 2010
CLIMATE RECORD PERIOD 1896 TO 2014

WEATHER         OBSERVED          NORMAL  DEPART  LAST YEAR`S
                 VALUE   DATE(S)  VALUE   FROM    VALUE  DATE(S)
                                          NORMAL
................................................................
TEMPERATURE (F)
RECORD
 HIGH              79   02/13/1962
 LOW              -23   02/02/1951
HIGHEST            69   02/20        44      25       65  02/07
LOWEST              3   02/11        25     -22       10  02/01
AVG. MAXIMUM     38.5              46.0    -7.5     45.1
AVG. MINIMUM     20.8              27.2    -6.4     27.2
MEAN             29.7              36.6    -6.9     36.1
DAYS MAX >= 90      0               0.0     0.0        0
DAYS MAX <= 32     10               3.4     6.6        2
DAYS MIN <= 32     24              19.2     4.8       19
DAYS MIN <= 0       0               0.4    -0.4        0

PRECIPITATION (INCHES)
RECORD
 MAXIMUM         7.26   2000
 MINIMUM         0.27   1947
TOTALS           2.26              3.17   -0.91     2.77
DAILY AVG.       0.08              0.11   -0.03     0.10
DAYS >= .01        10               8.9     1.1       12
DAYS >= .10         5               5.5    -0.5        6
DAYS >= .50         2               2.1    -0.1        2
DAYS >= 1.00        0               0.9    -0.9        0
GREATEST
 24 HR. TOTAL    0.91   02/01 TO 02/02
 STORM TOTAL       MM
 (MM/DD(HH))            MM

SNOWFALL (INCHES)
RECORDS
 TOTAL           18.4   1993
TOTALS            2.2               3.8    -1.6      1.3
SINCE 7/1        10.0              10.7    -0.7     12.3
SNOWDEPTH AVG.      0                MM      MM        0
DAYS >= TRACE      12
DAYS >= 1.0         1               1.0     0.0        0
GREATEST
 SNOW DEPTH         2   02/04                          1  02/03
 24 HR TOTAL      1.8   MM
 STORM TOTAL       MM
 (MM/DD(HH))            MM

DEGREE_DAYS
HEATING TOTAL     986               795     191      798
 SINCE 7/1       3962              3574     388     3363
.................................................................

WIND (MPH)
AVERAGE WIND SPEED              7.8
HIGHEST WIND SPEED/DIRECTION    39/270    DATE  02/20
HIGHEST GUST SPEED/DIRECTION    49/280    DATE  02/20

SKY COVER
POSSIBLE SUNSHINE (PERCENT)   MM
AVERAGE SKY COVER           0.40
NUMBER OF DAYS FAIR           14
NUMBER OF DAYS PC              7
NUMBER OF DAYS CLOUDY          7

AVERAGE RH (PERCENT)     66

WEATHER CONDITIONS. NUMBER OF DAYS WITH
THUNDERSTORM              0     MIXED PRECIP               0
HEAVY RAIN                2     RAIN                       4
LIGHT RAIN                6     FREEZING RAIN              1
LT FREEZING RAIN          2     HAIL                       0
HEAVY SNOW                0     SNOW                       1
LIGHT SNOW               12     SLEET                      0
FOG                      11     FOG W/VIS <= 1/4 MILE      1
HAZE                      9

-  INDICATES NEGATIVE NUMBERS.
R  INDICATES RECORD WAS SET OR TIED.
MM INDICATES DATA IS MISSING.
T  INDICATES TRACE AMOUNT.

$$
