000
CXUS53 KPAH 010658
CLMEVV

INDCLMEEV 000
TTAA00 KPAH 010657


CLIMATE REPORT
NATIONAL WEATHER SERVICE PADUCAH KY
1254 AM CST TUE DEC 1 2015

...................................

...THE EVANSVILLE ASOS CLIMATE SUMMARY FOR THE MONTH OF NOVEMBER 2015...

CLIMATE NORMAL PERIOD 1981 TO 2010
CLIMATE RECORD PERIOD 1896 TO 2015

WEATHER         OBSERVED          NORMAL  DEPART  LAST YEAR`S
                 VALUE   DATE(S)  VALUE   FROM    VALUE  DATE(S)
                                          NORMAL
................................................................
TEMPERATURE (F)
RECORD
 HIGH              83   11/02/1961
 LOW               -3   11/25/1950
HIGHEST            78   11/03        56      22       70  11/30
LOWEST             24   11/22        37     -13        9  11/18
AVG. MAXIMUM     61.2              56.5     4.7     48.7
AVG. MINIMUM     40.8              36.4     4.4     30.7
MEAN             51.0              46.4     4.6     39.7
DAYS MAX >= 90      0               0.0     0.0        0
DAYS MAX <= 32      0               0.2    -0.2        3
DAYS MIN <= 32      8              10.9    -2.9       18
DAYS MIN <= 0       0               0.0     0.0        0

PRECIPITATION (INCHES)
RECORD
 MAXIMUM         9.24   1921
 MINIMUM         0.20   1904
TOTALS           5.12              4.33    0.79     2.85
DAILY AVG.       0.17              0.14    0.03     0.09
DAYS >= .01        12               9.7     2.3       12
DAYS >= .10         9               6.5     2.5        6
DAYS >= .50         5               3.1     1.9        2
DAYS >= 1.00        1               1.3    -0.3        1
GREATEST
 24 HR. TOTAL    1.73   11/16 TO 11/17
 STORM TOTAL       MM
 (MM/DD(HH))            MM

SNOWFALL (INCHES)
RECORDS
 TOTAL            7.1   1936
TOTALS            0.0               0.1    -0.1      2.4
SINCE 7/1         0.0               0.3    -0.3      2.4
SNOWDEPTH AVG.      0                MM      MM        0
DAYS >= TRACE       0
DAYS >= 1.0         0               0.0     0.0        1
GREATEST
 SNOW DEPTH         0   MM                             2  11/17
 24 HR TOTAL      0.0   11/30 TO 11/30
 STORM TOTAL       MM
 (MM/DD(HH))            MM

DEGREE_DAYS
HEATING TOTAL     418               558    -140      749
 SINCE 7/1        608               861    -253     1003
.................................................................

WIND (MPH)
AVERAGE WIND SPEED              5.9
HIGHEST WIND SPEED/DIRECTION    30/240    DATE  11/12
HIGHEST GUST SPEED/DIRECTION    40/260    DATE  11/12

SKY COVER
POSSIBLE SUNSHINE (PERCENT)   MM
AVERAGE SKY COVER           0.40
NUMBER OF DAYS FAIR           15
NUMBER OF DAYS PC             11
NUMBER OF DAYS CLOUDY          4

AVERAGE RH (PERCENT)     69

WEATHER CONDITIONS. NUMBER OF DAYS WITH
THUNDERSTORM              0     MIXED PRECIP               0
HEAVY RAIN                6     RAIN                       6
LIGHT RAIN               13     FREEZING RAIN              0
LT FREEZING RAIN          0     HAIL                       0
HEAVY SNOW                0     SNOW                       0
LIGHT SNOW                0     SLEET                      0
FOG                      18     FOG W/VIS <= 1/4 MILE      5
HAZE                      6

-  INDICATES NEGATIVE NUMBERS.
R  INDICATES RECORD WAS SET OR TIED.
MM INDICATES DATA IS MISSING.
T  INDICATES TRACE AMOUNT.

$$
