000
CXUS53 KPAH 010829
CLMEVV

CLIMATE REPORT
NATIONAL WEATHER SERVICE PADUCAH KY
222 AM CST WED MAR 1 2017

...................................

...THE EVANSVILLE ASOS CLIMATE SUMMARY FOR THE MONTH OF FEBRUARY 2017...

CLIMATE NORMAL PERIOD 1981 TO 2010
CLIMATE RECORD PERIOD 1896 TO 2017

WEATHER         OBSERVED          NORMAL  DEPART  LAST YEAR`S
                 VALUE   DATE(S)  VALUE   FROM    VALUE  DATE(S)
                                          NORMAL
................................................................
TEMPERATURE (F)
RECORD
 HIGH              79   02/24/2017
                        02/13/1962
                        14/09/2629
 LOW              -23   02/02/1951
HIGHEST            79R  02/24        44      35       75  02/20
LOWEST             14   02/04        25     -11       15  02/13
                                                          02/10
AVG. MAXIMUM     57.5              46.0    11.5     48.4
AVG. MINIMUM     35.8              27.2     8.6     30.8
MEAN             46.6              36.6    10.0     39.6
DAYS MAX >= 90      0               0.0     0.0        0
DAYS MAX <= 32      1               3.4    -2.4        4
DAYS MIN <= 32     12              19.2    -7.2       16
DAYS MIN <= 0       0               0.4    -0.4        0

PRECIPITATION (INCHES)
RECORD
 MAXIMUM         7.26   2000
 MINIMUM         0.27   1947
TOTALS           1.00              3.17   -2.17     4.34
DAILY AVG.       0.04              0.11   -0.07     0.15
DAYS >= .01         8               8.9    -0.9       12
DAYS >= .10         5               5.5    -0.5        8
DAYS >= .50         0               2.1    -2.1        3
DAYS >= 1.00        0               0.9    -0.9        1
GREATEST
 24 HR. TOTAL    0.46   02/06 TO 02/07
 STORM TOTAL       MM
 (MM/DD(HH))            MM

SNOWFALL (INCHES)
RECORDS
 TOTAL           18.4   1993
TOTALS              T               3.8    -3.8      3.3
SINCE 7/1         0.4              10.7   -10.3     14.2
SNOWDEPTH AVG.      0                MM      MM        0
DAYS >= TRACE       3
DAYS >= 1.0         0               1.0    -1.0        2
GREATEST
 SNOW DEPTH         0   MM                             0  MM
 24 HR TOTAL        T   02/25 TO 02/25
 STORM TOTAL       MM
 (MM/DD(HH))            MM

DEGREE_DAYS
HEATING TOTAL     506               795    -289      728
 SINCE 7/1       2699              3574    -875     2818
.................................................................

WIND (MPH)
AVERAGE WIND SPEED              7.5
HIGHEST WIND SPEED/DIRECTION    30/220    DATE  02/10
HIGHEST GUST SPEED/DIRECTION    41/220    DATE  02/10

SKY COVER
POSSIBLE SUNSHINE (PERCENT)   MM
AVERAGE SKY COVER           0.40
NUMBER OF DAYS FAIR           15
NUMBER OF DAYS PC             10
NUMBER OF DAYS CLOUDY          3

AVERAGE RH (PERCENT)     63

WEATHER CONDITIONS. NUMBER OF DAYS WITH
THUNDERSTORM              0     MIXED PRECIP               0
HEAVY RAIN                2     RAIN                       2
LIGHT RAIN               10     FREEZING RAIN              0
LT FREEZING RAIN          0     HAIL                       0
HEAVY SNOW                0     SNOW                       0
LIGHT SNOW                1     SLEET                      0
FOG                      10     FOG W/VIS <= 1/4 MILE      3
HAZE                      7

-  INDICATES NEGATIVE NUMBERS.
R  INDICATES RECORD WAS SET OR TIED.
MM INDICATES DATA IS MISSING.
T  INDICATES TRACE AMOUNT.

$$
