000
CXUS53 KPAH 012325
CLMEVV

INDCLMEEV 000
TTAA00 KPAH 012314

CLIMATE REPORT
NATIONAL WEATHER SERVICE PADUCAH KY
610 PM CDT THU AUG 1 2013

...................................

...THE EVANSVILLE ASOS CLIMATE SUMMARY FOR THE MONTH OF JULY 2013...

CLIMATE NORMAL PERIOD 1981 TO 2010
CLIMATE RECORD PERIOD 1896 TO 2013

WEATHER         OBSERVED          NORMAL  DEPART  LAST YEAR`S
                 VALUE   DATE(S)  VALUE   FROM    VALUE  DATE(S)
                                          NORMAL
................................................................
TEMPERATURE (F)
RECORD
 HIGH             111   07/28/1930
 LOW               47   07/23/1947
                        07/16/1930
HIGHEST            96   07/17        89       7      107  07/05
LOWEST             53   07/28        68     -15       65  07/22
AVG. MAXIMUM     85.3              88.5    -3.2     97.3
AVG. MINIMUM     66.9              67.5    -0.6     71.8
MEAN             76.1              78.0    -1.9     84.5
DAYS MAX >= 90      9              13.1    -4.1       27
DAYS MAX <= 32      0               0.0     0.0        0
DAYS MIN <= 32      0               0.0     0.0        0
DAYS MIN <= 0       0               0.0     0.0        0

PRECIPITATION (INCHES)
RECORD
 MAXIMUM        10.32   1910
 MINIMUM         0.18   1974
TOTALS           3.59              3.92   -0.33     2.34
DAILY AVG.       0.12              0.13   -0.01     0.08
DAYS >= .01        11               9.0     2.0        9
DAYS >= .10         5               6.2    -1.2        7
DAYS >= .50         3               2.8     0.2        1
DAYS >= 1.00        1               1.1    -0.1        0
GREATEST
 24 HR. TOTAL    1.78   07/21 TO 07/22
 STORM TOTAL       MM
 (MM/DD(HH))            MM

DEGREE_DAYS
COOLING TOTAL     351               403     -52      612
 SINCE 1/1        818               836     -18     1296
.................................................................

WIND (MPH)
AVERAGE WIND SPEED              4.7
HIGHEST WIND SPEED/DIRECTION    25/020    DATE  07/20
HIGHEST GUST SPEED/DIRECTION    33/020    DATE  07/20

SKY COVER
POSSIBLE SUNSHINE (PERCENT)   MM
AVERAGE SKY COVER           0.30
NUMBER OF DAYS FAIR           20
NUMBER OF DAYS PC             10
NUMBER OF DAYS CLOUDY          1

AVERAGE RH (PERCENT)     72

WEATHER CONDITIONS. NUMBER OF DAYS WITH
THUNDERSTORM              0     MIXED PRECIP               0
HEAVY RAIN                6     RAIN                       7
LIGHT RAIN               13     FREEZING RAIN              0
LT FREEZING RAIN          0     HAIL                       0
HEAVY SNOW                0     SNOW                       0
LIGHT SNOW                0     SLEET                      0
FOG                      13     FOG W/VIS <= 1/4 MILE      1
HAZE                      8

-  INDICATES NEGATIVE NUMBERS.
R  INDICATES RECORD WAS SET OR TIED.
MM INDICATES DATA IS MISSING.
T  INDICATES TRACE AMOUNT.

$$
