000
CXUS53 KPAH 011633
CLMEVV

CLIMATE REPORT
NATIONAL WEATHER SERVICE PADUCAH KY
1033 AM CST SUN JAN 1 2017

...................................

...THE EVANSVILLE ASOS CLIMATE SUMMARY FOR THE MONTH OF DECEMBER 2016...

CLIMATE NORMAL PERIOD 1981 TO 2010
CLIMATE RECORD PERIOD 1896 TO 2016

WEATHER         OBSERVED          NORMAL  DEPART  LAST YEAR`S
                 VALUE   DATE(S)  VALUE   FROM    VALUE  DATE(S)
                                          NORMAL
................................................................
TEMPERATURE (F)
RECORD
 HIGH              77   12/02/1982
 LOW              -15   12/22/1989
HIGHEST            70   12/17        44      26       72  12/12
LOWEST             10   12/19        27     -17       26  12/04
                                                          12/03
AVG. MAXIMUM     44.1              44.1     0.0     56.0
AVG. MINIMUM     27.4              27.1     0.3     39.6
MEAN             35.8              35.6     0.2     47.8
DAYS MAX >= 90      0               0.0     0.0        0
DAYS MAX <= 32      4               4.6    -0.6        0
DAYS MIN <= 32     22              21.3     0.7        7
DAYS MIN <= 0       0               0.5    -0.5        0

PRECIPITATION (INCHES)
RECORD
 MAXIMUM         8.23   1982
 MINIMUM         0.56   1976
TOTALS           3.92              3.76    0.16     5.20
DAILY AVG.       0.13              0.12    0.01     0.17
DAYS >= .01        10              10.8    -0.8       11
DAYS >= .10         6               7.2    -1.2        6
DAYS >= .50         4               2.6     1.4        4
DAYS >= 1.00        0               0.9    -0.9        3
GREATEST
 24 HR. TOTAL    0.98   12/26 TO 12/26
                        12/16 TO 12/17
                        12/25 TO 12/26
 STORM TOTAL       MM
 (MM/DD(HH))            MM

SNOWFALL (INCHES)
RECORDS
 TOTAL           25.1   1917
TOTALS              T               3.2    -3.2        T
SINCE 7/1           T               3.5    -3.5        T
SNOWDEPTH AVG.      0                MM      MM        0
DAYS >= TRACE       4
DAYS >= 1.0         0               1.0    -1.0        0
GREATEST
 SNOW DEPTH         0   MM                             0  MM
 24 HR TOTAL        T   12/18 TO 12/18
 STORM TOTAL       MM
 (MM/DD(HH))            MM

DEGREE_DAYS
HEATING TOTAL     900               911     -11      529
 SINCE 7/1       1430              1772    -342     1138
.................................................................

WIND (MPH)
AVERAGE WIND SPEED              6.6
HIGHEST WIND SPEED/DIRECTION    29/220    DATE  12/31
HIGHEST GUST SPEED/DIRECTION    35/210    DATE  12/31

SKY COVER
POSSIBLE SUNSHINE (PERCENT)   MM
AVERAGE SKY COVER           0.50
NUMBER OF DAYS FAIR           13
NUMBER OF DAYS PC              6
NUMBER OF DAYS CLOUDY         12

AVERAGE RH (PERCENT)     69

WEATHER CONDITIONS. NUMBER OF DAYS WITH
THUNDERSTORM              0     MIXED PRECIP               0
HEAVY RAIN                7     RAIN                       6
LIGHT RAIN               12     FREEZING RAIN              1
LT FREEZING RAIN          1     HAIL                       0
HEAVY SNOW                0     SNOW                       0
LIGHT SNOW                3     SLEET                      0
FOG                      13     FOG W/VIS <= 1/4 MILE      2
HAZE                      4

-  INDICATES NEGATIVE NUMBERS.
R  INDICATES RECORD WAS SET OR TIED.
MM INDICATES DATA IS MISSING.
T  INDICATES TRACE AMOUNT.

$$
