000
CXUS53 KPAH 011831
CLMEVV

INDCLMEEV 000
TTAA00 KPAH 010638


CLIMATE REPORT
NATIONAL WEATHER SERVICE PADUCAH KY
137 AM CDT TUE OCT 1 2013

...................................

...THE EVANSVILLE ASOS CLIMATE SUMMARY FOR THE MONTH OF SEPTEMBER 2013...

CLIMATE NORMAL PERIOD 1981 TO 2010
CLIMATE RECORD PERIOD 1896 TO 2013

WEATHER         OBSERVED          NORMAL  DEPART  LAST YEAR`S
                 VALUE   DATE(S)  VALUE   FROM    VALUE  DATE(S)
                                          NORMAL
................................................................
TEMPERATURE (F)
RECORD
 HIGH             104   09/06/1925
 LOW               31   09/29/1942
                        09/28/1942
HIGHEST            95   09/11        81      14       92  09/04
LOWEST             47   09/14        58     -11       39  09/23
AVG. MAXIMUM     82.7              81.3     1.4     79.3
AVG. MINIMUM     61.0              56.8     4.2     57.6
MEAN             71.9              69.1     2.8     68.4
DAYS MAX >= 90      3               4.1    -1.1        4
DAYS MAX <= 32      0               0.0     0.0        0
DAYS MIN <= 32      0               0.0     0.0        0
DAYS MIN <= 0       0               0.0     0.0        0

PRECIPITATION (INCHES)
RECORD
 MAXIMUM         9.89   1945
 MINIMUM         0.09   2004
TOTALS           2.81              3.05   -0.24     7.60
DAILY AVG.       0.09              0.10   -0.01     0.25
DAYS >= .01         9               7.4     1.6       13
DAYS >= .10         5               4.8     0.2        9
DAYS >= .50         3               1.9     1.1        4
DAYS >= 1.00        1               0.9     0.1        2
GREATEST
 24 HR. TOTAL    1.45   08/31 TO 09/01
 STORM TOTAL       MM
 (MM/DD(HH))            MM

DEGREE_DAYS
HEATING TOTAL      10                46     -36       43
 SINCE 7/1         10                47     -37       43
COOLING TOTAL     215               167      48      154
 SINCE 1/1       1407              1366      41     1821
.................................................................

WIND (MPH)
AVERAGE WIND SPEED              4.3
HIGHEST WIND SPEED/DIRECTION    23/360    DATE  09/01
HIGHEST GUST SPEED/DIRECTION    28/010    DATE  09/01

SKY COVER
POSSIBLE SUNSHINE (PERCENT)   MM
AVERAGE SKY COVER           0.20
NUMBER OF DAYS FAIR           22
NUMBER OF DAYS PC              5
NUMBER OF DAYS CLOUDY          3

AVERAGE RH (PERCENT)     71

WEATHER CONDITIONS. NUMBER OF DAYS WITH
THUNDERSTORM              0     MIXED PRECIP               0
HEAVY RAIN                4     RAIN                       5
LIGHT RAIN               10     FREEZING RAIN              0
LT FREEZING RAIN          0     HAIL                       0
HEAVY SNOW                0     SNOW                       0
LIGHT SNOW                0     SLEET                      0
FOG                      19     FOG W/VIS <= 1/4 MILE      1
HAZE                     10

-  INDICATES NEGATIVE NUMBERS.
R  INDICATES RECORD WAS SET OR TIED.
MM INDICATES DATA IS MISSING.
T  INDICATES TRACE AMOUNT.

$$
