146
CXUS53 KPAH 011251
CLMEVV

CLIMATE REPORT
NATIONAL WEATHER SERVICE PADUCAH KY
748 AM CDT WED JUN 1 2016

...................................

...THE EVANSVILLE ASOS CLIMATE SUMMARY FOR THE MONTH OF MAY 2016...

CLIMATE NORMAL PERIOD 1981 TO 2010
CLIMATE RECORD PERIOD 1896 TO 2016

WEATHER         OBSERVED          NORMAL  DEPART  LAST YEAR`S
                 VALUE   DATE(S)  VALUE   FROM    VALUE  DATE(S)
                                          NORMAL
................................................................
TEMPERATURE (F)
RECORD
 HIGH              98   05/29/1911
                        05/28/1911
 LOW               28   05/01/1963
HIGHEST            88   05/30        77      11       88  05/08
LOWEST             39   05/15        54     -15       42  05/01
AVG. MAXIMUM     73.6              76.9    -3.3     78.0
AVG. MINIMUM     53.9              54.5    -0.6     58.4
MEAN             63.7              65.7    -2.0     68.2
DAYS MAX >= 90      0               0.9    -0.9        0
DAYS MAX <= 32      0               0.0     0.0        0
DAYS MIN <= 32      0               0.0     0.0        0
DAYS MIN <= 0       0               0.0     0.0        0

PRECIPITATION (INCHES)
RECORD
 MAXIMUM        13.51   1995
 MINIMUM         0.59   1913
TOTALS           4.05              5.36   -1.31     3.44
DAILY AVG.       0.13              0.17   -0.04     0.11
DAYS >= .01        15              12.5     2.5       13
DAYS >= .10        10               8.2     1.8       12
DAYS >= .50         3               3.9    -0.9        1
DAYS >= 1.00        0               1.4    -1.4        0
GREATEST
 24 HR. TOTAL    1.38   05/11 TO 05/12
 STORM TOTAL       MM
 (MM/DD(HH))            MM

DEGREE_DAYS
COOLING TOTAL      83               108     -25      163
 SINCE 1/1        105               135     -30      191
.................................................................

WIND (MPH)
AVERAGE WIND SPEED              6.2
HIGHEST WIND SPEED/DIRECTION    30/310    DATE  05/14
HIGHEST GUST SPEED/DIRECTION    41/290    DATE  05/14

SKY COVER
POSSIBLE SUNSHINE (PERCENT)   MM
AVERAGE SKY COVER           0.40
NUMBER OF DAYS FAIR           15
NUMBER OF DAYS PC             12
NUMBER OF DAYS CLOUDY          4

AVERAGE RH (PERCENT)     71

WEATHER CONDITIONS. NUMBER OF DAYS WITH
THUNDERSTORM              0     MIXED PRECIP               0
HEAVY RAIN                5     RAIN                      10
LIGHT RAIN               18     FREEZING RAIN              0
LT FREEZING RAIN          0     HAIL                       0
HEAVY SNOW                0     SNOW                       0
LIGHT SNOW                0     SLEET                      0
FOG                      15     FOG W/VIS <= 1/4 MILE      2
HAZE                      4

-  INDICATES NEGATIVE NUMBERS.
R  INDICATES RECORD WAS SET OR TIED.
MM INDICATES DATA IS MISSING.
T  INDICATES TRACE AMOUNT.

$$
