000
CXUS53 KPAH 010642
CLMEVV

CLIMATE REPORT
NATIONAL WEATHER SERVICE PADUCAH KY
1242 AM CST WED FEB 1 2017

...................................

...THE EVANSVILLE ASOS CLIMATE SUMMARY FOR THE MONTH OF JANUARY
2017...

CLIMATE NORMAL PERIOD 1981 TO 2010
CLIMATE RECORD PERIOD 1896 TO 2017

WEATHER         OBSERVED          NORMAL  DEPART  LAST YEAR`S
                 VALUE   DATE(S)  VALUE   FROM    VALUE  DATE(S)
                                          NORMAL
................................................................
TEMPERATURE (F)
RECORD
 HIGH              76   01/24/1943
 LOW              -21   01/17/1982
HIGHEST            69   01/21        39      30       68  01/31
                        01/12
LOWEST              5   01/07        21     -16        8  01/11
AVG. MAXIMUM     47.6              41.0     6.6     43.4
AVG. MINIMUM     32.6              24.0     8.6     24.7
MEAN             40.1              32.5     7.6     34.0
DAYS MAX >= 90      0               0.0     0.0        0
DAYS MAX <= 32      4               6.8    -2.8        6
DAYS MIN <= 32     12              24.0   -12.0       26
DAYS MIN <= 0       0               0.9    -0.9        0

PRECIPITATION (INCHES)
RECORD
 MAXIMUM        14.78   1937
 MINIMUM         0.51   1981
TOTALS           2.27              3.10   -0.83     2.00
DAILY AVG.       0.07              0.10   -0.03     0.07
DAYS >= .01        15               9.8     5.2        7
DAYS >= .10         8               5.6     2.4        4
DAYS >= .50         0               2.0    -2.0        1
DAYS >= 1.00        0               0.6    -0.6        1
GREATEST
 24 HR. TOTAL    0.56   01/13 TO 01/14
 STORM TOTAL       MM
 (MM/DD(HH))            MM

SNOWFALL (INCHES)
RECORDS
 TOTAL           41.0   1918
TOTALS            0.4               3.4    -3.0     10.9
SINCE 7/1         0.4               6.9    -6.5     10.9
SNOWDEPTH AVG.      0                 2      -2        1
DAYS >= TRACE       4
DAYS >= 1.0         0               1.2    -1.2        3
GREATEST
 SNOW DEPTH         0   MM                             5  01/23
 24 HR TOTAL      0.4   MM
 STORM TOTAL       MM
 (MM/DD(HH))            MM

DEGREE_DAYS
HEATING TOTAL     763              1007    -244      952
 SINCE 7/1       2193              2779    -586     2090
.................................................................

WIND (MPH)
AVERAGE WIND SPEED              7.9
HIGHEST WIND SPEED/DIRECTION    33/200    DATE  01/10
HIGHEST GUST SPEED/DIRECTION    49/190    DATE  01/10

SKY COVER
POSSIBLE SUNSHINE (PERCENT)   MM
AVERAGE SKY COVER           0.60
NUMBER OF DAYS FAIR           10
NUMBER OF DAYS PC              5
NUMBER OF DAYS CLOUDY         16

AVERAGE RH (PERCENT)     74

WEATHER CONDITIONS. NUMBER OF DAYS WITH
THUNDERSTORM              0     MIXED PRECIP               0
HEAVY RAIN                5     RAIN                       8
LIGHT RAIN               13     FREEZING RAIN              0
LT FREEZING RAIN          0     HAIL                       0
HEAVY SNOW                0     SNOW                       0
LIGHT SNOW                4     SLEET                      0
FOG                      16     FOG W/VIS <= 1/4 MILE      3
HAZE                      5

-  INDICATES NEGATIVE NUMBERS.
R  INDICATES RECORD WAS SET OR TIED.
MM INDICATES DATA IS MISSING.
T  INDICATES TRACE AMOUNT.

$$
