116
CXUS53 KPAH 021649
CLMEVV

CLIMATE REPORT
NATIONAL WEATHER SERVICE PADUCAH KY
1149 AM CDT SUN JUL 2 2017


...THE EVANSVILLE ASOS CLIMATE SUMMARY FOR THE MONTH OF JUNE 2017...

CLIMATE NORMAL PERIOD 1981 TO 2010
CLIMATE RECORD PERIOD 1896 TO 2017

WEATHER         OBSERVED          NORMAL  DEPART  LAST YEAR`S
                 VALUE   DATE(S)  VALUE   FROM    VALUE  DATE(S)
                                          NORMAL
................................................................
TEMPERATURE (F)
RECORD
 HIGH             107   06/29/2012
                        06/28/2012
                        02/05/2000
 LOW               41   06/01/1966
                        06/02/1956
HIGHEST            94   06/14        86       8       99  06/16
                        06/13
                        06/12
LOWEST             52   06/08        63     -11       55  06/09
                                                          06/08
AVG. MAXIMUM     86.1              85.6     0.5     88.5
AVG. MINIMUM     63.6              63.9    -0.3     66.8
MEAN             74.8              74.8     0.0     77.7
DAYS MAX >= 90      7               8.1    -1.1       16
DAYS MAX <= 32      0               0.0     0.0        0
DAYS MIN <= 32      0               0.0     0.0        0
DAYS MIN <= 0       0               0.0     0.0        0

PRECIPITATION (INCHES)
RECORD
 MAXIMUM        11.44   1900
 MINIMUM         0.15   2012
TOTALS           3.60              3.78   -0.18     4.37
DAILY AVG.       0.12              0.13   -0.01     0.15
DAYS >= .01         7               9.9    -2.9        6
DAYS >= .10         3               6.4    -3.4        4
DAYS >= .50         2               2.7    -0.7        2
DAYS >= 1.00        2               1.0     1.0        1
GREATEST
 24 HR. TOTAL    1.86   06/23 TO 06/23
 STORM TOTAL       MM
 (MM/DD(HH))            MM

DEGREE_DAYS
COOLING TOTAL     306               298       8      386
 SINCE 1/1        531               433      98      491
.................................................................

WIND (MPH)
AVERAGE WIND SPEED              6.6
HIGHEST WIND SPEED/DIRECTION    22/220    DATE  06/29
HIGHEST GUST SPEED/DIRECTION    32/310    DATE  06/30

SKY COVER
POSSIBLE SUNSHINE (PERCENT)   MM
AVERAGE SKY COVER           0.20
NUMBER OF DAYS FAIR           24
NUMBER OF DAYS PC              6
NUMBER OF DAYS CLOUDY          0

AVERAGE RH (PERCENT)     65

WEATHER CONDITIONS. NUMBER OF DAYS WITH
THUNDERSTORM              0     MIXED PRECIP               0
HEAVY RAIN                4     RAIN                       4
LIGHT RAIN                7     FREEZING RAIN              0
LT FREEZING RAIN          0     HAIL                       0
HEAVY SNOW                0     SNOW                       0
LIGHT SNOW                0     SLEET                      0
FOG                       8     FOG W/VIS <= 1/4 MILE      0
HAZE                      2

-  INDICATES NEGATIVE NUMBERS.
R  INDICATES RECORD WAS SET OR TIED.
MM INDICATES DATA IS MISSING.
T  INDICATES TRACE AMOUNT.

$$
