000
CXUS53 KPAH 010635
CLMEVV

CLIMATE REPORT
NATIONAL WEATHER SERVICE PADUCAH KY
1233 AM CST FRI JAN 1 2016

...................................

...THE EVANSVILLE ASOS CLIMATE SUMMARY FOR THE MONTH OF DECEMBER 2015...

CLIMATE NORMAL PERIOD 1981 TO 2010
CLIMATE RECORD PERIOD 1896 TO 2015

WEATHER         OBSERVED          NORMAL  DEPART  LAST YEAR`S
                 VALUE   DATE(S)  VALUE   FROM    VALUE  DATE(S)
                                          NORMAL
................................................................
TEMPERATURE (F)
RECORD
 HIGH              77   12/02/1982
 LOW              -15   12/22/1989
HIGHEST            72   12/12        44      28       59  12/05
LOWEST             26   12/04        27      -1       18  12/31
                        12/03
AVG. MAXIMUM     56.0              44.1    11.9     45.2
AVG. MINIMUM     39.6              27.1    12.5     33.8
MEAN             47.8              35.6    12.2     39.5
DAYS MAX >= 90      0               0.0     0.0        0
DAYS MAX <= 32      0               4.6    -4.6        1
DAYS MIN <= 32      7              21.3   -14.3       10
DAYS MIN <= 0       0               0.5    -0.5        0

PRECIPITATION (INCHES)
RECORD
 MAXIMUM         8.23   1982
 MINIMUM         0.56   1976
TOTALS           5.20              3.76    1.44     3.43
DAILY AVG.       0.17              0.12    0.05     0.11
DAYS >= .01        11              10.8     0.2       10
DAYS >= .10         6               7.2    -1.2        8
DAYS >= .50         4               2.6     1.4        1
DAYS >= 1.00        3               0.9     2.1        1
GREATEST
 24 HR. TOTAL    1.91   12/27 TO 12/28
 STORM TOTAL       MM
 (MM/DD(HH))            MM

SNOWFALL (INCHES)
RECORDS
 TOTAL           25.1   1917
TOTALS              T               3.2    -3.2        T
SINCE 7/1           T               3.5    -3.5      2.4
SNOWDEPTH AVG.      0                MM      MM        0
DAYS >= TRACE       1
DAYS >= 1.0         0               1.0    -1.0        0
GREATEST
 SNOW DEPTH         0   MM                             0  MM
 24 HR TOTAL        T   12/17 TO 12/17
 STORM TOTAL       MM
 (MM/DD(HH))            MM

DEGREE_DAYS
HEATING TOTAL     529               911    -382      781
 SINCE 7/1       1138              1772    -634     1784
.................................................................

WIND (MPH)
AVERAGE WIND SPEED              7.3
HIGHEST WIND SPEED/DIRECTION    35/240    DATE  12/23
HIGHEST GUST SPEED/DIRECTION    46/170    DATE  12/14

SKY COVER
POSSIBLE SUNSHINE (PERCENT)   MM
AVERAGE SKY COVER           0.50
NUMBER OF DAYS FAIR            9
NUMBER OF DAYS PC             12
NUMBER OF DAYS CLOUDY         10

AVERAGE RH (PERCENT)     73

WEATHER CONDITIONS. NUMBER OF DAYS WITH
THUNDERSTORM              0     MIXED PRECIP               0
HEAVY RAIN                4     RAIN                       5
LIGHT RAIN               14     FREEZING RAIN              0
LT FREEZING RAIN          0     HAIL                       0
HEAVY SNOW                0     SNOW                       0
LIGHT SNOW                1     SLEET                      0
FOG                      20     FOG W/VIS <= 1/4 MILE      3
HAZE                      8

-  INDICATES NEGATIVE NUMBERS.
R  INDICATES RECORD WAS SET OR TIED.
MM INDICATES DATA IS MISSING.
T  INDICATES TRACE AMOUNT.

$$
