000
CXUS53 KPAH 010700
CLMEVV

INDCLMEEV 000
TTAA00 KPAH 010658

CLIMATE REPORT
NATIONAL WEATHER SERVICE PADUCAH KY
1256 AM CST TUE MAR 1 2016

...................................

...THE EVANSVILLE ASOS CLIMATE SUMMARY FOR THE MONTH OF FEBRUARY 2016...

CLIMATE NORMAL PERIOD 1981 TO 2010
CLIMATE RECORD PERIOD 1896 TO 2016

WEATHER         OBSERVED          NORMAL  DEPART  LAST YEAR`S
                 VALUE   DATE(S)  VALUE   FROM    VALUE  DATE(S)
                                          NORMAL
................................................................
TEMPERATURE (F)
RECORD
 HIGH              79   02/13/1962
 LOW              -23   02/02/1951
HIGHEST            75   02/20        44      31       62  02/07
LOWEST             15   02/13        25     -10       -7  02/20
                        02/10
AVG. MAXIMUM     48.4              46.0     2.4     35.7
AVG. MINIMUM     30.8              27.2     3.6     17.4
MEAN             39.6              36.6     3.0     26.5
DAYS MAX >= 90      0               0.0     0.0        0
DAYS MAX <= 32      4               3.4     0.6       12
DAYS MIN <= 32     16              19.2    -3.2       26
DAYS MIN <= 0       0               0.4    -0.4        3

PRECIPITATION (INCHES)
RECORD
 MAXIMUM         7.26   2000
 MINIMUM         0.27   1947
TOTALS           4.34              3.17    1.17     2.56
DAILY AVG.       0.15                MM      MM     0.09
DAYS >= .01        12               8.9     3.1        6
DAYS >= .10         8               5.5     2.5        5
DAYS >= .50         3               2.1     0.9        2
DAYS >= 1.00        1               0.9     0.1        0
GREATEST
 24 HR. TOTAL    1.75   02/01 TO 02/02
                        02/02 TO 02/02
                        02/02 TO 02/03
 STORM TOTAL       MM
 (MM/DD(HH))            MM

SNOWFALL (INCHES)
RECORDS
 TOTAL           18.4   1993
TOTALS            3.3               3.8    -0.5      7.4
SINCE 7/1        14.2              10.7     3.5     10.0
SNOWDEPTH AVG.      0                MM      MM        1
DAYS >= TRACE       8
DAYS >= 1.0         2               1.0     1.0        2
GREATEST
 SNOW DEPTH         0   MM                             7  02/19
                                                          02/18
 24 HR TOTAL      1.1   MM
 STORM TOTAL       MM
 (MM/DD(HH))            MM

DEGREE_DAYS
HEATING TOTAL     728               795     -67     1069
 SINCE 7/1       2818              3598    -780     3836
.................................................................

WIND (MPH)
AVERAGE WIND SPEED              8.4
HIGHEST WIND SPEED/DIRECTION    39/220    DATE  02/19
HIGHEST GUST SPEED/DIRECTION    52/220    DATE  02/02

SKY COVER
POSSIBLE SUNSHINE (PERCENT)   MM
AVERAGE SKY COVER           0.50
NUMBER OF DAYS FAIR           12
NUMBER OF DAYS PC              6
NUMBER OF DAYS CLOUDY         11

AVERAGE RH (PERCENT)     66

WEATHER CONDITIONS. NUMBER OF DAYS WITH
THUNDERSTORM              0     MIXED PRECIP               0
HEAVY RAIN                4     RAIN                       5
LIGHT RAIN                8     FREEZING RAIN              0
LT FREEZING RAIN          0     HAIL                       0
HEAVY SNOW                1     SNOW                       3
LIGHT SNOW                8     SLEET                      1
FOG                      15     FOG W/VIS <= 1/4 MILE      3
HAZE                      9

-  INDICATES NEGATIVE NUMBERS.
R  INDICATES RECORD WAS SET OR TIED.
MM INDICATES DATA IS MISSING.
T  INDICATES TRACE AMOUNT.

$$
