000
CXUS53 KPAH 010700
CLMEVV

INDCLMEEV 000
TTAA00 KPAH 010651


CLIMATE REPORT
NATIONAL WEATHER SERVICE PADUCAH KY
149 AM CDT WED APR 1 2015

...................................

...THE EVANSVILLE ASOS CLIMATE SUMMARY FOR THE MONTH OF MARCH 2015...

CLIMATE NORMAL PERIOD 1981 TO 2010
CLIMATE RECORD PERIOD 1896 TO 2015

WEATHER         OBSERVED          NORMAL  DEPART  LAST YEAR`S
                 VALUE   DATE(S)  VALUE   FROM    VALUE  DATE(S)
                                          NORMAL
................................................................
TEMPERATURE (F)
RECORD
 HIGH              87   03/24/1929
 LOW               -9   03/06/1960
HIGHEST            75   03/16        56      19       75  03/11
LOWEST              0   03/06        45     -45       11  03/04
AVG. MAXIMUM     54.6              56.7    -2.1     53.2
AVG. MINIMUM     34.9              35.3    -0.4     30.3
MEAN             44.8              46.0    -1.2     41.8
DAYS MAX >= 90      0               0.0     0.0        0
DAYS MAX <= 32      2               0.5     1.5        1
DAYS MIN <= 32     10              12.4    -2.4       18
DAYS MIN <= 0       1               0.0     1.0        0

PRECIPITATION (INCHES)
RECORD
 MAXIMUM        12.84   1964
 MINIMUM         0.01   1910
TOTALS           6.85              4.24    2.61     2.85
DAILY AVG.       0.22              0.14    0.08     0.09
DAYS >= .01        11              10.6     0.4       10
DAYS >= .10         7               7.1    -0.1        6
DAYS >= .50         5               3.0     2.0        3
DAYS >= 1.00        3               1.0     2.0        0
GREATEST
 24 HR. TOTAL    1.82   03/13 TO 03/13
 STORM TOTAL       MM
 (MM/DD(HH))            MM

SNOWFALL (INCHES)
RECORDS
 TOTAL           20.2   1960
TOTALS            8.5               1.0     7.5      2.6
SINCE 7/1        18.5              11.7     6.8     12.6
SNOWDEPTH AVG.      0                MM      MM        0
DAYS >= TRACE       2
DAYS >= 1.0         1               0.3     0.7        1
GREATEST
 SNOW DEPTH         5   03/06                          2  03/04
                        03/05                             03/03
 24 HR TOTAL      8.5   03/04 TO 03/04
 STORM TOTAL       MM
 (MM/DD(HH))            MM

DEGREE_DAYS
HEATING TOTAL     619               592      27      713
 SINCE 7/1       4455              4166     289     4675
COOLING TOTAL       0                 3      -3        0
 SINCE 1/1          0                 3      -3        0
.................................................................

WIND (MPH)
AVERAGE WIND SPEED              7.0
HIGHEST WIND SPEED/DIRECTION    26/250    DATE  03/25
HIGHEST GUST SPEED/DIRECTION    33/350    DATE  03/25

SKY COVER
POSSIBLE SUNSHINE (PERCENT)   MM
AVERAGE SKY COVER           0.40
NUMBER OF DAYS FAIR           17
NUMBER OF DAYS PC              6
NUMBER OF DAYS CLOUDY          8

AVERAGE RH (PERCENT)     65

WEATHER CONDITIONS. NUMBER OF DAYS WITH
THUNDERSTORM              0     MIXED PRECIP               0
HEAVY RAIN                6     RAIN                       6
LIGHT RAIN               13     FREEZING RAIN              0
LT FREEZING RAIN          2     HAIL                       0
HEAVY SNOW                1     SNOW                       1
LIGHT SNOW                2     SLEET                      0
FOG                      16     FOG W/VIS <= 1/4 MILE      2
HAZE                     12

-  INDICATES NEGATIVE NUMBERS.
R  INDICATES RECORD WAS SET OR TIED.
MM INDICATES DATA IS MISSING.
T  INDICATES TRACE AMOUNT.

&&

RMKS: 5TH SNOWIEST MARCH ON RECORD. RECORD IS 20.2 INCHES SET IN
MARCH 1960.

$$

































$$
