000
CXUS53 KPAH 010653
CLMEVV

INDCLMEEV 000
TTAA00 KPAH 010650


CLIMATE REPORT
NATIONAL WEATHER SERVICE PADUCAH KY
147 AM CDT SAT AUG 1 2015

...................................

...THE EVANSVILLE ASOS CLIMATE SUMMARY FOR THE MONTH OF JULY 2015...

CLIMATE NORMAL PERIOD 1981 TO 2010
CLIMATE RECORD PERIOD 1896 TO 2015

WEATHER         OBSERVED          NORMAL  DEPART  LAST YEAR`S
                 VALUE   DATE(S)  VALUE   FROM    VALUE  DATE(S)
                                          NORMAL
................................................................
TEMPERATURE (F)
RECORD
 HIGH             111   07/28/1930
 LOW               47   07/23/1947
                        07/16/1930
HIGHEST            95   07/29        89       6       94  07/26
                        07/18
LOWEST             62   07/08        68      -6       57  07/25
                                                          07/17
                                                          07/16
AVG. MAXIMUM     87.8              88.5    -0.7     84.6
AVG. MINIMUM     70.4              67.5     2.9     63.9
MEAN             79.1              78.0     1.1     74.3
DAYS MAX >= 90     10              13.1    -3.1        6
DAYS MAX <= 32      0               0.0     0.0        0
DAYS MIN <= 32      0               0.0     0.0        0
DAYS MIN <= 0       0               0.0     0.0        0

PRECIPITATION (INCHES)
RECORD
 MAXIMUM        10.32   1910
 MINIMUM         0.18   1974
TOTALS           4.67              3.92    0.75     4.02
DAILY AVG.       0.15              0.13    0.02     0.13
DAYS >= .01        12               9.0     3.0        8
DAYS >= .10        11               6.2     4.8        5
DAYS >= .50         3               2.8     0.2        3
DAYS >= 1.00        1               1.1    -0.1        1
GREATEST
 24 HR. TOTAL    1.47   07/07 TO 07/07
 STORM TOTAL       MM
 (MM/DD(HH))            MM

DEGREE_DAYS
COOLING TOTAL     444               403      41      295
 SINCE 1/1        987               836     151      868
.................................................................

WIND (MPH)
AVERAGE WIND SPEED              5.6
HIGHEST WIND SPEED/DIRECTION    25/230    DATE  07/08
HIGHEST GUST SPEED/DIRECTION    32/220    DATE  07/08

SKY COVER
POSSIBLE SUNSHINE (PERCENT)   MM
AVERAGE SKY COVER           0.30
NUMBER OF DAYS FAIR           19
NUMBER OF DAYS PC             11
NUMBER OF DAYS CLOUDY          1

AVERAGE RH (PERCENT)     74

WEATHER CONDITIONS. NUMBER OF DAYS WITH
THUNDERSTORM              0     MIXED PRECIP               0
HEAVY RAIN                9     RAIN                      11
LIGHT RAIN               15     FREEZING RAIN              0
LT FREEZING RAIN          0     HAIL                       0
HEAVY SNOW                0     SNOW                       0
LIGHT SNOW                0     SLEET                      0
FOG                      24     FOG W/VIS <= 1/4 MILE      1
HAZE                     20

-  INDICATES NEGATIVE NUMBERS.
R  INDICATES RECORD WAS SET OR TIED.
MM INDICATES DATA IS MISSING.
T  INDICATES TRACE AMOUNT.

$$
