829
CXUS53 KPAH 010649
CLMEVV

INDCLMEEV 000
TTAA00 KPAH 010647


CLIMATE REPORT
NATIONAL WEATHER SERVICE PADUCAH KY
145 AM CDT FRI SEP 1 2017

...................................

...THE EVANSVILLE ASOS CLIMATE SUMMARY FOR THE MONTH OF AUGUST 2017...

CLIMATE NORMAL PERIOD 1981 TO 2010
CLIMATE RECORD PERIOD 1896 TO 2017

WEATHER         OBSERVED          NORMAL  DEPART  LAST YEAR`S
                 VALUE   DATE(S)  VALUE   FROM    VALUE  DATE(S)
                                          NORMAL
................................................................
TEMPERATURE (F)
RECORD
 HIGH             105   08/09/1930
                        08/08/1930
 LOW               43   08/29/1986
HIGHEST            94   08/20        87       7       94  08/30
LOWEST             54   08/05        65     -11       59  08/22
AVG. MAXIMUM     84.5              88.0    -3.5     87.3
AVG. MINIMUM     64.6              65.4    -0.8     71.1
MEAN             74.5              76.7    -2.2     79.2
DAYS MAX >= 90      3              11.6    -8.6       11
DAYS MAX <= 32      0               0.0     0.0        0
DAYS MIN <= 32      0               0.0     0.0        0
DAYS MIN <= 0       0               0.0     0.0        0

PRECIPITATION (INCHES)
RECORD
 MAXIMUM         8.51   2005
 MINIMUM         0.13   1943
TOTALS           2.15              2.98   -0.83     3.14
DAILY AVG.       0.07              0.10   -0.03     0.10
DAYS >= .01         7               6.9     0.1        8
DAYS >= .10         2               4.5    -2.5        7
DAYS >= .50         2               1.8     0.2        2
DAYS >= 1.00        1               0.9     0.1        0
GREATEST
 24 HR. TOTAL    1.40   08/06 TO 08/06
 STORM TOTAL       MM
 (MM/DD(HH))            MM

DEGREE_DAYS
COOLING TOTAL     302               363     -61      449
 SINCE 1/1       1290              1199      91     1386
.................................................................

WIND (MPH)
AVERAGE WIND SPEED              4.6
HIGHEST WIND SPEED/DIRECTION    22/200    DATE  08/01
HIGHEST GUST SPEED/DIRECTION    28/200    DATE  08/01

SKY COVER
POSSIBLE SUNSHINE (PERCENT)   MM
AVERAGE SKY COVER           0.30
NUMBER OF DAYS FAIR           23
NUMBER OF DAYS PC              5
NUMBER OF DAYS CLOUDY          3

AVERAGE RH (PERCENT)     70

WEATHER CONDITIONS. NUMBER OF DAYS WITH
THUNDERSTORM              0     MIXED PRECIP               0
HEAVY RAIN                3     RAIN                       2
LIGHT RAIN                7     FREEZING RAIN              0
LT FREEZING RAIN          0     HAIL                       0
HEAVY SNOW                0     SNOW                       0
LIGHT SNOW                0     SLEET                      0
FOG                      12     FOG W/VIS <= 1/4 MILE      1
HAZE                      3

-  INDICATES NEGATIVE NUMBERS.
R  INDICATES RECORD WAS SET OR TIED.
MM INDICATES DATA IS MISSING.
T  INDICATES TRACE AMOUNT.

$$
