000
CXUS53 KPAH 012314
CLMEVV

INDCLMEEV 000
TTAA00 KPAH 012311


CLIMATE REPORT
NATIONAL WEATHER SERVICE PADUCAH KY
507 PM CST WED JAN 1 2014

...................................

...THE EVANSVILLE ASOS PRILIMINARY CLIMATE SUMMARY FOR THE MONTH OF
   DECEMBER 2013...

CLIMATE NORMAL PERIOD 1981 TO 2010
CLIMATE RECORD PERIOD 1896 TO 2013

WEATHER         OBSERVED          NORMAL  DEPART  LAST YEAR`S
                 VALUE   DATE(S)  VALUE   FROM    VALUE  DATE(S)
                                          NORMAL
................................................................
TEMPERATURE (F)
RECORD
 HIGH              77   12/02/1982
 LOW              -15   12/22/1989
HIGHEST            70   12/04        44      26       73  12/03
LOWEST              5   12/12        27     -22       12  12/30
AVG. MAXIMUM     43.3              44.1    -0.8     50.9
AVG. MINIMUM     26.8              27.1    -0.3     34.2
MEAN             35.0              35.6    -0.6     42.5
DAYS MAX >= 90      0               0.0     0.0        0
DAYS MAX <= 32      6               4.6     1.4        1
DAYS MIN <= 32     22              21.3     0.7       17
DAYS MIN <= 0       0               0.5    -0.5        0

PRECIPITATION (INCHES)
RECORD
 MAXIMUM         8.23   1982
 MINIMUM         0.56   1976
TOTALS           7.33              3.76    3.57     3.47
DAILY AVG.       0.24              0.12    0.12     0.11
DAYS >= .01        12              10.8     1.2       13
DAYS >= .10         6               7.2    -1.2        8
DAYS >= .50         4               2.6     1.4        2
DAYS >= 1.00        2               0.9     1.1        1
GREATEST
 24 HR. TOTAL    4.47   12/20 TO 12/21
 STORM TOTAL       MM
 (MM/DD(HH))            MM

SNOWFALL (INCHES)
RECORDS
 TOTAL           25.1   1917
TOTALS            7.2               3.2     4.0     10.7
SINCE 7/1         7.2               3.5     3.7     10.7
SNOWDEPTH AVG.      1                MM      MM        1
DAYS >= TRACE       7
DAYS >= 1.0         1               1.0     0.0        3
GREATEST
 SNOW DEPTH         6   12/07                          8  12/26
 24 HR TOTAL      6.7   MM
 STORM TOTAL       MM
 (MM/DD(HH))            MM

DEGREE_DAYS
HEATING TOTAL     920               911       9      691
 SINCE 7/1       1834              1772      62     1653
.................................................................

WIND (MPH)
AVERAGE WIND SPEED              7.0
HIGHEST WIND SPEED/DIRECTION    24/270    DATE  12/21
HIGHEST GUST SPEED/DIRECTION    30/200    DATE  12/04

SKY COVER
POSSIBLE SUNSHINE (PERCENT)   MM
AVERAGE SKY COVER           0.50
NUMBER OF DAYS FAIR           13
NUMBER OF DAYS PC              8
NUMBER OF DAYS CLOUDY         10

AVERAGE RH (PERCENT)     72

WEATHER CONDITIONS. NUMBER OF DAYS WITH
THUNDERSTORM              0     MIXED PRECIP               0
HEAVY RAIN                3     RAIN                       5
LIGHT RAIN                8     FREEZING RAIN              2
LT FREEZING RAIN          3     HAIL                       0
HEAVY SNOW                0     SNOW                       2
LIGHT SNOW                7     SLEET                      1
FOG                      18     FOG W/VIS <= 1/4 MILE      5
HAZE                      9

-  INDICATES NEGATIVE NUMBERS.
R  INDICATES RECORD WAS SET OR TIED.
MM INDICATES DATA IS MISSING.
T  INDICATES TRACE AMOUNT.

&&

RMKS: 5TH WETTEST DECEMBER ON RECORD. THE RECORD IS 8.25 INCHES IN 1982.

$$
