000
CXUS53 KPAH 010638
CLMEVV

INDCLMEEV 000
TTAA00 KPAH 010636


CLIMATE REPORT
NATIONAL WEATHER SERVICE PADUCAH KY
134 AM CDT FRI MAY 1 2015

...................................

...THE EVANSVILLE ASOS CLIMATE SUMMARY FOR THE MONTH OF APRIL 2015...

CLIMATE NORMAL PERIOD 1981 TO 2010
CLIMATE RECORD PERIOD 1896 TO 2015

WEATHER         OBSERVED          NORMAL  DEPART  LAST YEAR`S
                 VALUE   DATE(S)  VALUE   FROM    VALUE  DATE(S)
                                          NORMAL
................................................................
TEMPERATURE (F)
RECORD
 HIGH              91   04/27/1989
                        04/26/1989
 LOW               23   04/07/1990
                        04/03/1987
HIGHEST            81   04/09        67      14       81  04/27
LOWEST             35   04/05        45     -10       32  04/16
AVG. MAXIMUM     69.5              67.7     1.8     68.3
AVG. MINIMUM     48.7              44.6     4.1     47.8
MEAN             59.1              56.1     3.0     58.0
DAYS MAX >= 90      0               0.0     0.0        0
DAYS MAX <= 32      0               0.0     0.0        0
DAYS MIN <= 32      0               2.8    -2.8        1
DAYS MIN <= 0       0               0.0     0.0        0

PRECIPITATION (INCHES)
RECORD
 MAXIMUM        11.83   1996
 MINIMUM         0.40   1915
TOTALS           6.62              4.37    2.25    10.97
DAILY AVG.       0.22              0.15    0.07     0.37
DAYS >= .01        12              11.7     0.3       13
DAYS >= .10        10               7.4     2.6        9
DAYS >= .50         4               2.6     1.4        7
DAYS >= 1.00        2               1.2     0.8        2
GREATEST
 24 HR. TOTAL    2.19   04/02 TO 04/03
 STORM TOTAL       MM
 (MM/DD(HH))            MM

SNOWFALL (INCHES)
RECORDS
 TOTAL            8.6   1971
TOTALS            0.0               0.1    -0.1      0.0
SINCE 7/1        18.5              11.8     6.7     12.6
SNOWDEPTH AVG.      0                MM      MM        0
DAYS >= TRACE       0
DAYS >= 1.0         0               0.0     0.0        0
GREATEST
 SNOW DEPTH         0   MM                             0  MM
 24 HR TOTAL      0.0   04/30 TO 04/30
 STORM TOTAL       MM
 (MM/DD(HH))            MM

DEGREE_DAYS
HEATING TOTAL     196               289     -93      213
 SINCE 7/1       4651              4455     196     4888
COOLING TOTAL      28                24       4       10
 SINCE 1/1         28                27       1       10
.................................................................

WIND (MPH)
AVERAGE WIND SPEED              7.6
HIGHEST WIND SPEED/DIRECTION    52/240    DATE  04/09
HIGHEST GUST SPEED/DIRECTION    67/240    DATE  04/09

SKY COVER
POSSIBLE SUNSHINE (PERCENT)   MM
AVERAGE SKY COVER           0.40
NUMBER OF DAYS FAIR           14
NUMBER OF DAYS PC             11
NUMBER OF DAYS CLOUDY          5

AVERAGE RH (PERCENT)     62

WEATHER CONDITIONS. NUMBER OF DAYS WITH
THUNDERSTORM              0     MIXED PRECIP               0
HEAVY RAIN               10     RAIN                       7
LIGHT RAIN               17     FREEZING RAIN              0
LT FREEZING RAIN          0     HAIL                       0
HEAVY SNOW                0     SNOW                       0
LIGHT SNOW                0     SLEET                      0
FOG                      14     FOG W/VIS <= 1/4 MILE      1
HAZE                      8

-  INDICATES NEGATIVE NUMBERS.
R  INDICATES RECORD WAS SET OR TIED.
MM INDICATES DATA IS MISSING.
T  INDICATES TRACE AMOUNT.

$$
