646
CXUS53 KPAH 010649
CLMEVV

INDCLMEEV 000
TTAA00 KPAH 010647


CLIMATE REPORT
NATIONAL WEATHER SERVICE PADUCAH KY
146 AM CDT SUN NOV 1 2015

...................................

...THE EVANSVILLE ASOS CLIMATE SUMMARY FOR THE MONTH OF OCTOBER 2015...

CLIMATE NORMAL PERIOD 1981 TO 2010
CLIMATE RECORD PERIOD 1896 TO 2015

WEATHER         OBSERVED          NORMAL  DEPART  LAST YEAR`S
                 VALUE   DATE(S)  VALUE   FROM    VALUE  DATE(S)
                                          NORMAL
................................................................
TEMPERATURE (F)
RECORD
 HIGH              94   10/02/1953
 LOW               21   10/29/1952
                        10/22/1952
HIGHEST            84   10/12        70      14       89  10/02
                        10/06
LOWEST             29   10/18        45     -16       36  10/30
AVG. MAXIMUM     71.3              69.8     1.5     68.9
AVG. MINIMUM     48.7              45.5     3.2     48.7
MEAN             60.0              57.6     2.4     58.8
DAYS MAX >= 90      0               0.2    -0.2        0
DAYS MAX <= 32      0               0.0     0.0        0
DAYS MIN <= 32      1               2.1    -1.1        0
DAYS MIN <= 0       0               0.0     0.0        0

PRECIPITATION (INCHES)
RECORD
 MAXIMUM        11.19   1910
 MINIMUM         0.01   1964
TOTALS           3.01              3.25   -0.24     4.20
DAILY AVG.       0.10              0.10    0.00     0.14
DAYS >= .01         8               8.3    -0.3       14
DAYS >= .10         5               5.5    -0.5       10
DAYS >= .50         1               2.3    -1.3        2
DAYS >= 1.00        1               0.7     0.3        1
GREATEST
 24 HR. TOTAL    2.25   10/27 TO 10/28
 STORM TOTAL       MM
 (MM/DD(HH))            MM

SNOWFALL (INCHES)
RECORDS
 TOTAL            5.0   1993
TOTALS            0.0               0.2    -0.2      0.0
SINCE 7/1         0.0               0.2    -0.2      0.0
SNOWDEPTH AVG.      0                MM      MM        0
DAYS >= TRACE       0
DAYS >= 1.0         0               0.0     0.0        0
GREATEST
 SNOW DEPTH         0   MM                             0  MM
 24 HR TOTAL      0.0   10/31 TO 10/31
 STORM TOTAL       MM
 (MM/DD(HH))            MM

DEGREE_DAYS
HEATING TOTAL     184               256     -72      218
 SINCE 7/1        190               303    -113      254
COOLING TOTAL      36                29       7       34
 SINCE 1/1       1571              1395     176     1477
.................................................................

WIND (MPH)
AVERAGE WIND SPEED              6.6
HIGHEST WIND SPEED/DIRECTION    22/210    DATE  10/24
HIGHEST GUST SPEED/DIRECTION    30/MM     DATE   MM

SKY COVER
POSSIBLE SUNSHINE (PERCENT)   MM
AVERAGE SKY COVER           0.30
NUMBER OF DAYS FAIR           20
NUMBER OF DAYS PC              7
NUMBER OF DAYS CLOUDY          4

AVERAGE RH (PERCENT)     65

WEATHER CONDITIONS. NUMBER OF DAYS WITH
THUNDERSTORM              0     MIXED PRECIP               0
HEAVY RAIN                5     RAIN                       6
LIGHT RAIN               10     FREEZING RAIN              0
LT FREEZING RAIN          0     HAIL                       0
HEAVY SNOW                0     SNOW                       0
LIGHT SNOW                0     SLEET                      0
FOG                      15     FOG W/VIS <= 1/4 MILE      0
HAZE                      8

-  INDICATES NEGATIVE NUMBERS.
R  INDICATES RECORD WAS SET OR TIED.
MM INDICATES DATA IS MISSING.
T  INDICATES TRACE AMOUNT.

$$
