999
CXUS53 KPAH 010651
CLMEVV

INDCLMEEV 000
TTAA00 KPAH 010646


CLIMATE REPORT
NATIONAL WEATHER SERVICE PADUCAH KY
145 AM CDT SAT OCT 1 2016

...................................

...THE EVANSVILLE ASOS CLIMATE SUMMARY FOR THE MONTH OF SEPTEMBER 2016...

CLIMATE NORMAL PERIOD 1981 TO 2010
CLIMATE RECORD PERIOD 1896 TO 2016

WEATHER         OBSERVED          NORMAL  DEPART  LAST YEAR`S
                 VALUE   DATE(S)  VALUE   FROM    VALUE  DATE(S)
                                          NORMAL
................................................................
TEMPERATURE (F)
RECORD
 HIGH             104   09/06/1925
 LOW               31   09/29/1942
                        09/28/1942
HIGHEST            95   09/07        81      14       95  09/05
                                                          09/04
LOWEST             48   09/27        58     -10       48  09/14
AVG. MAXIMUM     85.7              81.3     4.4     84.5
AVG. MINIMUM     61.9              56.8     5.1     60.4
MEAN             73.8              69.1     4.7     72.5
DAYS MAX >= 90     13               4.1     8.9        9
DAYS MAX <= 32      0               0.0     0.0        0
DAYS MIN <= 32      0               0.0     0.0        0
DAYS MIN <= 0       0               0.0     0.0        0

PRECIPITATION (INCHES)
RECORD
 MAXIMUM         9.89   1945
 MINIMUM         0.09   2004
TOTALS           4.01              3.05    0.96     1.05
DAILY AVG.       0.13              0.10    0.03     0.04
DAYS >= .01        10               7.4     2.6        5
DAYS >= .10         6               4.8     1.2        1
DAYS >= .50         3               1.9     1.1        1
DAYS >= 1.00        1               0.9     0.1        0
GREATEST
 24 HR. TOTAL    1.64   09/14 TO 09/15
 STORM TOTAL       MM
 (MM/DD(HH))            MM

DEGREE_DAYS
HEATING TOTAL       9                46     -37        6
 SINCE 7/1          9                47     -38        6
COOLING TOTAL     281               167     114      236
 SINCE 1/1       1667              1366     301     1535
.................................................................

WIND (MPH)
AVERAGE WIND SPEED              4.7
HIGHEST WIND SPEED/DIRECTION    23/260    DATE  09/09
HIGHEST GUST SPEED/DIRECTION    34/330    DATE  09/26

SKY COVER
POSSIBLE SUNSHINE (PERCENT)   MM
AVERAGE SKY COVER           0.20
NUMBER OF DAYS FAIR           23
NUMBER OF DAYS PC              7
NUMBER OF DAYS CLOUDY          0

AVERAGE RH (PERCENT)     69

WEATHER CONDITIONS. NUMBER OF DAYS WITH
THUNDERSTORM              0     MIXED PRECIP               0
HEAVY RAIN                5     RAIN                       6
LIGHT RAIN               11     FREEZING RAIN              0
LT FREEZING RAIN          0     HAIL                       0
HEAVY SNOW                0     SNOW                       0
LIGHT SNOW                0     SLEET                      0
FOG                      18     FOG W/VIS <= 1/4 MILE      1
HAZE                      8

-  INDICATES NEGATIVE NUMBERS.
R  INDICATES RECORD WAS SET OR TIED.
MM INDICATES DATA IS MISSING.
T  INDICATES TRACE AMOUNT.

$$
