000
CXUS53 KPAH 010703
CLMEVV

CLIMATE REPORT
NATIONAL WEATHER SERVICE PADUCAH KY
203 AM CDT TUE JUL 1 2014

...................................

...THE EVANSVILLE ASOS CLIMATE SUMMARY FOR THE MONTH OF JUNE 2014...

CLIMATE NORMAL PERIOD 1981 TO 2010
CLIMATE RECORD PERIOD 1896 TO 2014

WEATHER         OBSERVED          NORMAL  DEPART  LAST YEAR`S
                 VALUE   DATE(S)  VALUE   FROM    VALUE  DATE(S)
                                          NORMAL
................................................................
TEMPERATURE (F)
RECORD
 HIGH             107   06/29/2012
                        06/28/2012
                        02/05/2000
 LOW               41   06/01/1966
                        06/02/1956
HIGHEST            94   06/23        86       8       93  06/27
                        06/19                             06/12
                        06/18
LOWEST             53   06/14        63     -10       50  06/04
AVG. MAXIMUM     85.4              85.6    -0.2     84.5
AVG. MINIMUM     68.3              63.9     4.4     64.7
MEAN             76.8              74.8     2.0     74.6
DAYS MAX >= 90      9               8.1     0.9        7
DAYS MAX <= 32      0               0.0     0.0        0
DAYS MIN <= 32      0               0.0     0.0        0
DAYS MIN <= 0       0               0.0     0.0        0

PRECIPITATION (INCHES)
RECORD
 MAXIMUM        11.44   1900
 MINIMUM         0.15   2012
TOTALS           3.87              3.78    0.09     7.55
DAILY AVG.       0.13              0.13    0.00     0.25
DAYS >= .01        11               9.9     1.1       13
DAYS >= .10         8               6.4     1.6        8
DAYS >= .50         2               2.7    -0.7        3
DAYS >= 1.00        0               1.0    -1.0        2
GREATEST
 24 HR. TOTAL    0.98   06/03 TO 06/04
 STORM TOTAL       MM
 (MM/DD(HH))            MM

DEGREE_DAYS
COOLING TOTAL     362               298      64      296
 SINCE 1/1        573               433     140      467
.................................................................

WIND (MPH)
AVERAGE WIND SPEED              7.0
HIGHEST WIND SPEED/DIRECTION    47/220    DATE  06/23
HIGHEST GUST SPEED/DIRECTION    56/220    DATE  06/23

SKY COVER
POSSIBLE SUNSHINE (PERCENT)   MM
AVERAGE SKY COVER           0.30
NUMBER OF DAYS FAIR           19
NUMBER OF DAYS PC             10
NUMBER OF DAYS CLOUDY          1

AVERAGE RH (PERCENT)     70

WEATHER CONDITIONS. NUMBER OF DAYS WITH
THUNDERSTORM              0     MIXED PRECIP               0
HEAVY RAIN                7     RAIN                       8
LIGHT RAIN               12     FREEZING RAIN              0
LT FREEZING RAIN          0     HAIL                       0
HEAVY SNOW                0     SNOW                       0
LIGHT SNOW                0     SLEET                      0
FOG                      13     FOG W/VIS <= 1/4 MILE      0
HAZE                     14

-  INDICATES NEGATIVE NUMBERS.
R  INDICATES RECORD WAS SET OR TIED.
MM INDICATES DATA IS MISSING.
T  INDICATES TRACE AMOUNT.

$$
