350
CXUS53 KPAH 011910 RRA
CLMEVV

INDCLMEEV 000
TTAA00 KPAH 010637


CLIMATE REPORT
NATIONAL WEATHER SERVICE PADUCAH KY
137 AM CDT THU OCT 1 2015

...................................

...THE EVANSVILLE ASOS CLIMATE SUMMARY FOR THE MONTH OF SEPTEMBER 2015...

CLIMATE NORMAL PERIOD 1981 TO 2010
CLIMATE RECORD PERIOD 1896 TO 2015

WEATHER         OBSERVED          NORMAL  DEPART  LAST YEAR`S
                 VALUE   DATE(S)  VALUE   FROM    VALUE  DATE(S)
                                          NORMAL
................................................................
TEMPERATURE (F)
RECORD
 HIGH             104   09/06/1925
 LOW               31   09/29/1942
                        09/28/1942
HIGHEST            95   09/05        81      14       92  09/05
                        09/04
LOWEST             48   09/14        58     -10       46  09/23
                                                          09/17
AVG. MAXIMUM     84.5              81.3     3.2     80.0
AVG. MINIMUM     60.4              56.8     3.6     57.8
MEAN             72.5              69.1     3.4     68.9
DAYS MAX >= 90      9               4.1     4.9        2
DAYS MAX <= 32      0               0.0     0.0        0
DAYS MIN <= 32      0               0.0     0.0        0
DAYS MIN <= 0       0               0.0     0.0        0

PRECIPITATION (INCHES)
RECORD
 MAXIMUM         9.89   1945
 MINIMUM         0.09   2004
TOTALS           1.05              3.05   -2.00     2.55
DAILY AVG.       0.04              0.10   -0.06     0.09
DAYS >= .01         5               7.4    -2.4        5
DAYS >= .10         1               4.8    -3.8        5
DAYS >= .50         1               1.9    -0.9        2
DAYS >= 1.00        0               0.9    -0.9        0
GREATEST
 24 HR. TOTAL    0.90   09/29 TO 09/29
 STORM TOTAL       MM
 (MM/DD(HH))            MM

DEGREE_DAYS
HEATING TOTAL       6                46     -40       36
 SINCE 7/1          6                47     -41       36
COOLING TOTAL     236               167      69      163
 SINCE 1/1       1535              1366     169     1443
.................................................................

WIND (MPH)
AVERAGE WIND SPEED              4.6
HIGHEST WIND SPEED/DIRECTION    22/050    DATE  09/25
HIGHEST GUST SPEED/DIRECTION    32/360    DATE  09/12

SKY COVER
POSSIBLE SUNSHINE (PERCENT)   MM
AVERAGE SKY COVER           0.20
NUMBER OF DAYS FAIR           23
NUMBER OF DAYS PC              4
NUMBER OF DAYS CLOUDY          3

AVERAGE RH (PERCENT)     67

WEATHER CONDITIONS. NUMBER OF DAYS WITH
THUNDERSTORM              0     MIXED PRECIP               0
HEAVY RAIN                3     RAIN                       3
LIGHT RAIN               10     FREEZING RAIN              0
LT FREEZING RAIN          0     HAIL                       0
HEAVY SNOW                0     SNOW                       0
LIGHT SNOW                0     SLEET                      0
FOG                      23     FOG W/VIS <= 1/4 MILE      1
HAZE                     13

-  INDICATES NEGATIVE NUMBERS.
R  INDICATES RECORD WAS SET OR TIED.
MM INDICATES DATA IS MISSING.
T  INDICATES TRACE AMOUNT.

$$
