000
CXUS53 KPAH 021459
CLMEVV
CLIMATE REPORT
NATIONAL WEATHER SERVICE PADUCAH KY
959 AM CDT THU NOV 02 2023
...................................
...THE EVANSVILLE IN CLIMATE SUMMARY FOR THE MONTH OF OCTOBER 2023...
CLIMATE NORMAL PERIOD 1991 TO 2020
CLIMATE RECORD PERIOD 1896 TO 2023
WEATHER OBSERVED NORMAL DEPART LAST YEAR`S
VALUE DATE(S) VALUE FROM VALUE DATE(S)
NORMAL
................................................................
TEMPERATURE (F)
RECORD
HIGH 96 10/02/2019
LOW 21 10/29/1952
10/22/1952
HIGHEST 88 10/02 82 10/23
10/03
LOWEST 25 10/31 31 10/19
10/20
AVG. MAXIMUM 71.6 70.1 1.5 70.4
AVG. MINIMUM 48.8 47.1 1.7 43.9
MEAN 60.2 58.6 1.6 57.1
DAYS MAX >= 90 0 0.2 -0.2 MM
DAYS MAX <= 32 0 0.0 0.0 MM
DAYS MIN <= 32 1 1.5 -0.5 MM
DAYS MIN <= 0 0 0.0 0.0 MM
PRECIPITATION (INCHES)
RECORD
MAXIMUM 11.19 1910
MINIMUM 0.01 1964
TOTALS 3.02 3.39 -0.37 1.37
DAILY AVG. 0.10 0.11 -0.01 0.04
DAYS >= .01 7 8.3 -1.3 5
DAYS >= .10 3 5.6 -2.6 3
DAYS >= .50 2 2.2 -0.2 2
DAYS >= 1.00 1 0.8 0.2 0
GREATEST
24 HR. TOTAL 1.95 10/28 TO 10/29
SNOWFALL (INCHES)
RECORDS
TOTAL 4.6 1993
TOTALS 0.0 0.2 -0.2 0.0
SINCE 7/1 0.0 0.2 -0.2 MM
SNOWDEPTH AVG. 0 0
DAYS >= TRACE 0
DAYS >= 1.0 0 0.0 0.0 0
GREATEST
SNOW DEPTH 0 0 MM
24 HR TOTAL MM
STORM TOTAL 0.0
(MM/DD(HH))
DEGREE DAYS
HEATING TOTAL 201 237 -36 251
SINCE 7/1 201 271 -70 MM
COOLING TOTAL 60 39 21 17
SINCE 1/1 1535 1523 12 MM
FREEZE DATES
EARLIEST 10/31 MM
LATEST 04/24
................................................................
WIND (MPH)
AVERAGE WIND SPEED 6.2
HIGHEST WIND SPEED/DIRECTION 25/240 DATE 10/21
HIGHEST GUST SPEED/DIRECTION 39/260 DATE 10/13
SKY COVER
POSSIBLE SUNSHINE (PERCENT) MM
AVERAGE SKY COVER 0.35
NUMBER OF DAYS FAIR 19
NUMBER OF DAYS PC 5
NUMBER OF DAYS CLOUDY 7
AVERAGE RH (PERCENT) 67
WEATHER CONDITIONS. NUMBER OF DAYS WITH
THUNDERSTORM 1 MIXED PRECIP 0
HEAVY RAIN 2 RAIN 3
LIGHT RAIN 12 FREEZING RAIN 0
LT FREEZING RAIN 0 HAIL 0
HEAVY SNOW 0 SNOW 0
LIGHT SNOW 0 SLEET 0
FOG 7 FOG W/VIS <= 1/4 MILE 1
HAZE 1
- INDICATES NEGATIVE NUMBERS.
R INDICATES RECORD WAS SET OR TIED.
MM INDICATES DATA IS MISSING.
T INDICATES TRACE AMOUNT.
$$