570
CXUS53 KPAH 011408
CLMEVV

CLIMATE REPORT
NATIONAL WEATHER SERVICE PADUCAH KY
908 AM CDT SUN MAY 1 2016...CORRECTED

...................................

...THE EVANSVILLE ASOS CLIMATE SUMMARY FOR THE MONTH OF APRIL 2016...

CLIMATE NORMAL PERIOD 1981 TO 2010
CLIMATE RECORD PERIOD 1896 TO 2016

WEATHER         OBSERVED          NORMAL  DEPART  LAST YEAR`S
                 VALUE   DATE(S)  VALUE   FROM    VALUE  DATE(S)
                                          NORMAL
................................................................
TEMPERATURE (F)
RECORD
 HIGH              91   04/27/1989
                        04/26/1989
 LOW               23   04/07/1990
                        04/03/1987
HIGHEST            83   04/26        67      16       81  04/09
                        04/18
LOWEST             30   04/05        45     -15       35  04/05
                        04/03
AVG. MAXIMUM     69.0              67.7     1.3     69.5
AVG. MINIMUM     45.9              44.6     1.3     48.7
MEAN             57.5              56.2     1.3     59.1
DAYS MAX >= 90      0               0.0     0.0        0
DAYS MAX <= 32      0               0.0     0.0        0
DAYS MIN <= 32      3               2.8     0.2        0
DAYS MIN <= 0       0               0.0     0.0        0

PRECIPITATION (INCHES)
RECORD
 MAXIMUM        11.83   1996
 MINIMUM         0.40   1915
TOTALS           5.49              4.37    1.12     6.62
DAILY AVG.       0.18              0.15    0.03     0.22
DAYS >= .01        10              11.7    -1.7       12
DAYS >= .10         6               7.4    -1.4       10
DAYS >= .50         4               2.6     1.4        4
DAYS >= 1.00        3               1.2     1.8        2
GREATEST
 24 HR. TOTAL    1.66   04/27 TO 04/27
                        04/26 TO 04/27
                        04/27 TO 04/27
 STORM TOTAL       MM
 (MM/DD(HH))            MM

SNOWFALL (INCHES)
RECORDS
 TOTAL            8.6   1971
TOTALS            0.0               0.1    -0.1      0.0
SINCE 7/1        14.2              11.8     2.4     18.5
SNOWDEPTH AVG.      0                MM      MM        0
DAYS >= TRACE       0
DAYS >= 1.0         0               0.0     0.0        0
GREATEST
 SNOW DEPTH         0   MM                             0  MM
 24 HR TOTAL      0.0   04/30 TO 04/30
 STORM TOTAL       MM
 (MM/DD(HH))            MM

DEGREE_DAYS
HEATING TOTAL     241               289     -48      196
 SINCE 7/1       3464              4455    -991     4651
COOLING TOTAL      21                24      -3       28
 SINCE 1/1         22                27      -5       28
.................................................................

WIND (MPH)
AVERAGE WIND SPEED              6.9
HIGHEST WIND SPEED/DIRECTION    38/220    DATE  04/06
HIGHEST GUST SPEED/DIRECTION    48/260    DATE  04/02

SKY COVER
POSSIBLE SUNSHINE (PERCENT)   MM
AVERAGE SKY COVER           0.30
NUMBER OF DAYS FAIR           17
NUMBER OF DAYS PC             10
NUMBER OF DAYS CLOUDY          3

AVERAGE RH (PERCENT)     64

WEATHER CONDITIONS. NUMBER OF DAYS WITH
THUNDERSTORM              0     MIXED PRECIP               0
HEAVY RAIN                6     RAIN                       5
LIGHT RAIN               12     FREEZING RAIN              0
LT FREEZING RAIN          0     HAIL                       0
HEAVY SNOW                0     SNOW                       0
LIGHT SNOW                0     SLEET                      0
FOG                      12     FOG W/VIS <= 1/4 MILE      4
HAZE                      3

-  INDICATES NEGATIVE NUMBERS.
R  INDICATES RECORD WAS SET OR TIED.
MM INDICATES DATA IS MISSING.
T  INDICATES TRACE AMOUNT.

$$
