000
CXUS53 KPAH 010643
CLMEVV

INDCLMEEV 000
TTAA00 KPAH 010640


CLIMATE REPORT
NATIONAL WEATHER SERVICE PADUCAH KY
139 AM CDT TUE SEP 1 2015

...................................

...THE EVANSVILLE ASOS CLIMATE SUMMARY FOR THE MONTH OF AUGUST 2015...

CLIMATE NORMAL PERIOD 1981 TO 2010
CLIMATE RECORD PERIOD 1896 TO 2015

WEATHER         OBSERVED          NORMAL  DEPART  LAST YEAR`S
                 VALUE   DATE(S)  VALUE   FROM    VALUE  DATE(S)
                                          NORMAL
................................................................
TEMPERATURE (F)
RECORD
 HIGH             105   08/09/1930
                        08/08/1930
 LOW               43   08/29/1986
HIGHEST            94   08/03        87       7       96  08/27
LOWEST             55   08/26        65     -10       58  08/13
                        08/25
AVG. MAXIMUM     85.0              88.0    -3.0     86.8
AVG. MINIMUM     64.7              65.4    -0.7     69.2
MEAN             74.9              76.7    -1.8     78.0
DAYS MAX >= 90      5              11.6    -6.6       11
DAYS MAX <= 32      0               0.0     0.0        0
DAYS MIN <= 32      0               0.0     0.0        0
DAYS MIN <= 0       0               0.0     0.0        0

PRECIPITATION (INCHES)
RECORD
 MAXIMUM         8.51   2005
 MINIMUM         0.13   1943
TOTALS           3.06              2.98    0.08     4.80
DAILY AVG.       0.10              0.10    0.00     0.15
DAYS >= .01         7               6.9     0.1       12
DAYS >= .10         6               4.5     1.5        5
DAYS >= .50         2               1.8     0.2        3
DAYS >= 1.00        1               0.9     0.1        1
GREATEST
 24 HR. TOTAL    1.58   08/19 TO 08/19
 STORM TOTAL       MM
 (MM/DD(HH))            MM

DEGREE_DAYS
COOLING TOTAL     312               363     -51      412
 SINCE 1/1       1299              1199     100     1280
.................................................................

WIND (MPH)
AVERAGE WIND SPEED              4.3
HIGHEST WIND SPEED/DIRECTION    26/260    DATE  08/04
HIGHEST GUST SPEED/DIRECTION    36/260    DATE  08/04

SKY COVER
POSSIBLE SUNSHINE (PERCENT)   MM
AVERAGE SKY COVER           0.20
NUMBER OF DAYS FAIR           24
NUMBER OF DAYS PC              6
NUMBER OF DAYS CLOUDY          1

AVERAGE RH (PERCENT)     72

WEATHER CONDITIONS. NUMBER OF DAYS WITH
THUNDERSTORM              0     MIXED PRECIP               0
HEAVY RAIN                5     RAIN                       5
LIGHT RAIN                9     FREEZING RAIN              0
LT FREEZING RAIN          0     HAIL                       0
HEAVY SNOW                0     SNOW                       0
LIGHT SNOW                0     SLEET                      0
FOG                      22     FOG W/VIS <= 1/4 MILE      2
HAZE                     13

-  INDICATES NEGATIVE NUMBERS.
R  INDICATES RECORD WAS SET OR TIED.
MM INDICATES DATA IS MISSING.
T  INDICATES TRACE AMOUNT.

$$
