469
CXUS53 KPAH 010653
CLMEVV

INDCLMEEV 000
TTAA00 KPAH 010651


CLIMATE REPORT
NATIONAL WEATHER SERVICE PADUCAH KY
1250 AM CST MON FEB 1 2016

...................................

...THE EVANSVILLE ASOS CLIMATE SUMMARY FOR THE MONTH OF JANUARY 2016...

CLIMATE NORMAL PERIOD 1981 TO 2010
CLIMATE RECORD PERIOD 1896 TO 2016

WEATHER         OBSERVED          NORMAL  DEPART  LAST YEAR`S
                 VALUE   DATE(S)  VALUE   FROM    VALUE  DATE(S)
                                          NORMAL
................................................................
TEMPERATURE (F)
RECORD
 HIGH              76   01/24/1943
 LOW              -21   01/17/1982
HIGHEST            68   01/31        39      29       62  01/03
LOWEST              8   01/11        21     -13        3  01/08
AVG. MAXIMUM     43.4              41.0     2.4     41.6
AVG. MINIMUM     24.7              24.0     0.7     24.6
MEAN             34.0              32.5     1.5     33.1
DAYS MAX >= 90      0               0.0     0.0        0
DAYS MAX <= 32      6               6.8    -0.8        7
DAYS MIN <= 32     26              24.0     2.0       27
DAYS MIN <= 0       0               0.9    -0.9        0

PRECIPITATION (INCHES)
RECORD
 MAXIMUM        14.78   1937
 MINIMUM         0.51   1981
TOTALS           2.00              3.10   -1.10     2.97
DAILY AVG.       0.07              0.10   -0.03     0.10
DAYS >= .01         7               9.8    -2.8        9
DAYS >= .10         4               5.6    -1.6        5
DAYS >= .50         1               2.0    -1.0        1
DAYS >= 1.00        1               0.6     0.4        1
GREATEST
 24 HR. TOTAL    1.34   01/09 TO 01/09
 STORM TOTAL       MM
 (MM/DD(HH))            MM

SNOWFALL (INCHES)
RECORDS
 TOTAL           41.0   1918
TOTALS           10.9               3.4     7.5      0.2
SINCE 7/1        10.9               6.9     4.0      2.6
SNOWDEPTH AVG.      1                 2      -1        0
DAYS >= TRACE       8
DAYS >= 1.0         3               1.2     1.8        0
GREATEST
 SNOW DEPTH         5   01/23                          0  MM
 24 HR TOTAL      5.1   MM
 STORM TOTAL       MM
 (MM/DD(HH))            MM

DEGREE_DAYS
HEATING TOTAL     952              1007     -55      983
 SINCE 7/1       2090              2779    -689     2767
.................................................................

WIND (MPH)
AVERAGE WIND SPEED              7.7
HIGHEST WIND SPEED/DIRECTION    28/300    DATE  01/12
HIGHEST GUST SPEED/DIRECTION    38/290    DATE  01/12

SKY COVER
POSSIBLE SUNSHINE (PERCENT)   MM
AVERAGE SKY COVER           0.40
NUMBER OF DAYS FAIR           12
NUMBER OF DAYS PC             11
NUMBER OF DAYS CLOUDY          8

AVERAGE RH (PERCENT)     64

WEATHER CONDITIONS. NUMBER OF DAYS WITH
THUNDERSTORM              0     MIXED PRECIP               0
HEAVY RAIN                1     RAIN                       2
LIGHT RAIN                5     FREEZING RAIN              0
LT FREEZING RAIN          0     HAIL                       0
HEAVY SNOW                2     SNOW                       5
LIGHT SNOW                8     SLEET                      0
FOG                       5     FOG W/VIS <= 1/4 MILE      1
HAZE                     10

-  INDICATES NEGATIVE NUMBERS.
R  INDICATES RECORD WAS SET OR TIED.
MM INDICATES DATA IS MISSING.
T  INDICATES TRACE AMOUNT.

$$
