000
CXUS53 KPAH 011155
CLMEVV

INDCLMEEV 000
TTAA00 KPAH 011148


CLIMATE REPORT
NATIONAL WEATHER SERVICE PADUCAH KY
646 AM CDT THU JUN 1 2017

...................................

...THE EVANSVILLE ASOS CLIMATE SUMMARY FOR THE MONTH OF MAY 2017...

CLIMATE NORMAL PERIOD 1981 TO 2010
CLIMATE RECORD PERIOD 1896 TO 2017

WEATHER         OBSERVED          NORMAL  DEPART  LAST YEAR`S
                 VALUE   DATE(S)  VALUE   FROM    VALUE  DATE(S)
                                          NORMAL
................................................................
TEMPERATURE (F)
RECORD
 HIGH              98   05/29/1911
                        05/28/1911
 LOW               28   05/01/1963
HIGHEST            92   05/19        77      15       88  05/30
LOWEST             40   05/07        54     -14       39  05/15
AVG. MAXIMUM     78.6              76.9     1.7     73.6
AVG. MINIMUM     56.7              54.5     2.2     53.9
MEAN             67.7              65.7     2.0     63.7
DAYS MAX >= 90      1               0.9     0.1        0
DAYS MAX <= 32      0               0.0     0.0        0
DAYS MIN <= 32      0               0.0     0.0        0
DAYS MIN <= 0       0               0.0     0.0        0

PRECIPITATION (INCHES)
RECORD
 MAXIMUM        13.51   1995
 MINIMUM         0.59   1913
TOTALS           3.99              5.36   -1.37     4.05
DAILY AVG.       0.13              0.17   -0.04     0.13
DAYS >= .01        12              12.5    -0.5       15
DAYS >= .10         5               8.2    -3.2       10
DAYS >= .50         3               3.9    -0.9        3
DAYS >= 1.00        1               1.4    -0.4        0
GREATEST
 24 HR. TOTAL    1.47   05/05 TO 05/05
 STORM TOTAL       MM
 (MM/DD(HH))            MM

DEGREE_DAYS
COOLING TOTAL     164               108      56       83
 SINCE 1/1        225               135      90      105
.................................................................

WIND (MPH)
AVERAGE WIND SPEED              8.0
HIGHEST WIND SPEED/DIRECTION    31/010    DATE  05/04
HIGHEST GUST SPEED/DIRECTION    43/360    DATE  05/04

SKY COVER
POSSIBLE SUNSHINE (PERCENT)   MM
AVERAGE SKY COVER           0.40
NUMBER OF DAYS FAIR           16
NUMBER OF DAYS PC             12
NUMBER OF DAYS CLOUDY          3

AVERAGE RH (PERCENT)     65

WEATHER CONDITIONS. NUMBER OF DAYS WITH
THUNDERSTORM              0     MIXED PRECIP               0
HEAVY RAIN                4     RAIN                       6
LIGHT RAIN               12     FREEZING RAIN              0
LT FREEZING RAIN          0     HAIL                       0
HEAVY SNOW                0     SNOW                       0
LIGHT SNOW                0     SLEET                      0
FOG                      12     FOG W/VIS <= 1/4 MILE      1
HAZE                      5

-  INDICATES NEGATIVE NUMBERS.
R  INDICATES RECORD WAS SET OR TIED.
MM INDICATES DATA IS MISSING.
T  INDICATES TRACE AMOUNT.

$$
