000
CXUS53 KPAH 020115
CLMEVV

INDCLMEEV 000
TTAA00 KPAH 020103


CLIMATE REPORT
NATIONAL WEATHER SERVICE PADUCAH KY
755 PM CDT MON JUN 1 2015

...................................

...THE EVANSVILLE ASOS CLIMATE SUMMARY FOR THE MONTH OF MAY 2015...

CLIMATE NORMAL PERIOD 1981 TO 2010
CLIMATE RECORD PERIOD 1896 TO 2015

WEATHER         OBSERVED          NORMAL  DEPART  LAST YEAR`S
                 VALUE   DATE(S)  VALUE   FROM    VALUE  DATE(S)
                                          NORMAL
................................................................
TEMPERATURE (F)
RECORD
 HIGH              98   05/29/1911
                        05/28/1911
 LOW               28   05/01/1963
HIGHEST            88   05/08        77      11       89  05/27
                                                          05/26
LOWEST             42   05/01        54     -12       42  05/18
                                                          05/17
AVG. MAXIMUM     78.0              76.9     1.1     78.5
AVG. MINIMUM     58.4              54.5     3.9     58.3
MEAN             68.2              65.7     2.5     68.4
DAYS MAX >= 90      0               0.9    -0.9        0
DAYS MAX <= 32      0               0.0     0.0        0
DAYS MIN <= 32      0               0.0     0.0        0
DAYS MIN <= 0       0               0.0     0.0        0

PRECIPITATION (INCHES)
RECORD
 MAXIMUM        13.51   1995
 MINIMUM         0.46   2002
TOTALS           3.44              5.36   -1.92     3.72
DAILY AVG.       0.11              0.17   -0.06     0.12
DAYS >= .01        13              12.5     0.5        9
DAYS >= .10        12               8.2     3.8        5
DAYS >= .50         1               3.9    -2.9        2
DAYS >= 1.00        0               1.4    -1.4        2
GREATEST
 24 HR. TOTAL    0.75   05/08 TO 05/09
 STORM TOTAL       MM
 (MM/DD(HH))

DEGREE_DAYS
COOLING TOTAL     163               108      55      201
 SINCE 1/1        191               135      56      211
.................................................................

WIND (MPH)
AVERAGE WIND SPEED              6.8
HIGHEST WIND SPEED/DIRECTION    37/220    DATE  05/30
HIGHEST GUST SPEED/DIRECTION    48/220    DATE  05/30

SKY COVER
POSSIBLE SUNSHINE (PERCENT)   MM
AVERAGE SKY COVER           0.30
NUMBER OF DAYS FAIR           18
NUMBER OF DAYS PC             11
NUMBER OF DAYS CLOUDY          2

AVERAGE RH (PERCENT)     69

WEATHER CONDITIONS. NUMBER OF DAYS WITH
THUNDERSTORM              0     MIXED PRECIP               0
HEAVY RAIN                8     RAIN                       7
LIGHT RAIN               16     FREEZING RAIN              0
LT FREEZING RAIN          0     HAIL                       0
HEAVY SNOW                0     SNOW                       0
LIGHT SNOW                0     SLEET                      0
FOG                      21     FOG W/VIS <= 1/4 MILE      1
HAZE                     15

-  INDICATES NEGATIVE NUMBERS.
R  INDICATES RECORD WAS SET OR TIED.
MM INDICATES DATA IS MISSING.
T  INDICATES TRACE AMOUNT.

$$
