000
CXUS53 KPAH 012323
CLMEVV
CLIMATE REPORT
NATIONAL WEATHER SERVICE PADUCAH KY
523 PM CST MON JAN 01 2024
...................................
...THE EVANSVILLE IN CLIMATE SUMMARY FOR THE MONTH OF DECEMBER 2023...
CLIMATE NORMAL PERIOD 1991 TO 2020
CLIMATE RECORD PERIOD 1896 TO 2023
WEATHER OBSERVED NORMAL DEPART LAST YEAR`S
VALUE DATE(S) VALUE FROM VALUE DATE(S)
NORMAL
................................................................
TEMPERATURE (F)
RECORD
HIGH 77 12/02/1982
LOW -15 12/22/1989
HIGHEST 65 12/09 60 12/29
12/24
LOWEST 19 12/19 -6 12/23
AVG. MAXIMUM 51.9 45.6 6.3 44.2
AVG. MINIMUM 33.7 29.5 4.2 28.9
MEAN 42.9 37.5 5.4 36.6
DAYS MAX >= 90 0 0.0 0.0 0
DAYS MAX <= 32 0 4.0 -4.0 5
DAYS MIN <= 32 15 19.8 -4.8 18
DAYS MIN <= 0 0 0.2 -0.2 2
PRECIPITATION (INCHES)
RECORD
MAXIMUM 8.23 1982
MINIMUM 0.56 1976
TOTALS 1.97 3.78 -1.81 3.60
DAILY AVG. 0.06 0.12 -0.06 0.12
DAYS >= .01 11 10.4 0.6 12
DAYS >= .10 5 6.7 -1.7 6
DAYS >= .50 0 2.7 -2.7 3
DAYS >= 1.00 0 1.1 -1.1 1
GREATEST
24 HR. TOTAL 0.47 12/25 TO 12/25
SNOWFALL (INCHES)
RECORDS
TOTAL 25.1 1917
TOTALS T 2.8 -2.8 3.4
SINCE 7/1 T 3.2 -3.2 MM
SNOWDEPTH AVG. 0 0
DAYS >= TRACE 3
DAYS >= 1.0 0 0.8 -0.8 1
GREATEST
SNOW DEPTH 0 2 12/23
12/24
12/25
24 HR TOTAL MM
STORM TOTAL 0.0
(MM/DD(HH))
DEGREE DAYS
HEATING TOTAL 610 851 -241 875
SINCE 7/1 1305 1684 -379 MM
FREEZE DATES
EARLIEST 10/31
LATEST 04/24
................................................................
WIND (MPH)
AVERAGE WIND SPEED 6.3
HIGHEST WIND SPEED/DIRECTION 24/250 DATE 12/03
HIGHEST GUST SPEED/DIRECTION 36/310 DATE 12/18
SKY COVER
POSSIBLE SUNSHINE (PERCENT) MM
AVERAGE SKY COVER 0.53
NUMBER OF DAYS FAIR 9
NUMBER OF DAYS PC 12
NUMBER OF DAYS CLOUDY 10
AVERAGE RH (PERCENT) 69
WEATHER CONDITIONS. NUMBER OF DAYS WITH
THUNDERSTORM 0 MIXED PRECIP 0
HEAVY RAIN 3 RAIN 6
LIGHT RAIN 12 FREEZING RAIN 0
LT FREEZING RAIN 0 HAIL 1
HEAVY SNOW 0 SNOW 0
LIGHT SNOW 1 SLEET 0
FOG 12 FOG W/VIS <= 1/4 MILE 0
HAZE 2
- INDICATES NEGATIVE NUMBERS.
R INDICATES RECORD WAS SET OR TIED.
MM INDICATES DATA IS MISSING.
T INDICATES TRACE AMOUNT.
[REMARKS]: 8TH WARMEST DECEMBER ON RECORD IN EVANSVILLE.
$$