000
CXUS53 KPAH 020036
CLMEVV

INDCLMEEV 000
TTAA00 KPAH 020032


CLIMATE REPORT
NATIONAL WEATHER SERVICE PADUCAH KY
730 PM CDT THU MAY 1 2014

...................................

...THE EVANSVILLE ASOS CLIMATE SUMMARY FOR THE MONTH OF APRIL 2014...

CLIMATE NORMAL PERIOD 1981 TO 2010
CLIMATE RECORD PERIOD 1896 TO 2014

WEATHER         OBSERVED          NORMAL  DEPART  LAST YEAR`S
                 VALUE   DATE(S)  VALUE   FROM    VALUE  DATE(S)
                                          NORMAL
................................................................
TEMPERATURE (F)
RECORD
 HIGH              91   04/27/1989
                        04/26/1989
 LOW               23   04/07/1990
                        04/03/1987
HIGHEST            81   04/27        67      14       85  04/17
LOWEST             32   04/16        45     -13       26  04/03
AVG. MAXIMUM     68.3              67.7     0.6     67.6
AVG. MINIMUM     47.8              44.6     3.2     44.0
MEAN             58.0              56.1     1.9     55.8
DAYS MAX >= 90      0               0.0     0.0        0
DAYS MAX <= 32      0               0.0     0.0        0
DAYS MIN <= 32      1               2.8    -1.8        4
DAYS MIN <= 0       0               0.0     0.0        0

PRECIPITATION (INCHES)
RECORD
 MAXIMUM        11.83   1996
 MINIMUM         0.40   1915
TOTALS          10.97              4.37    6.60     3.86
DAILY AVG.       0.37              0.15    0.22     0.13
DAYS >= .01        13              11.7     1.3        8
DAYS >= .10         9               7.4     1.6        4
DAYS >= .50         7               2.6     4.4        2
DAYS >= 1.00        2               1.2     0.8        2
GREATEST
 24 HR. TOTAL    5.50   04/03 TO 04/04
 STORM TOTAL       MM
 (MM/DD(HH))            MM

SNOWFALL (INCHES)
RECORDS
 TOTAL            8.6   1971
TOTALS            0.0               0.1    -0.1      0.0
SINCE 7/1        12.6              11.8     0.8     12.3
SNOWDEPTH AVG.      0                MM      MM        0
DAYS >= TRACE       0
DAYS >= 1.0         0               0.0     0.0        0
GREATEST
 SNOW DEPTH         0   MM                             0  MM
 24 HR TOTAL      0.0   04/30 TO 04/30
 STORM TOTAL       MM
 (MM/DD(HH))            MM

DEGREE_DAYS
HEATING TOTAL     213               289     -76      304
 SINCE 7/1       4888              4455     433     4448
COOLING TOTAL      10                24     -14       34
 SINCE 1/1         10                27     -17       34
.................................................................

WIND (MPH)
AVERAGE WIND SPEED              7.9
HIGHEST WIND SPEED/DIRECTION    37/210    DATE  04/29
HIGHEST GUST SPEED/DIRECTION    48/200    DATE  04/29

SKY COVER
POSSIBLE SUNSHINE (PERCENT)   MM
AVERAGE SKY COVER           0.30
NUMBER OF DAYS FAIR           16
NUMBER OF DAYS PC             10
NUMBER OF DAYS CLOUDY          4

AVERAGE RH (PERCENT)     62

WEATHER CONDITIONS. NUMBER OF DAYS WITH
THUNDERSTORM              0     MIXED PRECIP               0
HEAVY RAIN                7     RAIN                      11
LIGHT RAIN               14     FREEZING RAIN              0
LT FREEZING RAIN          0     HAIL                       0
HEAVY SNOW                0     SNOW                       0
LIGHT SNOW                1     SLEET                      0
FOG                      13     FOG W/VIS <= 1/4 MILE      0
HAZE                     15

-  INDICATES NEGATIVE NUMBERS.
R  INDICATES RECORD WAS SET OR TIED.
MM INDICATES DATA IS MISSING.
T  INDICATES TRACE AMOUNT.

$$
