000
CXUS53 KPAH 010845
CLSEVV

CLIMATE REPORT
NATIONAL WEATHER SERVICE PADUCAH KY
236 AM CST WED MAR 1 2017

...................................

...THE EVANSVILLE IN CLIMATE SUMMARY FOR THE WINTER SEASON,
FROM 12/1/2016 TO 2/28/2017...

CLIMATE NORMAL PERIOD 1981 TO 2010
CLIMATE RECORD PERIOD 1896 TO 2017

WEATHER         OBSERVED          NORMAL  DEPART
                 VALUE   DATE(S)  VALUE   FROM
                                          NORMAL
................................................
TEMPERATURE (F)
RECORD
 HIGH              79   02/24/2017
                        02/13/1962
 LOW              -23   02/02/1951
HIGHEST            79R  02/24        42      37
LOWEST              5   01/07        24     -19
AVG. MAXIMUM     49.7              43.6     6.1
AVG. MINIMUM     31.9              26.1     5.8
MEAN             40.8              34.8     6.0
DAYS MAX >= 90      0               0.0     0.0
DAYS MAX <= 32      9              14.8    -5.8
DAYS MIN <= 32     46              64.5   -18.5
DAYS MIN <= 0       0               1.8    -1.8

PRECIPITATION (INCHES)
RECORD
 MAXIMUM        24.38   1949
 MINIMUM         3.76   1976
TOTALS           7.19             10.03   -2.84
DAILY AVG.       0.08              0.11   -0.03
DAYS >= .01        33              29.5     3.5
DAYS >= .10        19              18.3     0.7
DAYS >= .50         4               6.7    -2.7
DAYS >= 1.00        0               2.4    -2.4
GREATEST
 24 HR. TOTAL    0.98   MM
 STORM TOTAL       MM
 (MM/DD(HH))            MM

SNOWFALL (INCHES)
TOTALS            0.4
 LIQUID EQUIV    0.04
SINCE 7/1         0.4
 LIQUID 7/1      0.04
SNOWDEPTH AVG.      0
DAYS >= TRACE      11
DAYS >= 1.0         0
GREATEST
 SNOW DEPTH         0   MM
 24 HR TOTAL      0.4   MM
 STORM TOTAL       MM
 (MM/DD(HH))            MM

DEGREE_DAYS
HEATING TOTAL    2169              2714    -545
 SINCE 7/1       2699              3574    -875
COOLING TOTAL       0                 0       0
 SINCE 1/1          0                 0       0

FREEZE DATES
RECORD
 EARLIEST     10/03/1974
 LATEST       05/10/1966
EARLIEST                        10/23
LATEST                          04/10
.................................................

WIND (MPH)
AVERAGE WIND SPEED              7.3
HIGHEST WIND SPEED/DIRECTION    33/200    DATE  01/10
HIGHEST GUST SPEED/DIRECTION    49/190    DATE  01/10

SKY COVER
POSSIBLE SUNSHINE (PERCENT)   MM
AVERAGE SKY COVER           0.50
NUMBER OF DAYS FAIR           38
NUMBER OF DAYS PC             21
NUMBER OF DAYS CLOUDY         31

AVERAGE RH (PERCENT)     69

WEATHER CONDITIONS. NUMBER OF DAYS WITH
THUNDERSTORM              0     MIXED PRECIP               0
HEAVY RAIN               14     RAIN                      16
LIGHT RAIN               35     FREEZING RAIN              1
LT FREEZING RAIN          1     HAIL                       0
HEAVY SNOW                0     SNOW                       0
LIGHT SNOW                8     SLEET                      0
FOG                      39     FOG W/VIS <= 1/4 MILE      8
HAZE                     16

-  INDICATES NEGATIVE NUMBERS.
R  INDICATES RECORD WAS SET OR TIED.
MM INDICATES DATA IS MISSING.
T  INDICATES TRACE AMOUNT.

$$
