000
CXUS53 KPAH 020229
CLSEVV

INDCLMEWS 000
TTAA00 KPAH 020227


CLIMATE REPORT
NATIONAL WEATHER SERVICE PADUCAH KY
923 PM CDT SUN JUN 1 2014

...................................

...THE EVANSVILLE IN CLIMATE SUMMARY FOR THE SPRING SEASON,
FROM MAR 1ST, 2014 TO MAY 31ST, 2014...

CLIMATE NORMAL PERIOD 1981 TO 2010
CLIMATE RECORD PERIOD 1896 TO 2014

WEATHER         OBSERVED          NORMAL  DEPART
                 VALUE   DATE(S)  VALUE   FROM
                                          NORMAL
................................................
TEMPERATURE (F)
RECORD
 HIGH              98   05/29/1911
                        05/28/1911
 LOW               -9   03/06/1960
HIGHEST            89   05/27        67      22
                        05/26
LOWEST             11   03/04        45     -34
AVG. MAXIMUM     66.7              67.1    -0.4
AVG. MINIMUM     45.5              44.8     0.7
MEAN             56.1              56.0     0.1
DAYS MAX >= 90      0               0.9    -0.9
DAYS MAX <= 32      1               0.5     0.5
DAYS MIN <= 32     19              15.2     3.8
DAYS MIN <= 0       0               0.0     0.0

PRECIPITATION (INCHES)
RECORD
 MAXIMUM        25.01   2011
 MINIMUM         0.01   1910
TOTALS          17.54             13.97    3.57
DAILY AVG.       0.19              0.15    0.04
DAYS >= .01        32              34.8    -2.8
DAYS >= .10        20              22.7    -2.7
DAYS >= .50        12               9.5     2.5
DAYS >= 1.00        4               3.6     0.4
GREATEST
 24 HR. TOTAL    5.50   MM
 STORM TOTAL       MM
 (MM/DD(HH))            MM

SNOWFALL (INCHES)
TOTALS            2.6
 LIQUID EQUIV    0.26
SINCE 7/1        12.6
 LIQUID 7/1      1.26
SNOWDEPTH AVG.      0
DAYS >= TRACE       5
DAYS >= 1.0         1
GREATEST
 SNOW DEPTH         2   03/04
                        03/03
 24 HR TOTAL      1.7   MM
 STORM TOTAL       MM
 (MM/DD(HH))            MM

DEGREE_DAYS
HEATING TOTAL    1018               967      51
 SINCE 7/1         MM              4541      MM
COOLING TOTAL     211               134      77
 SINCE 1/1        211               135      76

FREEZE DATES
RECORD
 EARLIEST     10/03/1974
 LATEST       05/10/1966
EARLIEST                        10/23
LATEST                          04/10
.................................................

WIND (MPH)
AVERAGE WIND SPEED              7.9
HIGHEST WIND SPEED/DIRECTION    48/230    DATE  05/09
HIGHEST GUST SPEED/DIRECTION    67/240    DATE  05/09

SKY COVER
POSSIBLE SUNSHINE (PERCENT)   MM
AVERAGE SKY COVER           0.30
NUMBER OF DAYS FAIR           55
NUMBER OF DAYS PC             25
NUMBER OF DAYS CLOUDY         12

AVERAGE RH (PERCENT)     63

WEATHER CONDITIONS. NUMBER OF DAYS WITH
THUNDERSTORM              0     MIXED PRECIP               0
HEAVY RAIN               15     RAIN                      19
LIGHT RAIN               36     FREEZING RAIN              0
LT FREEZING RAIN          0     HAIL                       0
HEAVY SNOW                0     SNOW                       1
LIGHT SNOW                7     SLEET                      2
FOG                      40     FOG W/VIS <= 1/4 MILE      1
HAZE                     52

-  INDICATES NEGATIVE NUMBERS.
R  INDICATES RECORD WAS SET OR TIED.
MM INDICATES DATA IS MISSING.
T  INDICATES TRACE AMOUNT.

$$
