000
CXUS53 KPAH 091612
CLSEVV

INDCLMEWS 000
TTAA00 KPAH 091609


CLIMATE REPORT
NATIONAL WEATHER SERVICE PADUCAH KY
943 AM CST FRI MAR 9 2012

...................................

...THE EVANSVILLE IN CLIMATE SUMMARY FOR THE WINTER SEASON, FROM
12/1/2011 TO 2/29/2012...

CLIMATE NORMAL PERIOD 1981 TO 2010
CLIMATE RECORD PERIOD 1896 TO 2012

WEATHER         OBSERVED          NORMAL  DEPART
                 VALUE   DATE(S)  VALUE   FROM
                                          NORMAL
................................................
TEMPERATURE (F)
RECORD
 HIGH              79   02/13/1962
 LOW              -23   02/02/1951
HIGHEST            70   02/29        42      28
LOWEST             12   01/14        24     -12
AVG. MAXIMUM     48.8              43.6     5.2
AVG. MINIMUM     30.4              26.1     4.3
MEAN             39.6              34.8     4.8
DAYS MAX >= 90      0               0.0     0.0
DAYS MAX <= 32      3              14.8   -11.8
DAYS MIN <= 32     57              64.5    -7.5
DAYS MIN <= 0       0               1.8    -1.8

PRECIPITATION (INCHES)
RECORD
 MAXIMUM        14.78   1937
 MINIMUM         0.27   1947
TOTALS          11.18             10.03    1.15
DAILY AVG.       0.12              0.11    0.01
DAYS >= .01        34              29.5     4.5
DAYS >= .10        22              18.3     3.7
DAYS >= .50         9               6.7     2.3
DAYS >= 1.00        2               2.4    -0.4
GREATEST
 24 HR. TOTAL    2.67   MM
 STORM TOTAL       MM
 (MM/DD(HH))            MM

SNOWFALL (INCHES)
TOTALS            0.4
 LIQUID EQUIV    0.04
SINCE 7/1         0.5
 LIQUID 7/1      0.05
SNOWDEPTH AVG.      0
DAYS >= TRACE      10
DAYS >= 1.0         0
GREATEST
 SNOW DEPTH         0   MM
 24 HR TOTAL      0.2   MM
 STORM TOTAL       MM
 (MM/DD(HH))            MM

DEGREE_DAYS
HEATING TOTAL    2295              2714    -419
 SINCE 7/1       3029              3598    -569
COOLING TOTAL       0                 0       0
 SINCE 1/1          0                 0       0

FREEZE DATES
RECORD
 EARLIEST     10/03/1974
 LATEST       05/10/1966
EARLIEST                        10/23
LATEST                          04/10
.................................................

WIND (MPH)
AVERAGE WIND SPEED              6.9
HIGHEST WIND SPEED/DIRECTION    36/260    DATE  01/22
HIGHEST GUST SPEED/DIRECTION    48/270    DATE  01/22

SKY COVER
POSSIBLE SUNSHINE (PERCENT)   MM
AVERAGE SKY COVER           0.50
NUMBER OF DAYS FAIR           40
NUMBER OF DAYS PC             21
NUMBER OF DAYS CLOUDY         30

AVERAGE RH (PERCENT)     71

WEATHER CONDITIONS. NUMBER OF DAYS WITH
THUNDERSTORM              0     MIXED PRECIP               0
HEAVY RAIN               13     RAIN                      17
LIGHT RAIN               41     FREEZING RAIN              0
LT FREEZING RAIN          0     HAIL                       0
HEAVY SNOW                0     SNOW                       2
LIGHT SNOW               10     SLEET                      0
FOG                      50     FOG W/VIS <= 1/4 MILE      6
HAZE                     21

-  INDICATES NEGATIVE NUMBERS.
R  INDICATES RECORD WAS SET OR TIED.
MM INDICATES DATA IS MISSING.
T  INDICATES TRACE AMOUNT.

&&

RMKS: THE AVERAGE TEMPERATURE OF 39.6 DEGREES MAKES THIS THE 5TH
WARMEST WINTER SEASON ON RECORD. THE RECORD WAS SET FOR THE WINTER
SEASON OF 1932 WITH AN AVERAGE TEMPERATURE OF 45.0 DEGREES.

$$
