000
CXUS53 KPAH 010741
CLSEVV

INDCLMEWS 000
TTAA00 KPAH 010734


CLIMATE REPORT
NATIONAL WEATHER SERVICE PADUCAH KY
134 AM CST THU DEC 1 2011

...................................

...THE EVANSVILLE IN CLIMATE SUMMARY FOR THE SEASON, FROM
9/1/2011 TO 11/30/2011...

CLIMATE NORMAL PERIOD 1981 TO 2010
CLIMATE RECORD PERIOD 1896 TO 2011

WEATHER         OBSERVED          NORMAL  DEPART
                 VALUE   DATE(S)  VALUE   FROM
                                          NORMAL
................................................
TEMPERATURE (F)
RECORD
 HIGH             104   09/06/1925
 LOW               -3   11/25/1950
HIGHEST           100   09/03        69      31
                        09/02
LOWEST             26   11/30         0      26
                        11/18
AVG. MAXIMUM     68.9              69.2    -0.3
AVG. MINIMUM     47.6              46.2     1.4
MEAN             58.3              57.7     0.6
DAYS MAX >= 90      4               4.3    -0.3
DAYS MAX <= 32      0               0.2    -0.2
DAYS MIN <= 32      5              13.0    -8.0
DAYS MIN <= 0       0               0.0     0.0

PRECIPITATION (INCHES)
RECORD
 MAXIMUM        15.11   2001
 MINIMUM         0.01   1964
TOTALS          19.01             10.63    8.38
DAILY AVG.       0.21              0.12    0.09
DAYS >= .01        30              25.4     4.6
DAYS >= .10        25              16.8     8.2
DAYS >= .50        14               7.3     6.7
DAYS >= 1.00        5               2.9     2.1
GREATEST
 24 HR. TOTAL    3.18   MM
 STORM TOTAL       MM
 (MM/DD(HH))            MM

SNOWFALL (INCHES)
TOTALS            0.1
 LIQUID EQUIV    0.01
SINCE 7/1         0.1
 LIQUID 7/1      0.01
SNOWDEPTH AVG.      0
DAYS >= TRACE       1
DAYS >= 1.0         0
GREATEST
 SNOW DEPTH         0   MM
 24 HR TOTAL      0.1   MM
 STORM TOTAL       MM
 (MM/DD(HH))            MM

DEGREE_DAYS
HEATING TOTAL     734               861    -127
 SINCE 7/1        734               861    -127
COOLING TOTAL     141               198     -57
 SINCE 1/1       1646              1397     249

FREEZE DATES
RECORD
 EARLIEST     10/03/1974
 LATEST       05/10/1966
EARLIEST                        10/23
LATEST                          04/10
.................................................

WIND (MPH)
AVERAGE WIND SPEED              6.3
HIGHEST WIND SPEED/DIRECTION    45/230    DATE  11/14
HIGHEST GUST SPEED/DIRECTION    62/220    DATE  11/14

SKY COVER
POSSIBLE SUNSHINE (PERCENT)   MM
AVERAGE SKY COVER           0.40
NUMBER OF DAYS FAIR           47
NUMBER OF DAYS PC             20
NUMBER OF DAYS CLOUDY         24

AVERAGE RH (PERCENT)     67

WEATHER CONDITIONS. NUMBER OF DAYS WITH
THUNDERSTORM              0     MIXED PRECIP               0
HEAVY RAIN               17     RAIN                      25
LIGHT RAIN               38     FREEZING RAIN              0
LT FREEZING RAIN          0     HAIL                       0
HEAVY SNOW                1     SNOW                       1
LIGHT SNOW                1     SLEET                      0
FOG                      50     FOG W/VIS <= 1/4 MILE      8
HAZE                     27

-  INDICATES NEGATIVE NUMBERS.
R  INDICATES RECORD WAS SET OR TIED.
MM INDICATES DATA IS MISSING.
T  INDICATES TRACE AMOUNT.

&&

REMARKS: 2ND WETTEST FALL SEASON ON RECORD. WETTEST FALL 2006 WITH
19.16 INCHES. 4TH WETTEST SEP WITH 8.20 INCHES. 4TH WETTEST NOV
WITH 8.32 INCHES.

$$
