000
CXUS53 KPAH 021456
CLSEVV
CLIMATE REPORT
NATIONAL WEATHER SERVICE PADUCAH
856 AM CST THU DEC 02 2021
...................................
...THE EVANSVILLE IN CLIMATE SUMMARY FOR THE SEASON, FROM
9/1/2021 TO 11/30/2021...
CLIMATE NORMAL PERIOD 1991 TO 2020
CLIMATE RECORD PERIOD 1896 TO 2021
WEATHER OBSERVED NORMAL DEPART LAST YEAR`S
VALUE DATE(S) VALUE FROM VALUE
NORMAL
..............................................................
TEMPERATURE (F)
RECORD
HIGH 104 09/06/1925
LOW -3 11/25/1950
HIGHEST 89 09/13 69 20
09/14
09/18
09/28
LOWEST 20 11/23 0 20
AVG. MAXIMUM 70.2 69.4 0.8
AVG. MINIMUM 48.3 47.4 0.9
MEAN 59.2 58.4 0.8
DAYS MAX >= 90 0 5.7 -5.7
DAYS MAX <= 32 0 0.4 -0.4
DAYS MIN <= 32 17 13.5 3.5
DAYS MIN <= 0 0 0.0 0.0
PRECIPITATION (INCHES)
RECORD
MAXIMUM 19.16 2006
MINIMUM 2.95 1963
TOTALS 9.79 10.81 -1.02
DAILY AVG. 0.11 0.12 -0.01
DAYS >= .01 24 25.4 -1.4
DAYS >= .10 19 16.9 2.1
DAYS >= .50 9 7.1 1.9
DAYS >= 1.00 2 3.0 -1.0
GREATEST
24 HR. TOTAL 1.96
STORM TOTAL 1.29
(MM/DD(HH))
SNOWFALL (INCHES)
TOTALS 0.0
LIQUID EQUIV 0.00
SINCE 7/1 0.0
LIQUID 7/1 0.00
SNOWDEPTH AVG. 0
DAYS >= TRACE 0
DAYS >= 1.0 0
GREATEST
SNOW DEPTH 0
24 HR TOTAL 0.0
STORM TOTAL 0.0
(MM/DD(HH))
DEGREE DAYS
HEATING TOTAL 819 833 -14
SINCE 7/1 819 832 -13
COOLING TOTAL 319 232 87
SINCE 1/1 1614 1525 89
FREEZE DATES
RECORD
EARLIEST 10/03/1974
LATEST 05/10/1966
EARLIEST 11/03
LATEST 04/22
..............................................................
WIND (MPH)
AVERAGE WIND SPEED 5.8
HIGHEST WIND SPEED/DIRECTION 29/260 DATE 10/15
29/230 11/12
HIGHEST GUST SPEED/DIRECTION 41/250 DATE 10/25
SKY COVER
POSSIBLE SUNSHINE (PERCENT) MM
AVERAGE SKY COVER 0.31
NUMBER OF DAYS FAIR 56
NUMBER OF DAYS PC 23
NUMBER OF DAYS CLOUDY 12
AVERAGE RH (PERCENT) 71
WEATHER CONDITIONS. NUMBER OF DAYS WITH
THUNDERSTORM 8 MIXED PRECIP 0
HEAVY RAIN 13 RAIN 22
LIGHT RAIN 31 FREEZING RAIN 0
LT FREEZING RAIN 0 HAIL 0
HEAVY SNOW 0 SNOW 0
LIGHT SNOW 0 SLEET 0
FOG 45 FOG W/VIS <= 1/4 MILE 10
HAZE 2
- INDICATES NEGATIVE NUMBERS.
R INDICATES RECORD WAS SET OR TIED.
MM INDICATES DATA IS MISSING.
T INDICATES TRACE AMOUNT.
$$