000
CXUS53 KPAH 130317
CLSEVV

INDCLMEWS 000
TTAA00 KPAH 130316


CLIMATE REPORT
NATIONAL WEATHER SERVICE PADUCAH KY
1006 PM CDT WED SEP 12 2012

...................................

...THE EVANSVILLE IN CLIMATE SUMMARY FOR THE SUMMER SEASON, FROM
6/1/2012 TO 8/31/2012...

CLIMATE NORMAL PERIOD 1981 TO 2010
CLIMATE RECORD PERIOD 1896 TO 2012

WEATHER         OBSERVED          NORMAL  DEPART
                 VALUE   DATE(S)  VALUE   FROM
                                          NORMAL
................................................
TEMPERATURE (F)
RECORD
 HIGH             111   07/28/1930
 LOW               41   06/01/1966
                        06/02/1956
HIGHEST           107   07/05        88      19
                        06/29
                        06/28
LOWEST             49   06/02        65     -16
                        06/01
AVG. MAXIMUM     92.2              87.4     4.8
AVG. MINIMUM     66.0              65.6     0.4
MEAN             79.1              76.5     2.6
DAYS MAX >= 90     58              32.8    25.2
DAYS MAX <= 32      0               0.0     0.0
DAYS MIN <= 32      0               0.0     0.0
DAYS MIN <= 0       0               0.0     0.0

PRECIPITATION (INCHES)
RECORD
 MAXIMUM        13.80   2011
 MINIMUM         0.13   1943
TOTALS           6.59             10.68   -4.09
DAILY AVG.       0.07              0.12   -0.05
DAYS >= .01        16              25.8    -9.8
DAYS >= .10        13              17.1    -4.1
DAYS >= .50         3               7.3    -4.3
DAYS >= 1.00        1               3.0    -2.0
GREATEST
 24 HR. TOTAL    2.31   MM
 STORM TOTAL       MM
 (MM/DD(HH))            MM

SNOWFALL (INCHES)
TOTALS            0.0
 LIQUID EQUIV    0.00
SINCE 7/1         0.0
 LIQUID 7/1      0.00
SNOWDEPTH AVG.      0
DAYS >= TRACE       0
DAYS >= 1.0         0
GREATEST
 SNOW DEPTH         0   MM
 24 HR TOTAL      0.0   MM
 STORM TOTAL       MM
 (MM/DD(HH))            MM

DEGREE_DAYS
HEATING TOTAL       9                 7       2
 SINCE 7/1          0                 1      -1
COOLING TOTAL    1332              1065     267
 SINCE 1/1       1667              1199     468

FREEZE DATES
RECORD
 EARLIEST     10/03/1974
 LATEST       05/10/1966
EARLIEST                        10/23
LATEST                          04/10
.................................................

WIND (MPH)
AVERAGE WIND SPEED              5.2
HIGHEST WIND SPEED/DIRECTION    36/250    DATE  07/26
HIGHEST GUST SPEED/DIRECTION    48/260    DATE  07/26

SKY COVER
POSSIBLE SUNSHINE (PERCENT)   MM
AVERAGE SKY COVER           0.20
NUMBER OF DAYS FAIR           77
NUMBER OF DAYS PC             14
NUMBER OF DAYS CLOUDY          1

AVERAGE RH (PERCENT)     60

WEATHER CONDITIONS. NUMBER OF DAYS WITH
THUNDERSTORM              0     MIXED PRECIP               0
HEAVY RAIN               12     RAIN                      10
LIGHT RAIN               20     FREEZING RAIN              0
LT FREEZING RAIN          0     HAIL                       0
HEAVY SNOW                0     SNOW                       0
LIGHT SNOW                0     SLEET                      0
FOG                      25     FOG W/VIS <= 1/4 MILE      0
HAZE                     17

-  INDICATES NEGATIVE NUMBERS.
R  INDICATES RECORD WAS SET OR TIED.
MM INDICATES DATA IS MISSING.
T  INDICATES TRACE AMOUNT.

$$
