000
CXUS53 KPAH 011307
CLSEVV

INDCLMEWS 000
TTAA00 KPAH 011305


CLIMATE REPORT
NATIONAL WEATHER SERVICE PADUCAH KY
740 AM CDT FRI JUN 1 2012

...................................

...THE EVANSVILLE IN CLIMATE SUMMARY FOR THE SPRING SEASON,
FROM 3/1/2012 TO 5/31/2012...

CLIMATE NORMAL PERIOD 1981 TO 2010
CLIMATE RECORD PERIOD 1896 TO 2012

WEATHER         OBSERVED          NORMAL  DEPART
                 VALUE   DATE(S)  VALUE   FROM
                                          NORMAL
................................................
TEMPERATURE (F)
RECORD
 HIGH              98   05/29/1911
                        05/28/1911
 LOW               -9   03/06/1960
HIGHEST            94   05/28        67      27
                        05/26
                        05/27
LOWEST             27   03/10        45     -18
                        03/04
AVG. MAXIMUM     76.0              67.1     8.9
AVG. MINIMUM     51.0              44.8     6.2
MEAN             63.5R             56.0     7.5
DAYS MAX >= 90      8               0.9     7.1
DAYS MAX <= 32      0               0.5    -0.5
DAYS MIN <= 32      5              15.2   -10.2
DAYS MIN <= 0       0               0.0     0.0

PRECIPITATION (INCHES)
RECORD
 MAXIMUM        25.01   2011
 MINIMUM         0.01   1910
TOTALS           6.24             13.97   -7.73
DAILY AVG.       0.07              0.15   -0.08
DAYS >= .01        24              34.8   -10.8
DAYS >= .10        13              22.7    -9.7
DAYS >= .50         3               9.5    -6.5
DAYS >= 1.00        2               3.6    -1.6
GREATEST
 24 HR. TOTAL    1.92   MM
 STORM TOTAL       MM
 (MM/DD(HH))            MM

SNOWFALL (INCHES)
TOTALS              T
 LIQUID EQUIV      MM
SINCE 7/1         0.5
 LIQUID 7/1      0.05
SNOWDEPTH AVG.      0
DAYS >= TRACE       1
DAYS >= 1.0         0
GREATEST
 SNOW DEPTH         0   MM
 24 HR TOTAL      0.0   MM
 STORM TOTAL       MM
 (MM/DD(HH))            MM

DEGREE_DAYS
HEATING TOTAL     444               967    -523
 SINCE 7/1       3473              4541   -1068
COOLING TOTAL     335               134     201
 SINCE 1/1        335               135     200

FREEZE DATES
RECORD
 EARLIEST     10/03/1974
 LATEST       05/10/1966
EARLIEST                        10/23
LATEST                          04/10
.................................................

WIND (MPH)
AVERAGE WIND SPEED              6.4
HIGHEST WIND SPEED/DIRECTION    41/240    DATE  03/02
HIGHEST GUST SPEED/DIRECTION    54/250    DATE  03/23

SKY COVER
POSSIBLE SUNSHINE (PERCENT)   MM
AVERAGE SKY COVER           0.20
NUMBER OF DAYS FAIR           61
NUMBER OF DAYS PC             29
NUMBER OF DAYS CLOUDY          2

AVERAGE RH (PERCENT)     63

WEATHER CONDITIONS. NUMBER OF DAYS WITH
THUNDERSTORM              0     MIXED PRECIP               0
HEAVY RAIN                8     RAIN                      13
LIGHT RAIN               30     FREEZING RAIN              0
LT FREEZING RAIN          0     HAIL                       0
HEAVY SNOW                0     SNOW                       0
LIGHT SNOW                0     SLEET                      0
FOG                      40     FOG W/VIS <= 1/4 MILE      7
HAZE                     26

-  INDICATES NEGATIVE NUMBERS.
R  INDICATES RECORD WAS SET OR TIED.
MM INDICATES DATA IS MISSING.
T  INDICATES TRACE AMOUNT.

&&

REMARKS: NEW RECORD MEAN TEMPERATURE FOR THE SPRING SEASON WAS SET WITH
63.6 DEGREES. THE OLD RECORD WAS 61.8 DEGREES SET DURING THE SPRING
OF 1977.

$$
