000
CXUS53 KPAH 020212
CLSEVV

INDCLMEWS 000
TTAA00 KPAH 020210


CLIMATE REPORT
NATIONAL WEATHER SERVICE PADUCAH KY
806 PM CST TUE DEC 1 2015

...................................

...THE EVANSVILLE IN CLIMATE SUMMARY FOR THE SEASON, FROM
9/1/2015 TO 11/30/2015...

CLIMATE NORMAL PERIOD 1981 TO 2010
CLIMATE RECORD PERIOD 1896 TO 2015

WEATHER         OBSERVED          NORMAL  DEPART
                 VALUE   DATE(S)  VALUE   FROM
                                          NORMAL
................................................
TEMPERATURE (F)
RECORD
 HIGH             104   09/06/1925
 LOW               -3   11/25/1950
HIGHEST            95   09/05        69      26
                        09/04
LOWEST             24   11/22         0      24
AVG. MAXIMUM     72.3              69.2     3.1
AVG. MINIMUM     50.0              46.2     3.8
MEAN             61.2              57.7     3.5
DAYS MAX >= 90      9               4.3     4.7
DAYS MAX <= 32      0               0.2    -0.2
DAYS MIN <= 32      9              13.0    -4.0
DAYS MIN <= 0       0               0.0     0.0

PRECIPITATION (INCHES)
RECORD
 MAXIMUM        19.16   2006
 MINIMUM         2.95   1963
TOTALS           9.18             10.63   -1.45
DAILY AVG.       0.10              0.12   -0.02
DAYS >= .01        25              25.4    -0.4
DAYS >= .10        15              16.8    -1.8
DAYS >= .50         7               7.3    -0.3
DAYS >= 1.00        2               2.9    -0.9
GREATEST
 24 HR. TOTAL    2.25   MM
 STORM TOTAL       MM
 (MM/DD(HH))            MM

SNOWFALL (INCHES)
TOTALS            0.0
 LIQUID EQUIV    0.00
SINCE 7/1         0.0
 LIQUID 7/1      0.00
SNOWDEPTH AVG.      0
DAYS >= TRACE       0
DAYS >= 1.0         0
GREATEST
 SNOW DEPTH         0   MM
 24 HR TOTAL      0.0   MM
 STORM TOTAL       MM
 (MM/DD(HH))            MM

DEGREE_DAYS
HEATING TOTAL     608               861    -253
 SINCE 7/1        608               861    -253
COOLING TOTAL     277               198      79
 SINCE 1/1       1576              1397     179

FREEZE DATES
RECORD
 EARLIEST     09/28/1942
 LATEST       05/10/1966
EARLIEST                        10/29
LATEST                          04/06
.................................................

WIND (MPH)
AVERAGE WIND SPEED              5.7
HIGHEST WIND SPEED/DIRECTION    30/240    DATE  11/12
HIGHEST GUST SPEED/DIRECTION    40/260    DATE  11/12

SKY COVER
POSSIBLE SUNSHINE (PERCENT)   MM
AVERAGE SKY COVER           0.30
NUMBER OF DAYS FAIR           58
NUMBER OF DAYS PC             22
NUMBER OF DAYS CLOUDY         11

AVERAGE RH (PERCENT)     67

WEATHER CONDITIONS. NUMBER OF DAYS WITH
THUNDERSTORM              0     MIXED PRECIP               0
HEAVY RAIN               14     RAIN                      15
LIGHT RAIN               33     FREEZING RAIN              0
LT FREEZING RAIN          0     HAIL                       0
HEAVY SNOW                0     SNOW                       0
LIGHT SNOW                0     SLEET                      0
FOG                      56     FOG W/VIS <= 1/4 MILE      6
HAZE                     27

-  INDICATES NEGATIVE NUMBERS.
R  INDICATES RECORD WAS SET OR TIED.
MM INDICATES DATA IS MISSING.
T  INDICATES TRACE AMOUNT.

$$
