000
CXUS53 KPAH 030301
CLSEVV
CLIMATE REPORT
NATIONAL WEATHER SERVICE PADUCAH
1001 PM CDT WED JUN 02 2021
...................................
...THE EVANSVILLE IN CLIMATE SUMMARY FOR THE SPRING SEASON, FROM
3/1/2021 TO 5/31/2021...
CLIMATE NORMAL PERIOD 1991 TO 2020
CLIMATE RECORD PERIOD 1896 TO 2021
WEATHER OBSERVED NORMAL DEPART LAST YEAR`S
VALUE DATE(S) VALUE FROM VALUE
NORMAL
..............................................................
TEMPERATURE (F)
RECORD
HIGH 98 05/28/1911
LOW -9 03/06/1960
HIGHEST 90 05/25 67 23
LOWEST 25 04/02 45 -20
AVG. MAXIMUM 69.0 67.5 1.5
AVG. MINIMUM 45.7 46.3 -0.6
MEAN 57.4 56.9 0.5
DAYS MAX >= 90 1 1.1 -0.1
DAYS MAX <= 32 0 0.6 -0.6
DAYS MIN <= 32 12 14.2 -2.2
DAYS MIN <= 0 0 0.0 0.0
PRECIPITATION (INCHES)
RECORD
MAXIMUM 25.48 2008
MINIMUM 4.04 1930
TOTALS 10.48 14.86 -4.38
DAILY AVG. 0.12 0.16 -0.04
DAYS >= .01 30 35.5 -5.5
DAYS >= .10 21 23.0 -2.0
DAYS >= .50 8 10.2 -2.2
DAYS >= 1.00 2 3.9 -1.9
GREATEST
24 HR. TOTAL 2.19
STORM TOTAL MM
(MM/DD(HH))
SNOWFALL (INCHES)
TOTALS 1.3
LIQUID EQUIV 0.10
SINCE 7/1 7.8
LIQUID 7/1 0.78
SNOWDEPTH AVG. 0
DAYS >= TRACE 1
DAYS >= 1.0 1
GREATEST
SNOW DEPTH 0
24 HR TOTAL 1.3 04/20 TO 04/20
STORM TOTAL 1.3
(MM/DD(HH))
DEGREE DAYS
HEATING TOTAL 801 909 -108
SINCE 7/1 4200 4335 -135
COOLING TOTAL 124 167 -43
SINCE 1/1 124 167 -43
FREEZE DATES
RECORD
EARLIEST 10/03/1974
LATEST 05/10/1966
EARLIEST 11/01
LATEST 04/18
..............................................................
WIND (MPH)
AVERAGE WIND SPEED 7.2
HIGHEST WIND SPEED/DIRECTION 33/270 DATE 03/25
HIGHEST GUST SPEED/DIRECTION 49/270 DATE 03/25
SKY COVER
POSSIBLE SUNSHINE (PERCENT) MM
AVERAGE SKY COVER 0.34
NUMBER OF DAYS FAIR 49
NUMBER OF DAYS PC 29
NUMBER OF DAYS CLOUDY 14
AVERAGE RH (PERCENT) 62
WEATHER CONDITIONS. NUMBER OF DAYS WITH
THUNDERSTORM 11 MIXED PRECIP 0
HEAVY RAIN 15 RAIN 19
LIGHT RAIN 33 FREEZING RAIN 0
LT FREEZING RAIN 0 HAIL 0
HEAVY SNOW 0 SNOW 0
LIGHT SNOW 1 SLEET 0
FOG 31 FOG W/VIS <= 1/4 MILE 6
HAZE 3
- INDICATES NEGATIVE NUMBERS.
R INDICATES RECORD WAS SET OR TIED.
MM INDICATES DATA IS MISSING.
T INDICATES TRACE AMOUNT.
$$