000
CXUS53 KPAH 020005
CLSEVV

INDCLMEWS 000
TTAA00 KPAH 020002


CLIMATE REPORT
NATIONAL WEATHER SERVICE PADUCAH KY
658 PM CDT THU SEP 1 2011

...................................

...THE EVANSVILLE IN CLIMATE SUMMARY FOR THE SUMMER SEASON,
   FROM 6/1/2011 TO 8/31/2011...

CLIMATE NORMAL PERIOD 1981 TO 2010
CLIMATE RECORD PERIOD 1896 TO 2011

WEATHER         OBSERVED          NORMAL  DEPART
                 VALUE   DATE(S)  VALUE   FROM
                                          NORMAL
................................................
TEMPERATURE (F)
RECORD
 HIGH             111   07/28/1930
 LOW               41   06/01/1966
                        06/02/1956
HIGHEST            99   07/21        88      11
                        07/12
LOWEST             57   08/30        65      -8
AVG. MAXIMUM     89.4              87.4     2.0
AVG. MINIMUM     68.5              65.6     2.9
MEAN             78.9              76.5     2.4
DAYS MAX >= 90     48              32.8    15.2
DAYS MAX <= 32      0               0.0     0.0
DAYS MIN <= 32      0               0.0     0.0
DAYS MIN <= 0       0               0.0     0.0

PRECIPITATION (INCHES)
RECORD
 MAXIMUM        11.44   1900
 MINIMUM         0.13   1943
TOTALS          13.80R            10.68    3.12
DAILY AVG.       0.15              0.12    0.03
DAYS >= .01        23              25.8    -2.8
DAYS >= .10        16              17.1    -1.1
DAYS >= .50         7               7.3    -0.3
DAYS >= 1.00        5               3.0     2.0
GREATEST
 24 HR. TOTAL    3.74   MM
 STORM TOTAL       MM
 (MM/DD(HH))            MM

SNOWFALL (INCHES)
TOTALS            0.0
 LIQUID EQUIV    0.00
SINCE 7/1         0.0
 LIQUID 7/1      0.00
SNOWDEPTH AVG.      0
DAYS >= TRACE       0
DAYS >= 1.0         0
GREATEST
 SNOW DEPTH         0   MM
 24 HR TOTAL      0.0   MM
 STORM TOTAL       MM
 (MM/DD(HH))            MM

DEGREE_DAYS
HEATING TOTAL       0                 7      -7
 SINCE 7/1          0                 1      -1
COOLING TOTAL    1308              1065     243
 SINCE 1/1       1505              1199     306

FREEZE DATES
RECORD
 EARLIEST     10/03/1974
 LATEST       05/10/1966
EARLIEST                        10/23
LATEST                          04/10
.................................................

WIND (MPH)
AVERAGE WIND SPEED              4.8
HIGHEST WIND SPEED/DIRECTION    40/220    DATE  06/19
HIGHEST GUST SPEED/DIRECTION    60/290    DATE  06/11

SKY COVER
POSSIBLE SUNSHINE (PERCENT)   MM
AVERAGE SKY COVER           0.20
NUMBER OF DAYS FAIR           77
NUMBER OF DAYS PC             14
NUMBER OF DAYS CLOUDY          1

AVERAGE RH (PERCENT)     68

WEATHER CONDITIONS. NUMBER OF DAYS WITH
THUNDERSTORM              0     MIXED PRECIP               0
HEAVY RAIN               16     RAIN                      17
LIGHT RAIN               30     FREEZING RAIN              0
LT FREEZING RAIN          0     HAIL                       0
HEAVY SNOW                0     SNOW                       0
LIGHT SNOW                0     SLEET                      0
FOG                      49     FOG W/VIS <= 1/4 MILE      6
HAZE                     46

-  INDICATES NEGATIVE NUMBERS.
R  INDICATES RECORD WAS SET OR TIED.
MM INDICATES DATA IS MISSING.
T  INDICATES TRACE AMOUNT.

$$
