000
CXUS53 KPAH 012007
CLSEVV

INDCLMEWS 000
TTAA00 KPAH 012003

CLIMATE REPORT
NATIONAL WEATHER SERVICE PADUCAH KY
231 PM CDT WED JUN 1 2011

...................................

...THE EVANSVILLE IN CLIMATE SUMMARY FOR THE SPRING
SEASON, FROM 3/1/2011 TO 5/31/2011...

CLIMATE NORMAL PERIOD 1971 TO 2000
CLIMATE RECORD PERIOD 1896 TO 2011

WEATHER         OBSERVED          NORMAL  DEPART
                 VALUE   DATE(S)  VALUE   FROM
                                          NORMAL
................................................
TEMPERATURE (F)
RECORD
 HIGH              98   05/29/1911
                        05/28/1911
 LOW               -9   03/06/1960
HIGHEST            91   05/31        67      24
                        05/29
                        05/30
LOWEST             26   03/01        45     -19
AVG. MAXIMUM     67.5              66.9     0.6
AVG. MINIMUM     47.8              44.3     3.5
MEAN             57.7              55.7     2.0
DAYS MAX >= 90      3               2.0     1.0
DAYS MAX <= 32      0               1.0    -1.0
DAYS MIN <= 32     10              16.0    -6.0
DAYS MIN <= 0       0               0.0     0.0

PRECIPITATION (INCHES)
RECORD
 MAXIMUM        25.48   2008
 MINIMUM         0.01   1910
TOTALS          25.01             13.78   11.23
DAILY AVG.       0.27              4.49   -4.22
DAYS >= .01        42              34.0     8.0
DAYS >= .10        27                MM      MM
DAYS >= .50        19                MM      MM
DAYS >= 1.00        9               3.0     6.0
GREATEST
 24 HR. TOTAL    3.66   MM
 STORM TOTAL       MM
 (MM/DD(HH))            MM

SNOWFALL (INCHES)
TOTALS              T
 LIQUID EQUIV       T
SINCE 7/1        15.5
 LIQUID 7/1      1.55
SNOWDEPTH AVG.      0
DAYS >= TRACE       2
DAYS >= 1.0         0
GREATEST
 SNOW DEPTH         0   MM
 24 HR TOTAL        T   03/25 TO 03/26
 STORM TOTAL       MM
 (MM/DD(HH))            MM

DEGREE_DAYS
HEATING TOTAL     852               982    -130
 SINCE 7/1       4528              4612     -84
COOLING TOTAL     196               131      65
 SINCE 1/1        196               135      61

FREEZE DATES
RECORD
 EARLIEST     10/03/1974
 LATEST       05/10/1966
EARLIEST                        10/23
LATEST                          04/10
.................................................

WIND (MPH)
AVERAGE WIND SPEED              8.1
HIGHEST WIND SPEED/DIRECTION    55/250    DATE  04/19
HIGHEST GUST SPEED/DIRECTION    76/250    DATE  04/19

SKY COVER
POSSIBLE SUNSHINE (PERCENT)   MM
AVERAGE SKY COVER           0.40
NUMBER OF DAYS FAIR           46
NUMBER OF DAYS PC             21
NUMBER OF DAYS CLOUDY         25

AVERAGE RH (PERCENT)     67

WEATHER CONDITIONS. NUMBER OF DAYS WITH
THUNDERSTORM              0     MIXED PRECIP               0
HEAVY RAIN               23     RAIN                      24
LIGHT RAIN               49     FREEZING RAIN              0
LT FREEZING RAIN          0     HAIL                       0
HEAVY SNOW                0     SNOW                       0
LIGHT SNOW                2     SLEET                      0
FOG                      51     FOG W/VIS <= 1/4 MILE      5
HAZE                     31

-  INDICATES NEGATIVE NUMBERS.
R  INDICATES RECORD WAS SET OR TIED.
MM INDICATES DATA IS MISSING.
T  INDICATES TRACE AMOUNT.

&&

REMARKS: THIS SPRING WAS THE 9TH WARMEST SPRING ON RECORD. THE RECORD IS
62.9 DEGREES SET IN 1925. IT IS THE 2ND WETTEST SPRING ON RECORD. TWO DAILY
TEMPERATURE RECORD WERE TIED OR SET AND ONE DAILY PRECIPITATION RECORD WAS
SET.

$$
