000
CXUS53 KPAH 021430
CLSEVV

INDCLMEWS 000
TTAA00 KPAH 021426


CLIMATE REPORT
NATIONAL WEATHER SERVICE PADUCAH KY
918 AM CDT THU SEP 2 2010

...................................

...THE EVANSVILLE IN CLIMATE SUMMARY FOR THE SEASON, FROM
6/1/2010 TO 8/31/2010...

CLIMATE NORMAL PERIOD 1971 TO 2000
CLIMATE RECORD PERIOD 1896 TO 2010

WEATHER         OBSERVED          NORMAL  DEPART
                 VALUE   DATE(S)  VALUE   FROM
                                          NORMAL
................................................
TEMPERATURE (F)
RECORD
 HIGH             111   07/28/1930
 LOW               41   06/01/1966
                        06/02/1956
HIGHEST           102   08/04        88      14
LOWEST             54   08/27        65     -11
AVG. MAXIMUM     91.3              87.7     3.6
AVG. MINIMUM     69.3              65.0     4.3
MEAN             80.3              76.6     3.7
DAYS MAX >= 90     60              36.0    24.0
DAYS MAX <= 32      0               0.0     0.0
DAYS MIN <= 32      0               0.0     0.0
DAYS MIN <= 0       0               0.0     0.0

PRECIPITATION (INCHES)
RECORD
 MAXIMUM        11.44   1900
 MINIMUM         0.13   1943
TOTALS           6.84             10.99   -4.15
DAILY AVG.       0.07              3.66   -3.59
DAYS >= .01        23              29.0    -6.0
DAYS >= .10        18                MM      MM
DAYS >= .50         4                MM      MM
DAYS >= 1.00        1               3.0    -2.0
GREATEST
 24 HR. TOTAL    1.11   MM
 STORM TOTAL       MM
 (MM/DD(HH))            MM

SNOWFALL (INCHES)
TOTALS            0.0
 LIQUID EQUIV    0.00
SINCE 7/1         0.0
 LIQUID 7/1      0.00
SNOWDEPTH AVG.      0
DAYS >= TRACE       0
DAYS >= 1.0         0
GREATEST
 SNOW DEPTH         0   MM
 24 HR TOTAL      0.0   MM
 STORM TOTAL       MM
 (MM/DD(HH))            MM

DEGREE_DAYS
HEATING TOTAL       0                 1      -1
 SINCE 7/1          0                 1      -1
COOLING TOTAL    1426              1085     341
 SINCE 1/1       1636              1220     416

FREEZE DATES
RECORD
 EARLIEST     10/03/1974
 LATEST       05/10/1966
EARLIEST                        10/23
LATEST                          04/10
.................................................

WIND (MPH)
AVERAGE WIND SPEED              5.2
HIGHEST WIND SPEED/DIRECTION    33/260    DATE  06/15
HIGHEST GUST SPEED/DIRECTION    45/360    DATE  06/19

SKY COVER
POSSIBLE SUNSHINE (PERCENT)   MM

NUMBER OF DAYS FAIR           80
NUMBER OF DAYS PC             12
NUMBER OF DAYS CLOUDY          0

AVERAGE RH (PERCENT)     66

WEATHER CONDITIONS. NUMBER OF DAYS WITH
THUNDERSTORM             22     MIXED PRECIP               0
HEAVY RAIN               18     RAIN                      17
LIGHT RAIN               29     FREEZING RAIN              0
LT FREEZING RAIN          0     HAIL                       0
HEAVY SNOW                0     SNOW                       0
LIGHT SNOW                0     SLEET                      0
FOG                      37     FOG W/VIS <= 1/4 MILE      3
HAZE                     19

-  INDICATES NEGATIVE NUMBERS.
R  INDICATES RECORD WAS SET OR TIED.
MM INDICATES DATA IS MISSING.
T  INDICATES TRACE AMOUNT.

&&

REMARKS: TIED AS THE 3RD WARMEST SUMMER ON RECORD FOR THE CITY. THE
WARMEST SUMMER OCCURRED IN 1936 WITH AN AVERAGE TEMPERATURE OF 82.1
DEGREES. THERE WERE 17 CONSECUTIVE DAYS WHEN THE DAILY HIGH
TEMPERATURE WAS GREATER THAN OR EQUAL TO 90 DEGREES...THIS IS TIED
AS THE 16TH LONGEST. THE LONGEST STREAK IS 31 DAYS WHICH OCCURRED IN
THE SUMMER OF 2007. ALTHOUGH IT SEEMED LIKE LITTLE RAIN HAD
OCCURRED...THE SUMMER OF 2010 RECEIVED 6.84 INCHES WHICH IS THE 17TH
DRIEST SUMMER. THE DRIEST SUMMER RECEIVED ONLY 2.59 INCHES OF
RAINFALL IN 1936.

$$
