000
CXUS53 KPAH 031441
CLSEVV

INDCLMEWS 000
TTAA00 KPAH 031438


CLIMATE REPORT
NATIONAL WEATHER SERVICE PADUCAH KY
931 AM CDT THU JUN 3 2010

...................................

...THE EVANSVILLE IN CLIMATE SUMMARY FOR THE SPRING SEASON,
FROM 3/1/2010 TO 5/31/2010...

CLIMATE NORMAL PERIOD 1971 TO 2000
CLIMATE RECORD PERIOD 1896 TO 2010

WEATHER         OBSERVED          NORMAL  DEPART
                 VALUE   DATE(S)  VALUE   FROM
                                          NORMAL
................................................
TEMPERATURE (F)
RECORD
 HIGH              98   05/29/1911
                        05/28/1911
 LOW               -9   03/06/1960
HIGHEST            91   05/24        67      24
LOWEST             21   03/05        45     -24
AVG. MAXIMUM     69.9              66.9     3.0
AVG. MINIMUM     48.0              44.3     3.7
MEAN             59.0              55.7     3.3
DAYS MAX >= 90      3               2.0     1.0
DAYS MAX <= 32      0               1.0    -1.0
DAYS MIN <= 32      7              16.0    -9.0
DAYS MIN <= 0       0               0.0     0.0

PRECIPITATION (INCHES)
RECORD
 MAXIMUM        20.48   2002
 MINIMUM         0.01   1910
TOTALS          10.30             13.78   -3.48
DAILY AVG.       0.11              4.49   -4.38
DAYS >= .01        33              34.0    -1.0
DAYS >= .10        17                MM      MM
DAYS >= .50         7                MM      MM
DAYS >= 1.00        4               3.0     1.0
GREATEST
 24 HR. TOTAL    1.69   MM
 STORM TOTAL       MM
 (MM/DD(HH))            MM

SNOWFALL (INCHES)
TOTALS            0.0
 LIQUID EQUIV    0.00
SINCE 7/1        15.3
 LIQUID 7/1      1.53
SNOWDEPTH AVG.      0
DAYS >= TRACE       0
DAYS >= 1.0         0
GREATEST
 SNOW DEPTH         0   MM
 24 HR TOTAL      0.0   MM
 STORM TOTAL       MM
 (MM/DD(HH))            MM

DEGREE_DAYS
HEATING TOTAL     744               982    -238
 SINCE 7/1       4597              4612     -15
COOLING TOTAL     210               131      79
 SINCE 1/1        210               135      75

FREEZE DATES
RECORD
 EARLIEST     10/03/1974
 LATEST       05/10/1966
EARLIEST                        10/23
LATEST                          04/10
.................................................

WIND (MPH)
AVERAGE WIND SPEED              6.4
HIGHEST WIND SPEED/DIRECTION    33/010    DATE  03/25
HIGHEST GUST SPEED/DIRECTION    44/010    DATE  03/25

SKY COVER
POSSIBLE SUNSHINE (PERCENT)   MM

NUMBER OF DAYS FAIR           49
NUMBER OF DAYS PC             26
NUMBER OF DAYS CLOUDY         17

AVERAGE RH (PERCENT)     66

WEATHER CONDITIONS. NUMBER OF DAYS WITH
THUNDERSTORM             19     MIXED PRECIP               0
HEAVY RAIN               15     RAIN                      14
LIGHT RAIN               34     FREEZING RAIN              0
LT FREEZING RAIN          0     HAIL                       0
HEAVY SNOW                0     SNOW                       0
LIGHT SNOW                0     SLEET                      0
FOG                      50     FOG W/VIS <= 1/4 MILE      7
HAZE                     29

-  INDICATES NEGATIVE NUMBERS.
R  INDICATES RECORD WAS SET OR TIED.
MM INDICATES DATA IS MISSING.
T  INDICATES TRACE AMOUNT.

&&

REMARKS:

APRIL 2010 WAS THE 6TH WARMEST APRIL ON RECORD WITH AN AVERAGE
TEMPERATURE OF 61.1 DEGREES. THE WARMEST APRIL ON RECORD OCCURRED IN
1925 WITH AN AVERAGE TEMPERATURE OF 62.9 DEGREES. TWO DAILY HIGH
TEMPERATURE RECORDS WERE SET IN APRIL...THE 6TH WITH A HIGH OF 83
DEGREES AND THE 14TH WITH A HIGH TEMPERATURE OF 86.

$$
