000
CXUS53 KPAH 030137
CLSEVV

INDCLMEWS 000
TTAA00 KPAH 030131


CLIMATE REPORT
NATIONAL WEATHER SERVICE PADUCAH KY
730 PM CST WED MAR 2 2011

...................................

...THE EVANSVILLE IN CLIMATE SUMMARY FOR THE WINTER SEASON, FROM
12/1/2010 TO 2/28/2011...

CLIMATE NORMAL PERIOD 1971 TO 2000
CLIMATE RECORD PERIOD 1896 TO 2011

WEATHER         OBSERVED          NORMAL  DEPART
                 VALUE   DATE(S)  VALUE   FROM
                                          NORMAL
................................................
TEMPERATURE (F)
RECORD
 HIGH           214748361962/201962/  99
                        9999/9909999/  99
                        9999/9909999/  24
 LOW              -23   201951/02/1951
HIGHEST            72   02/20        42      30
                        02/16
LOWEST              2   12/14         0       2
AVG. MAXIMUM     40.3              43.0    -2.7
AVG. MINIMUM     24.2              25.2    -1.0
MEAN             32.3              34.1    -1.8
DAYS MAX >= 90      0               0.0     0.0
DAYS MAX <= 32     28              21.0     7.0
DAYS MIN <= 32     77              68.0     9.0
DAYS MIN <= 0       0               4.0    -4.0

PRECIPITATION (INCHES)
RECORD
 MAXIMUM        14.78   1937
 MINIMUM         0.27   1947
TOTALS           7.97              9.55   -1.58
DAILY AVG.       0.09              3.15   -3.06
DAYS >= .01        31              30.0     1.0
DAYS >= .10        17                MM      MM
DAYS >= .50         5                MM      MM
DAYS >= 1.00        1               2.0    -1.0
GREATEST
 24 HR. TOTAL    2.58   MM
 STORM TOTAL       MM
 (MM/DD(HH))            MM

SNOWFALL (INCHES)
TOTALS           15.5
 LIQUID EQUIV    1.55
SINCE 7/1        15.5
 LIQUID 7/1      1.55
SNOWDEPTH AVG.      0
DAYS >= TRACE      27
DAYS >= 1.0         4
GREATEST
 SNOW DEPTH         3   01/21
 24 HR TOTAL      3.3   MM
 STORM TOTAL       MM
 (MM/DD(HH))            MM

DEGREE_DAYS
HEATING TOTAL    2943              2863      80
 SINCE 7/1         MM              3641      MM
COOLING TOTAL       0                 0       0
 SINCE 1/1          0                 0       0

FREEZE DATES
RECORD
 EARLIEST     10/03/1974
 LATEST       05/10/1966
EARLIEST                        10/23
LATEST                          04/10
.................................................

WIND (MPH)
AVERAGE WIND SPEED              7.0
HIGHEST WIND SPEED/DIRECTION    38/250    DATE  02/01
HIGHEST GUST SPEED/DIRECTION    47/220    DATE  02/01

SKY COVER
POSSIBLE SUNSHINE (PERCENT)   MM
AVERAGE SKY COVER           0.60
NUMBER OF DAYS FAIR           26
NUMBER OF DAYS PC             24
NUMBER OF DAYS CLOUDY         40

AVERAGE RH (PERCENT)     70

WEATHER CONDITIONS. NUMBER OF DAYS WITH
THUNDERSTORM              0     MIXED PRECIP               0
HEAVY RAIN                6     RAIN                      11
LIGHT RAIN               21     FREEZING RAIN              3
LT FREEZING RAIN          3     HAIL                       0
HEAVY SNOW                0     SNOW                       5
LIGHT SNOW               28     SLEET                      0
FOG                      48     FOG W/VIS <= 1/4 MILE      1
HAZE                     44

-  INDICATES NEGATIVE NUMBERS.
R  INDICATES RECORD WAS SET OR TIED.
MM INDICATES DATA IS MISSING.
T  INDICATES TRACE AMOUNT.

&&

RMKS: DEC 13TH - RECORD MIN MAX TEMPERATURE SET WITH 18 DEGREES
      FEB 24TH - RECORD DAILY RAINFALL SET WITH 2.56 INCHES

$$
