000
CXUS53 KPAH 070107
CLSEVV

INDCLMEWS 000
TTAA00 KPAH 070044


CLIMATE REPORT
NATIONAL WEATHER SERVICE PADUCAH KY
643 PM CST MON DEC 6 2010

...................................

...THE EVANSVILLE IN CLIMATE SUMMARY FOR THE FALL SEASON, FROM
9/1/2010 TO 11/30/2010...

CLIMATE NORMAL PERIOD 1971 TO 2000
CLIMATE RECORD PERIOD 1896 TO 2010

WEATHER         OBSERVED          NORMAL  DEPART
                 VALUE   DATE(S)  VALUE   FROM
                                          NORMAL
................................................
TEMPERATURE (F)
RECORD
 HIGH             104   09/06/1925
 LOW               -3   11/25/1950
HIGHEST            98   09/21        69      29
LOWEST             23   11/28         0      23
                        11/06
AVG. MAXIMUM     73.5              69.0     4.5
AVG. MINIMUM     45.7              45.0     0.7
MEAN             59.6              57.5     2.1
DAYS MAX >= 90     14               5.0     9.0
DAYS MAX <= 32      0               1.0    -1.0
DAYS MIN <= 32     16               0.0    16.0
DAYS MIN <= 0       0               0.0     0.0

PRECIPITATION (INCHES)
RECORD
 MAXIMUM        15.11   2001
 MINIMUM         0.01   1964
TOTALS           9.88              9.95   -0.07
DAILY AVG.       0.11              3.32   -3.21
DAYS >= .01        19              25.0    -6.0
DAYS >= .10         9                MM      MM
DAYS >= .50         5                MM      MM
DAYS >= 1.00        3               3.0     0.0
GREATEST
 24 HR. TOTAL    3.01   MM
 STORM TOTAL       MM
 (MM/DD(HH))            MM

SNOWFALL (INCHES)
TOTALS              T
 LIQUID EQUIV       T
SINCE 7/1           T
 LIQUID 7/1        MM
SNOWDEPTH AVG.      0
DAYS >= TRACE       1
DAYS >= 1.0         0
GREATEST
 SNOW DEPTH         0   MM
 24 HR TOTAL        T   11/25 TO 11/25
 STORM TOTAL       MM
 (MM/DD(HH))            MM

DEGREE_DAYS
HEATING TOTAL     733               872    -139
 SINCE 7/1        733               873    -140
COOLING TOTAL     268               202      66
 SINCE 1/1       1904              1422     482

FREEZE DATES
RECORD
 EARLIEST     10/03/1974
 LATEST       05/10/1966
EARLIEST                        10/23
LATEST                          04/10
.................................................

WIND (MPH)
AVERAGE WIND SPEED              5.7
HIGHEST WIND SPEED/DIRECTION    38/270    DATE  10/26
HIGHEST GUST SPEED/DIRECTION    47/280    DATE  10/26

SKY COVER
POSSIBLE SUNSHINE (PERCENT)   MM

NUMBER OF DAYS FAIR           65
NUMBER OF DAYS PC             19
NUMBER OF DAYS CLOUDY          6

AVERAGE RH (PERCENT)     58

WEATHER CONDITIONS. NUMBER OF DAYS WITH
THUNDERSTORM              9     MIXED PRECIP               0
HEAVY RAIN                8     RAIN                       8
LIGHT RAIN               25     FREEZING RAIN              0
LT FREEZING RAIN          0     HAIL                       0
HEAVY SNOW                0     SNOW                       0
LIGHT SNOW                1     SLEET                      1
FOG                      18     FOG W/VIS <= 1/4 MILE      3
HAZE                     16

-  INDICATES NEGATIVE NUMBERS.
R  INDICATES RECORD WAS SET OR TIED.
MM INDICATES DATA IS MISSING.
T  INDICATES TRACE AMOUNT.

&&

RMKS:
FOR SEPTEMBER...RECORD HIGH TEMPERATURES SET ON THE 21ST AND 23RD
WITH 98 AND 96 DEGREES RESPECTIVELY. TIED THE RECORD HIGH ON THE
22ND WITH 94 DEGREES. SEPTEMBER 2010 WAS THE 3RD DRIEST SEPTEMBER ON
RECORD WITH ONLY 0.36 INCHES OF
RAINFALL.
FOR OCTOBER...TIED THE RECORD HIGH TEMPERATURE FOR THE 10TH AT 88
DEGREES.
FOR NOVEMBER...RECORD HIGH TEMPERATURE SET ON THE 11TH WITH 79
DEGREES. RECORD LOW TEMPERATURE SET ON THE 6TH WITH 23 DEGREES.
RECORD MAXIMUM MIN TEMPERATURE SET ON THE 22ND WITH 62 DEGREES. 3
DAILY RAINFALL RECORDS SET ON THE 24TH, 25TH AND 29TH WITH 1.95
INCHES, 2.99 INCHES AND 2.07 INCHES RESPECTIVELY. NOVEMBER 2010 WAS
THE 3RD WETTEST NOVEMBER ON RECORD WITH 8.46 INCHES OF
RAINFALL.

$$
