000
CXUS53 KPAH 031414
CLSEVV

INDCLMEWS 000
TTAA00 KPAH 031401


CLIMATE REPORT
NATIONAL WEATHER SERVICE PADUCAH KY
801 AM CST THU DEC 3 2009

...................................

...THE EVANSVILLE IN CLIMATE SUMMARY FOR THE FALL SEASON,
FROM 9/1/2009 TO 11/30/2009...

CLIMATE NORMAL PERIOD 1971 TO 2000
CLIMATE RECORD PERIOD 1896 TO 2009

WEATHER         OBSERVED          NORMAL  DEPART
                 VALUE   DATE(S)  VALUE   FROM
                                          NORMAL
................................................
TEMPERATURE (F)
RECORD
 HIGH             104   09/06/1925
 LOW               -3   11/25/1950
HIGHEST            86   09/16        69      17
LOWEST             28   11/27         0      28
AVG. MAXIMUM     67.7              69.0    -1.3
AVG. MINIMUM     48.0              45.0     3.0
MEAN             57.8              57.5     0.3
DAYS MAX >= 90      0               5.0    -5.0
DAYS MAX <= 32      0               1.0    -1.0
DAYS MIN <= 32      5               0.0     5.0
DAYS MIN <= 0       0               0.0     0.0

PRECIPITATION (INCHES)
RECORD
 MAXIMUM        15.11   2001
 MINIMUM         0.01   1964
TOTALS          14.60              9.95    4.65
DAILY AVG.       0.16              3.32   -3.16
DAYS >= .01        30              25.0     5.0
DAYS >= .10        24                MM      MM
DAYS >= .50        10                MM      MM
DAYS >= 1.00        4               3.0     1.0
GREATEST
 24 HR. TOTAL    2.77   MM
 STORM TOTAL       MM
 (MM/DD(HH))            MM

SNOWFALL (INCHES)
TOTALS            0.0
 LIQUID EQUIV    0.00
SINCE 7/1         0.0
 LIQUID 7/1      0.00
SNOWDEPTH AVG.      0
DAYS >= TRACE       0
DAYS >= 1.0         0
GREATEST
 SNOW DEPTH         0   MM
 24 HR TOTAL      0.0   MM
 STORM TOTAL       MM
 (MM/DD(HH))            MM

DEGREE_DAYS
HEATING TOTAL     810               872     -62
 SINCE 7/1        810               873     -63
COOLING TOTAL     178               202     -24
 SINCE 1/1       1281              1422    -141

FREEZE DATES
RECORD
 EARLIEST     10/03/1974
 LATEST       05/10/1966
EARLIEST                        10/23
LATEST                          04/10
.................................................

WIND (MPH)
AVERAGE WIND SPEED              5.4
HIGHEST WIND SPEED/DIRECTION    28/200    DATE  09/05
HIGHEST GUST SPEED/DIRECTION    38/300    DATE  09/28

SKY COVER
POSSIBLE SUNSHINE (PERCENT)   MM

NUMBER OF DAYS FAIR           48
NUMBER OF DAYS PC             24
NUMBER OF DAYS CLOUDY         19

AVERAGE RH (PERCENT)     71

WEATHER CONDITIONS. NUMBER OF DAYS WITH
THUNDERSTORM              9     MIXED PRECIP               0
HEAVY RAIN               20     RAIN                      19
LIGHT RAIN               37     FREEZING RAIN              0
LT FREEZING RAIN          0     HAIL                       0
HEAVY SNOW                0     SNOW                       0
LIGHT SNOW                0     SLEET                      0
FOG                      57     FOG W/VIS <= 1/4 MILE      7
HAZE                     27

-  INDICATES NEGATIVE NUMBERS.
R  INDICATES RECORD WAS SET OR TIED.
MM INDICATES DATA IS MISSING.
T  INDICATES TRACE AMOUNT.

&&
THE FOLLOWING RECORDS WERE SET DURING THE FALL SEASON OF 2009:

OCTOBER - IT WAS THE 4TH WETTEST WITH 8.21 INCHES, AND THE
7TH COOLEST WITH MEAN TEMPERATURE OF 53.7 DEGREES. A RECORD MIN HIGH
TEMPERATURE SET ON THE 15TH WITH A HIGH TEMPERATURE OF 51 DEGREES.
TWO DAILY RECORD RAINFALL, ON THE 8TH WITH 2.45 INCHES AND THE 30TH
WITH 1.25 INCHES.

$$
