000
CXUS53 KPAH 020328
CLSEVV

INDCLMEWS 000
TTAA00 KPAH 020315


CLIMATE REPORT
NATIONAL WEATHER SERVICE PADUCAH KY
914 PM CST MON MAR 1 2010

...................................

...THE EVANSVILLE IN CLIMATE SUMMARY FOR THE SEASON, FROM
12/1/2009 TO 2/28/2010...

CLIMATE NORMAL PERIOD 1971 TO 2000
CLIMATE RECORD PERIOD 1896 TO 2010

WEATHER         OBSERVED          NORMAL  DEPART
                 VALUE   DATE(S)  VALUE   FROM
                                          NORMAL
................................................
TEMPERATURE (F)
RECORD
 HIGH              79   02/13/1962
 LOW              -23   02/02/1951
HIGHEST            61   02/21        42      19
LOWEST              1   01/31        24     -23
AVG. MAXIMUM     38.5              43.0    -4.5
AVG. MINIMUM     23.3              25.3    -2.0
MEAN             30.9              34.1    -3.2
DAYS MAX >= 90      0               0.0     0.0
DAYS MAX <= 32     24              21.0     3.0
DAYS MIN <= 32     73              68.0     5.0
DAYS MIN <= 0       0               4.0    -4.0

PRECIPITATION (INCHES)
RECORD
 MAXIMUM        14.78   1937
 MINIMUM         0.27   1947
TOTALS           7.62              9.55   -1.93
DAILY AVG.       0.09              3.15   -3.06
DAYS >= .01        33              30.0     3.0
DAYS >= .10        18                MM      MM
DAYS >= .50         6                MM      MM
DAYS >= 1.00        0               2.0    -2.0
GREATEST
 24 HR. TOTAL    1.00   12/08 TO 12/09
 STORM TOTAL       MM
 (MM/DD(HH))            MM

SNOWFALL (INCHES)
TOTALS           15.3
 LIQUID EQUIV    1.53
SINCE 7/1        15.3
 LIQUID 7/1      1.53
SNOWDEPTH AVG.      0
DAYS >= TRACE      29
DAYS >= 1.0         7
GREATEST
 SNOW DEPTH         6   01/30
 24 HR TOTAL      5.0   01/30 TO 01/30
 STORM TOTAL       MM
 (MM/DD(HH))            MM

DEGREE_DAYS
HEATING TOTAL    3043              2768     275
 SINCE 7/1       3853              3641     212
COOLING TOTAL       0                 0       0
 SINCE 1/1          0                 0       0

FREEZE DATES
RECORD
 EARLIEST     10/03/1974
 LATEST       05/10/1966
EARLIEST                        10/23
LATEST                          04/10
.................................................

WIND (MPH)
AVERAGE WIND SPEED              6.9
HIGHEST WIND SPEED/DIRECTION    36/250    DATE  12/09
HIGHEST GUST SPEED/DIRECTION    46/200    DATE  12/25

SKY COVER
POSSIBLE SUNSHINE (PERCENT)   MM

NUMBER OF DAYS FAIR           27
NUMBER OF DAYS PC             21
NUMBER OF DAYS CLOUDY         42

AVERAGE RH (PERCENT)     73

WEATHER CONDITIONS. NUMBER OF DAYS WITH
THUNDERSTORM              2     MIXED PRECIP               0
HEAVY RAIN                9     RAIN                      14
LIGHT RAIN               24     FREEZING RAIN              0
LT FREEZING RAIN          2     HAIL                       0
HEAVY SNOW                0     SNOW                       2
LIGHT SNOW               28     SLEET                      1
FOG                      51     FOG W/VIS <= 1/4 MILE      6
HAZE                     26

-  INDICATES NEGATIVE NUMBERS.
R  INDICATES RECORD WAS SET OR TIED.
MM INDICATES DATA IS MISSING.
T  INDICATES TRACE AMOUNT.

$$
